{"id":22180,"date":"2018-01-02T01:05:57","date_gmt":"2018-01-02T01:05:57","guid":{"rendered":"http:\/\/biblian.is\/videy\/onnur-makkabeabok-10-kafli\/"},"modified":"2018-01-02T01:05:57","modified_gmt":"2018-01-02T01:05:57","slug":"onnur-makkabeabok-10-kafli","status":"publish","type":"page","link":"https:\/\/biblian.is\/videy\/onnur-makkabeabok-10-kafli\/","title":{"rendered":"\u00d6nnur Makkabeab\u00f3k 10. kafli"},"content":{"rendered":"<div class=\"fyrirsognVidey\">Musteri\u00f0 er hreinsa\u00f0. J\u00fa\u00f0ar vinna Edom\u00edtaland og T\u00edm\u00f3teus.<\/div>\n<p><a name=\"1\"><span class=\"versanumer\">1<\/span><\/a>En Makkabeus og hans menn t\u00f3ku aftur musteri\u00f0 og borgina fyrir Gu\u00f0s fulltingi <span class='VideyAth'>a)<\/span>,<a name=\"2\"><span class=\"versanumer\">2<\/span><\/a>og rifu ni\u00f0ur \u00feau \u00f6lturu og go\u00f0ahof, sem \u00fatlendir h\u00f6f\u00f0u byggt \u00e1 torginu.<a name=\"3\"><span class=\"versanumer\">3<\/span><\/a>Og \u00feeir hreinsu\u00f0u musteri\u00f0, og reistu anna\u00f0 altari, og eldb\u00e1ru steinana og t\u00f3ku \u00far \u00feeim eld og f\u00f3rnf\u00e6r\u00f0u n\u00fa eftir li\u00f0in tv\u00f6 \u00e1r, og tilreiddu reykverk og lj\u00f3sastjaka og sko\u00f0unarbrau\u00f0.<a name=\"4\"><span class=\"versanumer\">4<\/span><\/a>A\u00f0 \u00feessu b\u00fanu, b\u00e1\u00f0u \u00feeir Drottin, og f\u00e9llu ni\u00f0ur \u00e1 s\u00ednar \u00e1sj\u00f3nur, a\u00f0 \u00feeir ei framar r\u00f6tu\u00f0u \u00ed sl\u00edka \u00f3g\u00e6fu, heldur, \u00fe\u00f3 \u00feeim jafnvel yr\u00f0i eitthva\u00f0 \u00e1, a\u00f0 \u00feeim samt yr\u00f0i refsa\u00f0 af honum me\u00f0 v\u00e6g\u00f0, en \u00feeir ei framseldir \u00ed hendur \u00feeim grimmu og gu\u00f0l\u00f6stunars\u00f6mu \u00fej\u00f3\u00f0um.<a name=\"5\"><span class=\"versanumer\">5<\/span><\/a>En \u00fea\u00f0 vildi svo til, a\u00f0 \u00feann sama dag <span class='VideyAth'>(\u00ed \u00e1rinu)<\/span> sem \u00fatlendir h\u00f6f\u00f0u vanhelga\u00f0 musteri\u00f0, ske\u00f0i \u00feessi hreinsun, \u00feann 25ta hins sama m\u00e1na\u00f0ar, sem a\u00f0 er kaselev.<br \/><a name=\"6\"><span class=\"versanumer\">6<\/span><\/a>Og \u00feeir h\u00e9ldu heilagt me\u00f0 f\u00f6gnu\u00f0i \u00ed 8ta daga eins og \u00e1 laufsk\u00e1lah\u00e1t\u00ed\u00f0inni, og minntust \u00feess, hv\u00f6rsu \u00feeir, fyrir skemmstu, \u00e1 laufsk\u00e1lah\u00e1t\u00ed\u00f0inni h\u00f6f\u00f0u b\u00fai\u00f0 \u00e1 fj\u00f6llum og \u00ed hellrum eins og villud\u00fdr.<a name=\"7\"><span class=\"versanumer\">7<\/span><\/a>\u00dev\u00ed b\u00e1ru \u00feeir v\u00ednvi\u00f0arstafi og fallegar greinir, og jafnvel p\u00e1lmavi\u00f0 og sungu lofs\u00e1lma \u00feeim, er haf\u00f0i l\u00e1ti\u00f0 \u00feeim heppnast a\u00f0 hreinsa sitt musteri.<a name=\"8\"><span class=\"versanumer\">8<\/span><\/a>Og \u00feeir einskor\u00f0u\u00f0u fyrir allt Gy\u00f0ingaf\u00f3lk, me\u00f0 almennilegri l\u00f6ggj\u00f6f og \u00e1lyktan, a\u00f0 halda skyldi \u00feessa daga helga \u00e1 hv\u00f6rju \u00e1ri.<a name=\"9\"><span class=\"versanumer\">9<\/span><\/a>Og \u00feessi voru \u00e6vilok Ant\u00edoks, sem auknefndur var Epifanes <span class='VideyAth'>(s\u00e1 g\u00f6fgi)<\/span>. <br \/><a name=\"10\"><span class=\"versanumer\">10<\/span><\/a>H\u00e9r eftir viljum v\u00e9r n\u00fa segja fr\u00e1 \u00fev\u00ed sem vi\u00f0bar undir r\u00edkisstj\u00f3rn Ant\u00edoks Evpators, sem var sonur hins gu\u00f0lausa, en f\u00f6rum ekki m\u00f6rgum or\u00f0um um str\u00ed\u00f0s \u00f3h\u00f6ppin.<a name=\"11\"><span class=\"versanumer\">11<\/span><\/a>\u00de\u00e1 hann haf\u00f0i sest a\u00f0 r\u00edkjum, setti hann Lys\u00edas nokkurn yfir r\u00edkisstj\u00f3rnar sakirnar og h\u00f6fu\u00f0smann \u00ed Ne\u00f0ra-S\u00fdrlandi og F\u00f6nik\u00edu.<a name=\"12\"><span class=\"versanumer\">12<\/span><\/a>\u00dev\u00ed T\u00f3l\u00f3meus, a\u00f0 auknafni Makr\u00f3n, stakk fyrstur manna upp \u00e1 \u00fev\u00ed, a\u00f0 s\u00fdna Gy\u00f0ingum sanns\u00fdni, af \u00fev\u00ed \u00feeir \u00e1\u00f0ur hef\u00f0u or\u00f0i\u00f0 fyrir \u00f3r\u00e9tti, og leita\u00f0ist vi\u00f0 a\u00f0 semja vi\u00f0 \u00fe\u00e1 fri\u00f0samlega;<a name=\"13\"><span class=\"versanumer\">13<\/span><\/a>\u00fe\u00e1 hann n\u00fa var fyrir \u00feetta r\u00e6g\u00f0ur vi\u00f0 Evpator af vinum hans, og allssta\u00f0ar landr\u00e1\u00f0ama\u00f0ur kalla\u00f0ur, af \u00fev\u00ed hann f\u00f3r fr\u00e1 Kypern, sem T\u00f3l\u00f3meus Fil\u00f3metor haf\u00f0i tr\u00faa\u00f0 honum fyrir, og gekk \u00e1 h\u00f6nd Ant\u00edokus Epifanes, og haf\u00f0i ekki g\u00f6fuglegt veldi, t\u00f3k hann \u00f3lyfjan inn \u00ed \u00f6rv\u00e6ntingu og gj\u00f6r\u00f0i enda \u00e1 s\u00ednu l\u00edfi. <br \/><a name=\"14\"><span class=\"versanumer\">14<\/span><\/a>En er Gorg\u00edas var or\u00f0in h\u00f6fu\u00f0sma\u00f0ur \u00feessara h\u00e9ra\u00f0a, haf\u00f0i hann \u00fatlendan her og l\u00e1 \u00ed s\u00edfelldum \u00f3fri\u00f0i vi\u00f0 Gy\u00f0inga.<a name=\"15\"><span class=\"versanumer\">15<\/span><\/a>\u00c1samt me\u00f0 honum \u00e1reittu Id\u00fameumenn, sem h\u00f6f\u00f0u kastala \u00e1 haganlegum st\u00f6\u00f0um, Gy\u00f0ingana, t\u00f3ku vi\u00f0 strokum\u00f6nnum \u00far Jer\u00fasalem, og r\u00e9\u00f0ust \u00ed herna\u00f0. <br \/><a name=\"16\"><span class=\"versanumer\">16<\/span><\/a>En Makkabeus og hans menn r\u00e9\u00f0ust \u00e1 v\u00edgi Id\u00fameumanna, eftir a\u00f0 \u00feeir h\u00f6f\u00f0u haldi\u00f0 b\u00e6nagj\u00f6r\u00f0, og be\u00f0i\u00f0 Gu\u00f0 um a\u00f0 vera me\u00f0 s\u00e9r \u00ed str\u00ed\u00f0inu.<a name=\"17\"><span class=\"versanumer\">17<\/span><\/a>\u00deeir r\u00e9\u00f0ust \u00e1 \u00feau karlmannlega og n\u00e1\u00f0u \u00feessum st\u00f6\u00f0um, og hefndust \u00e1 \u00f6llum sem b\u00f6r\u00f0ust \u00e1 m\u00farunum; \u00feeir dr\u00e1pu alla sem fyrir \u00feeim ur\u00f0u, og fyrirf\u00f3ru ekki f\u00e6rri en 20 \u00fe\u00fasundum.<a name=\"18\"><span class=\"versanumer\">18<\/span><\/a>En \u00fear e\u00f0 ekki f\u00e6rri en 9 \u00fe\u00fasundir manna h\u00f6f\u00f0u fl\u00fai\u00f0 \u00ed tvo, mj\u00f6g rambyggilega kastala, sem h\u00f6f\u00f0u n\u00e6gtir af \u00f6llu sem \u00feeir \u00feurfa a\u00f0 hafa, sem eru umsetnir:<a name=\"19\"><span class=\"versanumer\">19<\/span><\/a>L\u00e9t Makkabeus eftir ver\u00f0a hj\u00e1 \u00feeim S\u00edmon og J\u00f3sep, og l\u00edka Sakkeus og n\u00f3g af f\u00f3lki til ums\u00e1turs og f\u00f3r sj\u00e1lfur \u00feanga\u00f0 sem meiri var \u00fe\u00f6rfin.<a name=\"20\"><span class=\"versanumer\">20<\/span><\/a>En S\u00edmons menn l\u00e9tu sig af f\u00e9girnd undirstinga af nokkrum \u00feeim sem voru \u00ed kast\u00f6lunum, me\u00f0 peningum, \u00feeir t\u00f3ku vi\u00f0 70 \u00fe\u00fasund m\u00f6rkum og l\u00e9tu nokkra sleppa \u00fat.<a name=\"21\"><span class=\"versanumer\">21<\/span><\/a>\u00deegar Makkabeus f\u00e9kk a\u00f0 vita \u00fea\u00f0 sem gj\u00f6rst haf\u00f0i, samansafna\u00f0i hann fyrirli\u00f0um f\u00f3lksins, og \u00e1k\u00e6r\u00f0i \u00fe\u00e1 fyrir, a\u00f0 \u00feeir hef\u00f0u selt br\u00e6\u00f0ur s\u00edna fyrir peninga, og l\u00e1ti\u00f0 \u00f3vinina lausa \u00feeim til ska\u00f0a.<a name=\"22\"><span class=\"versanumer\">22<\/span><\/a>Hann l\u00e9t n\u00fa afl\u00edfa \u00fe\u00e1 sem or\u00f0nir voru landr\u00e1\u00f0amenn, og vann skj\u00f3tt b\u00e1\u00f0a kastalana.<a name=\"23\"><span class=\"versanumer\">23<\/span><\/a>Og \u00fear e\u00f0 hann me\u00f0 vopn \u00ed h\u00f6ndum allssta\u00f0ar var\u00f0 heppinn, deyddi hann \u00ed b\u00e1\u00f0um kast\u00f6lunum meir en 20 \u00fe\u00fasundir manns. <br \/><a name=\"24\"><span class=\"versanumer\">24<\/span><\/a>En T\u00edm\u00f3teus, sem \u00e1\u00f0ur haf\u00f0i haft \u00f3sigur fyrir Gy\u00f0ingum, safna\u00f0i miklum fj\u00f6lda hermanna, dr\u00f3 a\u00f0 s\u00e9r ekki f\u00e1tt riddarali\u00f0 \u00ed As\u00edu, og kom til a\u00f0 vinna J\u00fadaland me\u00f0 vopnum.<a name=\"25\"><span class=\"versanumer\">25<\/span><\/a>En Makkabeus og hans menn snerust, \u00fe\u00e1 hann n\u00e1lga\u00f0ist \u00fe\u00e1, me\u00f0 b\u00e6n til Gu\u00f0s; og \u00ed \u00fev\u00ed \u00feeir k\u00f6stu\u00f0u mold yfir h\u00f6fu\u00f0 s\u00e9r og girtust sekk um lendarnar,<a name=\"26\"><span class=\"versanumer\">26<\/span><\/a>og f\u00e9llu ni\u00f0ur vi\u00f0 altarisf\u00f3tinn, b\u00e1\u00f0u \u00feeir a\u00f0 hann v\u00e6ri s\u00e9r n\u00e1\u00f0ugur, a\u00f0 hann vildi vera \u00f3vinur \u00feeirra \u00f3vina, og veita m\u00f3tst\u00f6\u00f0u \u00feeirra m\u00f3tst\u00f6\u00f0um\u00f6nnum, eins og l\u00f6gm\u00e1li\u00f0 heitir.<a name=\"27\"><span class=\"versanumer\">27<\/span><\/a>Og sem \u00feeir h\u00f6f\u00f0u gj\u00f6rt \u00feessa b\u00e6n, gripu \u00feeir til vopna og f\u00f3ru langa lei\u00f0 burt \u00far borginni: og er \u00feeir voru komnir \u00ed n\u00e1nd vi\u00f0 \u00f3vinina, st\u00f6\u00f0vu\u00f0u \u00feeir herinn.<a name=\"28\"><span class=\"versanumer\">28<\/span><\/a>Einmitt \u00fe\u00e1 s\u00f3l rann upp, sl\u00f3st \u00ed bardaga me\u00f0 \u00feeim; a\u00f0rir h\u00f6f\u00f0u pant fyrir g\u00e6fudegi og sigri me\u00f0 hreystinni, trausti\u00f0 \u00e1 Gu\u00f0i, en hinir l\u00e9tu ge\u00f0i\u00f0 vera sinn lei\u00f0toga \u00ed bardaganum.<br \/><a name=\"29\"><span class=\"versanumer\">29<\/span><\/a>\u00deegar orrustan var n\u00fa sem \u00e1k\u00f6fust, birtust \u00f3vinunum af himni gullbeislu\u00f0um hestum fimm veglegir menn; tveir af \u00feeim f\u00f3ru fyrir Gy\u00f0ingum,<a name=\"30\"><span class=\"versanumer\">30<\/span><\/a>og t\u00f3ku Makkabeus milli s\u00edn og hl\u00edf\u00f0u honum me\u00f0 s\u00ednum verjum, svo ekki var\u00f0 s\u00e1ri \u00e1 hann komi\u00f0, en skutu \u00e1 \u00f3vinina og slengdu eldingum: af hv\u00f6rju \u00feeir misstu s\u00fdn og ri\u00f0lu\u00f0ust og hrukku fyrir, fullir skelfingar.<a name=\"31\"><span class=\"versanumer\">31<\/span><\/a>En \u00fear f\u00e9llu 25 \u00fe\u00fasundir f\u00f3tg\u00f6nguli\u00f0s og sex hundru\u00f0 af riddarali\u00f0i:<a name=\"32\"><span class=\"versanumer\">32<\/span><\/a>T\u00edm\u00f3teus sj\u00e1lfur fl\u00fd\u00f0i \u00ed borgina Gasara, sem var vel varin, hvar Kereas sj\u00e1lfur var h\u00f6fu\u00f0sma\u00f0ur.<br \/><a name=\"33\"><span class=\"versanumer\">33<\/span><\/a>En Makkabeus og hans menn ums\u00e1tu karlmannlega borgina \u00ed fj\u00f3ra daga.<a name=\"34\"><span class=\"versanumer\">34<\/span><\/a>\u00deeir umsetnu, sem reiddu sig \u00e1 sta\u00f0arins v\u00edgi, l\u00e9tu dynja lastyr\u00f0i og \u00f3s\u00e6mileg or\u00f0.<a name=\"35\"><span class=\"versanumer\">35<\/span><\/a>En er s\u00e1 fimmti dagur rann upp, r\u00e9\u00f0ust 20 ungir menn \u00far li\u00f0i Makkabeus \u00e1 m\u00farvegginn, upptendra\u00f0ir af rei\u00f0i sakir lastyr\u00f0anna, og l\u00f6g\u00f0u a\u00f0 velli karlmannlega og me\u00f0 grimmdarge\u00f0i hv\u00f6rn sem fyrir \u00feeim var\u00f0.<a name=\"36\"><span class=\"versanumer\">36<\/span><\/a>En hinir a\u00f0rir f\u00f3ru l\u00edka \u00e1 \u00f6\u00f0rum sta\u00f0 m\u00f3ti \u00feeim umsetnu, kveiktu \u00ed turnunum og brenndu lastm\u00e6lendurnar lifandi \u00e1 upphl\u00f6\u00f0num vi\u00f0arbu\u00f0lungum, a\u00f0rir rifu ni\u00f0ur borgarhli\u00f0in, og l\u00e9tu hinn herinn komast inn, og unnu sta\u00f0inn.<a name=\"37\"><span class=\"versanumer\">37<\/span><\/a>T\u00edm\u00f3teus, sem haf\u00f0i fali\u00f0 sig \u00ed gryfju, dr\u00e1pu \u00feeir, og br\u00f3\u00f0ur hans Kereas l\u00edka, s\u00f6mulei\u00f0is Appollofanes,<a name=\"38\"><span class=\"versanumer\">38<\/span><\/a>og eftir \u00feennan starfa vegs\u00f6mu\u00f0u \u00feeir Drottin, sem haf\u00f0i au\u00f0s\u00fdnt \u00cdsrael svo mikla velgj\u00f6r\u00f0, a\u00f0 veita \u00feeim sigur, me\u00f0 lofgj\u00f6r\u00f0ar og \u00feakkl\u00e6tis s\u00e1lmum.<\/p>\n<div class=\"footnoteVidey\">V. 1. a. Eiginl: \u00fev\u00ed Gu\u00f0 var \u00feeirra fyrirli\u00f0i.<\/div>\n","protected":false},"excerpt":{"rendered":"<p>Musteri\u00f0 er hreinsa\u00f0. J\u00fa\u00f0ar vinna Edom\u00edtaland og T\u00edm\u00f3teus. 1En Makkabeus og hans menn t\u00f3ku aftur musteri\u00f0 og borgina fyrir Gu\u00f0s fulltingi a),2og rifu ni\u00f0ur \u00feau \u00f6lturu og go\u00f0ahof, sem \u00fatlendir h\u00f6f\u00f0u byggt \u00e1 torginu.3Og \u00feeir hreinsu\u00f0u musteri\u00f0, og reistu anna\u00f0 altari, og eldb\u00e1ru steinana og t\u00f3ku \u00far \u00feeim eld og f\u00f3rnf\u00e6r\u00f0u n\u00fa eftir li\u00f0in tv\u00f6 \u00e1r, og tilreiddu reykverk og lj\u00f3sastjaka og sko\u00f0unarbrau\u00f0.4A\u00f0 \u00feessu b\u00fanu, b\u00e1\u00f0u \u00feeir Drottin, og f\u00e9llu ni\u00f0ur \u00e1 s\u00ednar \u00e1sj\u00f3nur, a\u00f0 \u00feeir ei framar r\u00f6tu\u00f0u \u00ed sl\u00edka \u00f3g\u00e6fu, heldur, \u00fe\u00f3 \u00feeim jafnvel yr\u00f0i eitthva\u00f0 \u00e1, a\u00f0 \u00feeim samt yr\u00f0i refsa\u00f0 af honum me\u00f0 v\u00e6g\u00f0, en \u00feeir <a href=\"https:\/\/biblian.is\/videy\/onnur-makkabeabok-10-kafli\/\"> [&#8230;]<\/a><\/p>\n","protected":false},"author":1,"featured_media":0,"parent":0,"menu_order":0,"comment_status":"open","ping_status":"open","template":"bibliukaflar.php","meta":{"footnotes":""},"class_list":["post-22180","page","type-page","status-publish","hentry"],"_links":{"self":[{"href":"https:\/\/biblian.is\/videy\/wp-json\/wp\/v2\/pages\/22180","targetHints":{"allow":["GET"]}}],"collection":[{"href":"https:\/\/biblian.is\/videy\/wp-json\/wp\/v2\/pages"}],"about":[{"href":"https:\/\/biblian.is\/videy\/wp-json\/wp\/v2\/types\/page"}],"author":[{"embeddable":true,"href":"https:\/\/biblian.is\/videy\/wp-json\/wp\/v2\/users\/1"}],"replies":[{"embeddable":true,"href":"https:\/\/biblian.is\/videy\/wp-json\/wp\/v2\/comments?post=22180"}],"version-history":[{"count":0,"href":"https:\/\/biblian.is\/videy\/wp-json\/wp\/v2\/pages\/22180\/revisions"}],"wp:attachment":[{"href":"https:\/\/biblian.is\/videy\/wp-json\/wp\/v2\/media?parent=22180"}],"curies":[{"name":"wp","href":"https:\/\/api.w.org\/{rel}","templated":true}]}}