{"id":22173,"date":"2018-01-02T01:05:57","date_gmt":"2018-01-02T01:05:57","guid":{"rendered":"http:\/\/biblian.is\/videy\/onnur-makkabeabok-3-kafli\/"},"modified":"2018-01-02T01:05:57","modified_gmt":"2018-01-02T01:05:57","slug":"onnur-makkabeabok-3-kafli","status":"publish","type":"page","link":"https:\/\/biblian.is\/videy\/onnur-makkabeabok-3-kafli\/","title":{"rendered":"\u00d6nnur Makkabeab\u00f3k 3. kafli"},"content":{"rendered":"<div class=\"fyrirsognVidey\">Tilraun gj\u00f6r\u00f0 a\u00f0 r\u00e6na musteri\u00f0.<\/div>\n<p><a name=\"1\"><span class=\"versanumer\">1<\/span><\/a>\u00de\u00e1 menn bjuggu \u00ed \u00feeirri heil\u00f6gu borg \u00ed \u00f6llum fri\u00f0i, og l\u00f6gm\u00e1li\u00f0 var vandlega haldi\u00f0, sakir gu\u00f0r\u00e6kni og r\u00e9ttv\u00edsi <span class='VideyAth'>(eiginl: vonskuhaturs)<\/span> h\u00f6fu\u00f0prestsins On\u00eda,<a name=\"2\"><span class=\"versanumer\">2<\/span><\/a>ske\u00f0i \u00fea\u00f0, a\u00f0 sj\u00e1lfir konungarnir hei\u00f0ru\u00f0u \u00feennan sta\u00f0, og gj\u00f6r\u00f0u musterinu s\u00f3ma me\u00f0 bestu g\u00e1fum,<a name=\"3\"><span class=\"versanumer\">3<\/span><\/a>svo a\u00f0 jafnvel Selevkus, k\u00f3ngur \u00ed As\u00edu, gaf af eigin tekjum allan kostna\u00f0 sem \u00feurfti til f\u00f3rnf\u00e6ringanna.<a name=\"4\"><span class=\"versanumer\">4<\/span><\/a>En S\u00edmon nokkur af Benjam\u00edns \u00e6ttkv\u00edsl, s\u00e1 tilsetti forst\u00f6\u00f0uma\u00f0ur musterisins, var\u00f0 sundur\u00feykkur vi\u00f0 h\u00f6fu\u00f0prestinn, \u00fat af \u00fev\u00ed rangl\u00e6ti sem vi\u00f0gekkst \u00ed sta\u00f0num.<a name=\"5\"><span class=\"versanumer\">5<\/span><\/a>En sem hann gat ei fengi\u00f0 yfirh\u00f6nd yfir On\u00eda, f\u00f3r hann til Apollon\u00edus Trasevisonar, sem var um sama leyti h\u00f6fu\u00f0sma\u00f0ur \u00ed Ne\u00f0ra-S\u00fdrlandi og F\u00f6nik\u00edu,<a name=\"6\"><span class=\"versanumer\">6<\/span><\/a>og l\u00e9t hann vita a\u00f0 f\u00e9hirslan \u00ed Jer\u00fasalem hef\u00f0i \u00f3segjanlegan au\u00f0 a\u00f0 geyma, svo a\u00f0 peningarnir v\u00e6ru \u00f3teljandi og \u00feyrfti ei <span class='VideyAth'>(svo miki\u00f0)<\/span> til f\u00f3rnakostna\u00f0arins, en \u00fea\u00f0 s\u00e9 m\u00f6gulegt a\u00f0 allt \u00fev\u00edl\u00edkt komist \u00ed k\u00f3ngs vald.<a name=\"7\"><span class=\"versanumer\">7<\/span><\/a>En Apollon\u00edus l\u00e6tur konung vita, \u00fe\u00e1 hann hittir hann, af \u00feeim peningum, sem honum haf\u00f0i veri\u00f0 sagt fr\u00e1; en hann valdi Hel\u00edod\u00f3rus sem var rentumeistari og sendi hann me\u00f0 br\u00e9f til a\u00f0 s\u00e6kja \u00fe\u00e1 nefndu peninga.<a name=\"8\"><span class=\"versanumer\">8<\/span><\/a>Og Hel\u00edod\u00f3rus f\u00f3r strax \u00feessa fer\u00f0, og bar fyrir, a\u00f0 hann vildi fer\u00f0ast um sta\u00f0ina \u00ed Ne\u00f0ra-S\u00fdrlandi og F\u00f6nik\u00edu, en raunar f\u00f3r hann til a\u00f0 leysa af hendi k\u00f3ngs erindi\u00f0.<br \/><a name=\"9\"><span class=\"versanumer\">9<\/span><\/a>En sem hann var kominn til Jer\u00fasalem, og vinsamlega haf\u00f0i veri\u00f0 honum teki\u00f0 af h\u00f6fu\u00f0presti sta\u00f0arins, l\u00e9t hann \u00ed lj\u00f3si \u00feann gj\u00f6r\u00f0a upplj\u00f3stur og sag\u00f0i erindi sitt, og spur\u00f0i hv\u00f6rt satt v\u00e6ri afsagt.<a name=\"10\"><span class=\"versanumer\">10<\/span><\/a>En h\u00f6fu\u00f0presturinn l\u00e9t hann vita, a\u00f0 \u00feetta v\u00e6ri geymsluf\u00e9, ekkjum og muna\u00f0arlausum <span class='VideyAth'>(tilheyrandi)<\/span>,<a name=\"11\"><span class=\"versanumer\">11<\/span><\/a>a\u00f0 nokku\u00f0 \u00e6tti l\u00edka Hyrkanus Tob\u00edason, mj\u00f6g merkilegur ma\u00f0ur, og ekki v\u00e6ri svo, sem s\u00e1 gu\u00f0lausi S\u00edmon hef\u00f0i fr\u00e1 sagt, og \u00fea\u00f0 heila s\u00e9 4 hundru\u00f0 v\u00e6ttir <span class='VideyAth'>(sentner)<\/span> silfurs og 2 hundru\u00f0 v\u00e6ttir gulls;<a name=\"12\"><span class=\"versanumer\">12<\/span><\/a>en \u00fea\u00f0 s\u00e9 \u00f3gj\u00f6rningur a\u00f0 \u00feeir ver\u00f0i r\u00e6ndir s\u00ednu, sem tr\u00faa\u00f0 hafi fyrir \u00fev\u00ed heilagleika sta\u00f0arins og \u00e6ruver\u00f0ugleika og fri\u00f0helgi, \u00feess, \u00ed \u00f6llum heimi hei\u00f0ra\u00f0a, musteris.<a name=\"13\"><span class=\"versanumer\">13<\/span><\/a>En Hel\u00edod\u00f3rus sag\u00f0i, a\u00f0 s\u00f6kum \u00feess konunglega bo\u00f0or\u00f0s sem hann haf\u00f0i, hlytu \u00feessir peningar a\u00f0 komast \u00ed konungs fj\u00e1rhirslu.<a name=\"14\"><span class=\"versanumer\">14<\/span><\/a>Hann tilt\u00f3k n\u00fa dag og gekk inn til a\u00f0 sko\u00f0a \u00feetta f\u00e9 og r\u00e1\u00f0stafa \u00fev\u00ed. En mikil skelfing var yfir allri borginni.<a name=\"15\"><span class=\"versanumer\">15<\/span><\/a>Og prestarnir k\u00f6stu\u00f0u s\u00e9r \u00ed s\u00ednum skr\u00fa\u00f0a ni\u00f0ur fyrir altari\u00f0, og k\u00f6llu\u00f0u til himins \u00e1 \u00feann, sem gefi\u00f0 hef\u00f0i l\u00f6gin um geymsluf\u00e9, a\u00f0 hann skyldi var\u00f0veita \u00feeim \u00f3skadda\u00f0, \u00fea\u00f0 sem \u00feeir hef\u00f0u h\u00e9r lagt til geymslu.<a name=\"16\"><span class=\"versanumer\">16<\/span><\/a>En hv\u00f6r sem horf\u00f0i \u00e1 svip h\u00f6fu\u00f0prestsins, skarst \u00ed hjarta: \u00fev\u00ed hans \u00fatlit og umbreytti andlitslitur gaf til kynna angist s\u00e1larinnar;<a name=\"17\"><span class=\"versanumer\">17<\/span><\/a>\u00fev\u00ed yfir manninn var komin hr\u00e6\u00f0sla og skelfing, hvar af \u00feeim, sem hann s\u00e1u, var bers\u00fdnileg, s\u00fa raun, er hans hjarta \u00feoldi.<a name=\"18\"><span class=\"versanumer\">18<\/span><\/a>En f\u00f3lki\u00f0 st\u00f6kk \u00fat \u00far h\u00fasunum h\u00f3pum saman til almennilegrar b\u00e6nagj\u00f6r\u00f0ar, \u00fear e\u00f0 <span class='VideyAth'>(vi\u00f0 var b\u00faist a\u00f0)<\/span> musteri\u00f0 mundi komast \u00ed fyrirlitningu.<a name=\"19\"><span class=\"versanumer\">19<\/span><\/a>Vaf\u00f0ar sekk um brj\u00f3stin fylltu konurnar str\u00e6tin, og \u00fe\u00e6r inniloku\u00f0u meyjar hlupu sumar til borgarhli\u00f0anna, og sumar upp \u00e1 m\u00farinn, og nokkrar litu \u00fat um gluggana,<a name=\"20\"><span class=\"versanumer\">20<\/span><\/a>og allar r\u00e9ttu hendur til himins og b\u00e1\u00f0ust fyrir.<a name=\"21\"><span class=\"versanumer\">21<\/span><\/a>\u00dea\u00f0 var aumkvunarlegt a\u00f0 sj\u00e1 f\u00f3lk framfalli\u00f0 hv\u00f6rn hj\u00e1 \u00f6\u00f0rum, og eftirbi\u00f0 h\u00f6fu\u00f0prestsins, sem haf\u00f0i miki\u00f0 a\u00f0 bera.<a name=\"22\"><span class=\"versanumer\">22<\/span><\/a>\u00deeir \u00e1k\u00f6llu\u00f0u n\u00fa \u00feann Alm\u00e1ttuga Gu\u00f0 a\u00f0 hann var\u00f0veita vildi \u00f3skadda\u00f0 og \u00f3hult, \u00feeim sem tr\u00faa\u00f0 h\u00f6f\u00f0u fyrir <span class='VideyAth'>(s\u00ednu)<\/span>, \u00fea\u00f0 er \u00feeir h\u00f6f\u00f0u tr\u00faa\u00f0 fyrir.<a name=\"23\"><span class=\"versanumer\">23<\/span><\/a>En Hel\u00edod\u00f3rus framkv\u00e6mdi sinn \u00e1setning.<a name=\"24\"><span class=\"versanumer\">24<\/span><\/a>Samt n\u00fa \u00feegar er hann st\u00f3\u00f0 \u00fear vi\u00f0 fj\u00e1rhirsluna me\u00f0 s\u00ednum l\u00edfv\u00f6kturum, sendi Drottinn fe\u00f0ranna, yfirherra alls veldis, mikla opinberan, svo a\u00f0 allir sem dirfst h\u00f6f\u00f0u a\u00f0 samansafnast \u00fear, \u00f3ttu\u00f0ust Gu\u00f0s m\u00e1tt, og skelku\u00f0ust og misstu hug.<a name=\"25\"><span class=\"versanumer\">25<\/span><\/a>\u00dev\u00ed \u00feeim birtist hestur me\u00f0 \u00f3ttalegum riddara, pr\u00fdddur fegurstu rei\u00f0tygjum, sem me\u00f0 \u00e1kef\u00f0 ruddist fram, og sl\u00f3 Hel\u00edod\u00f3rus me\u00f0 framh\u00f3funum. En riddarinn s\u00e1st \u00ed gullbrynju.<a name=\"26\"><span class=\"versanumer\">26<\/span><\/a>Og enn birtust honum tveir a\u00f0rir ungir menn, afbrag\u00f0ssterkir, mj\u00f6g fr\u00ed\u00f0ir og \u00e1g\u00e6tlega b\u00fanir: \u00feeir gengu a\u00f0 til beggja hli\u00f0a og b\u00f6r\u00f0u hann \u00f3afl\u00e1tanlega og g\u00e1fu honum m\u00f6rg h\u00f6gg.<a name=\"27\"><span class=\"versanumer\">27<\/span><\/a>En hann f\u00e9ll sn\u00f6gglega til jar\u00f0ar, innvafinn \u00ed miki\u00f0 myrkur, og \u00feeir hrifu hann burt, og l\u00f6g\u00f0u hann \u00e1 b\u00f6rur,<a name=\"28\"><span class=\"versanumer\">28<\/span><\/a>og b\u00e1ru burt, \u00feann sem r\u00e9tt \u00e1\u00f0ur me\u00f0 mikilli fylgd og \u00f6llum s\u00ednum hir\u00f0m\u00f6nnum var inngenginn \u00ed \u00fe\u00e1 \u00e1\u00f0ur nefndu fj\u00e1rhirslu, \u00ed \u00fev\u00ed \u00e1standi, a\u00f0 hann gat ei bjarga\u00f0 sj\u00e1lfum s\u00e9r, og k\u00f6nnu\u00f0ust berlega vi\u00f0 Gu\u00f0s veldi.<a name=\"29\"><span class=\"versanumer\">29<\/span><\/a>Og hann l\u00e1 \u00fear m\u00e1llaus fyrir gu\u00f0lega framkv\u00e6md, sviptur allri von og hj\u00e1lp;<a name=\"30\"><span class=\"versanumer\">30<\/span><\/a>og \u00fea\u00f0 sk\u00f6mmu \u00e1\u00f0ur me\u00f0 \u00f3tta og skelfingu fyllta musteri, uppfylltist n\u00fa fyrir opinberan \u00feess alvalda Drottins, f\u00f6gnu\u00f0i og gla\u00f0v\u00e6r\u00f0.<br \/><a name=\"31\"><span class=\"versanumer\">31<\/span><\/a>En nokkrir af vinum Hel\u00edod\u00f3rs beiddu skj\u00f3tlega On\u00edas a\u00f0 \u00e1kalla hinn \u00e6\u00f0sta og gefa l\u00edf \u00feeim sem algj\u00f6rlega v\u00e6ri kominn \u00ed andarslitrin.<a name=\"32\"><span class=\"versanumer\">32<\/span><\/a>\u00dear e\u00f0 n\u00fa h\u00f6fu\u00f0presturinn hugsa\u00f0i, a\u00f0 k\u00f3ngur mundi f\u00e1 grun um, a\u00f0 J\u00fa\u00f0ar hef\u00f0u beitt br\u00f6g\u00f0um vi\u00f0 Hel\u00edod\u00f3rus, svo frambar hann f\u00f3rn fyrir mannsins afturbata.<a name=\"33\"><span class=\"versanumer\">33<\/span><\/a>Og sem h\u00f6fu\u00f0presturinn frambar forl\u00edkunarf\u00f3rnina, birtust enir s\u00f6mu ungu menn Hel\u00edod\u00f3rus, \u00ed s\u00f6mu kl\u00e6\u00f0um, gengu a\u00f0 og m\u00e6ltu: \u00fe\u00fa \u00e1tt miklar \u00feakkir a\u00f0 segja h\u00f6fu\u00f0prestinum On\u00edas, \u00fev\u00ed, sakir hans hefir Drottinn gefi\u00f0 \u00fe\u00e9r l\u00edfi\u00f0.<a name=\"34\"><span class=\"versanumer\">34<\/span><\/a>En fyrst a\u00f0 \u00fe\u00fa ert af honum hirtur, \u00fe\u00e1 kunngj\u00f6r \u00fe\u00fa \u00f6llum Gu\u00f0s mikla veldi. Og a\u00f0 svo m\u00e6ltu hvurfu \u00feeir. <br \/><a name=\"35\"><span class=\"versanumer\">35<\/span><\/a>En eftir a\u00f0 Hel\u00edod\u00f3rus haf\u00f0i f\u00e6rt Drottni f\u00f3rn, og gj\u00f6rt \u00feeim miki\u00f0 heit, sem haf\u00f0i bjarga\u00f0 hans l\u00edfi, og kvatt On\u00edas vinsamlega, f\u00f3r hann aftur til konungs.<a name=\"36\"><span class=\"versanumer\">36<\/span><\/a>Og hann sag\u00f0i hv\u00f6rjum manni fr\u00e1 \u00fev\u00ed mikla verki Gu\u00f0s, er hann haf\u00f0i s\u00e9\u00f0 me\u00f0 augunum.<a name=\"37\"><span class=\"versanumer\">37<\/span><\/a>En \u00fe\u00e1 konungur spur\u00f0i Hel\u00edod\u00f3rus, hv\u00f6r h\u00e6filegur kynni vera til a\u00f0 sendast til Jer\u00fasalem, m\u00e6lti hann:<a name=\"38\"><span class=\"versanumer\">38<\/span><\/a>Hafir \u00fe\u00fa \u00f3vin e\u00f0a m\u00f3tst\u00f6\u00f0umann \u00feinnar r\u00edkisstj\u00f3rnar, svo send \u00fe\u00fa hann \u00feanga\u00f0, og \u00fe\u00fa munt f\u00e1 hann h\u00fdddan aftur, f\u00e1 hann annarskostar a\u00f0 halda l\u00edfi, \u00fear e\u00f0 Gu\u00f0s veldi er sannarlega framkv\u00e6mdarsamt \u00e1 \u00feeim sta\u00f0.<a name=\"39\"><span class=\"versanumer\">39<\/span><\/a>\u00dev\u00ed s\u00e1 sj\u00e1lfur, sem hefir himneskan b\u00fasta\u00f0, vaktar og verndar \u00feennan sta\u00f0, og hann dey\u00f0ir me\u00f0 h\u00f6ggum \u00fe\u00e1 sem \u00feanga\u00f0 koma til a\u00f0 vinna tj\u00f3n.<a name=\"40\"><span class=\"versanumer\">40<\/span><\/a>Svona f\u00f3r \u00fea\u00f0, vi\u00f0v\u00edkjandi Hel\u00edod\u00f3rus og var\u00f0veislu fj\u00e1rhirslunnar.<\/p>\n<div class=\"footnoteVidey\"><\/div>\n","protected":false},"excerpt":{"rendered":"<p>Tilraun gj\u00f6r\u00f0 a\u00f0 r\u00e6na musteri\u00f0. 1\u00de\u00e1 menn bjuggu \u00ed \u00feeirri heil\u00f6gu borg \u00ed \u00f6llum fri\u00f0i, og l\u00f6gm\u00e1li\u00f0 var vandlega haldi\u00f0, sakir gu\u00f0r\u00e6kni og r\u00e9ttv\u00edsi (eiginl: vonskuhaturs) h\u00f6fu\u00f0prestsins On\u00eda,2ske\u00f0i \u00fea\u00f0, a\u00f0 sj\u00e1lfir konungarnir hei\u00f0ru\u00f0u \u00feennan sta\u00f0, og gj\u00f6r\u00f0u musterinu s\u00f3ma me\u00f0 bestu g\u00e1fum,3svo a\u00f0 jafnvel Selevkus, k\u00f3ngur \u00ed As\u00edu, gaf af eigin tekjum allan kostna\u00f0 sem \u00feurfti til f\u00f3rnf\u00e6ringanna.4En S\u00edmon nokkur af Benjam\u00edns \u00e6ttkv\u00edsl, s\u00e1 tilsetti forst\u00f6\u00f0uma\u00f0ur musterisins, var\u00f0 sundur\u00feykkur vi\u00f0 h\u00f6fu\u00f0prestinn, \u00fat af \u00fev\u00ed rangl\u00e6ti sem vi\u00f0gekkst \u00ed sta\u00f0num.5En sem hann gat ei fengi\u00f0 yfirh\u00f6nd yfir On\u00eda, f\u00f3r hann til Apollon\u00edus Trasevisonar, sem var um sama leyti h\u00f6fu\u00f0sma\u00f0ur \u00ed Ne\u00f0ra-S\u00fdrlandi <a href=\"https:\/\/biblian.is\/videy\/onnur-makkabeabok-3-kafli\/\"> [&#8230;]<\/a><\/p>\n","protected":false},"author":1,"featured_media":0,"parent":0,"menu_order":0,"comment_status":"open","ping_status":"open","template":"bibliukaflar.php","meta":{"footnotes":""},"class_list":["post-22173","page","type-page","status-publish","hentry"],"_links":{"self":[{"href":"https:\/\/biblian.is\/videy\/wp-json\/wp\/v2\/pages\/22173","targetHints":{"allow":["GET"]}}],"collection":[{"href":"https:\/\/biblian.is\/videy\/wp-json\/wp\/v2\/pages"}],"about":[{"href":"https:\/\/biblian.is\/videy\/wp-json\/wp\/v2\/types\/page"}],"author":[{"embeddable":true,"href":"https:\/\/biblian.is\/videy\/wp-json\/wp\/v2\/users\/1"}],"replies":[{"embeddable":true,"href":"https:\/\/biblian.is\/videy\/wp-json\/wp\/v2\/comments?post=22173"}],"version-history":[{"count":0,"href":"https:\/\/biblian.is\/videy\/wp-json\/wp\/v2\/pages\/22173\/revisions"}],"wp:attachment":[{"href":"https:\/\/biblian.is\/videy\/wp-json\/wp\/v2\/media?parent=22173"}],"curies":[{"name":"wp","href":"https:\/\/api.w.org\/{rel}","templated":true}]}}