{"id":22139,"date":"2018-01-02T01:05:46","date_gmt":"2018-01-02T01:05:46","guid":{"rendered":"http:\/\/biblian.is\/videy\/siraksbok-45-kafli\/"},"modified":"2018-01-02T01:05:46","modified_gmt":"2018-01-02T01:05:46","slug":"siraksbok-45-kafli","status":"publish","type":"page","link":"https:\/\/biblian.is\/videy\/siraksbok-45-kafli\/","title":{"rendered":"S\u00edraksb\u00f3k 45. kafli"},"content":{"rendered":"<div class=\"fyrirsognVidey\">Sama efni.<\/div>\n<p><a name=\"1\"><span class=\"versanumer\">1<\/span><\/a>sem elska\u00f0ur var af Gu\u00f0i og m\u00f6nnum, M\u00f3ses, hv\u00f6rs endurminning <span class='VideyAth'>(er)<\/span> \u00ed blessan.<a name=\"2\"><span class=\"versanumer\">2<\/span><\/a>Hann gj\u00f6r\u00f0i hann l\u00edkan d\u00fdr\u00f0 enna heil\u00f6gu, og gj\u00f6r\u00f0i hann mikinn til skelfingar \u00f3vinunum.<a name=\"3\"><span class=\"versanumer\">3<\/span><\/a>Fyrir hans or\u00f0 l\u00e9t hann t\u00e1knunum linna, gj\u00f6r\u00f0i hann vegsamlegan fyrir k\u00f3ngunum, gaf honum skipanir til s\u00edns f\u00f3lks, og l\u00e9t hann sj\u00e1 nokku\u00f0 af sinni d\u00fdr\u00f0.<a name=\"4\"><span class=\"versanumer\">4<\/span><\/a>Vegna hans tr\u00famennsku og h\u00f3gv\u00e6r\u00f0ar v\u00edg\u00f0i <span class='VideyAth'>(kaus)<\/span> hann hann, \u00fatvaldi hann af \u00f6llu holdi.<a name=\"5\"><span class=\"versanumer\">5<\/span><\/a>Hann l\u00e9t hann heyra s\u00edna raust, og leiddi hann inn \u00ed sk\u00fdi\u00f0,<a name=\"6\"><span class=\"versanumer\">6<\/span><\/a>og gaf honum bo\u00f0or\u00f0in frammi fyrir s\u00e9r, l\u00f6gm\u00e1l l\u00edfsins og spekinnar, a\u00f0 hann skyldi kenna Jakob sinn s\u00e1ttm\u00e1la og \u00cdsrael s\u00edn r\u00e9ttindi.<br \/><a name=\"7\"><span class=\"versanumer\">7<\/span><\/a>Aron br\u00f3\u00f0ur hans, af Lev\u00ed \u00e6ttkv\u00edsl, h\u00f3f hann sem heilagan jafnt honum.<a name=\"8\"><span class=\"versanumer\">8<\/span><\/a>Hann gj\u00f6r\u00f0i vi\u00f0 hann eil\u00edfan s\u00e1ttm\u00e1la, og gaf honum f\u00f3lksins klerkd\u00f3m.<a name=\"9\"><span class=\"versanumer\">9<\/span><\/a>Hann gj\u00f6r\u00f0i hann s\u00e6lan me\u00f0 f\u00f6gru skarti og girti a\u00f0 honum d\u00fdr\u00f0arinnar kyrtil.<a name=\"10\"><span class=\"versanumer\">10<\/span><\/a>Hann kl\u00e6ddi hann \u00e6\u00f0stu vi\u00f0h\u00f6fn og bj\u00f3 hann d\u00fdrum b\u00faningi, hosum <span class='VideyAth'>(br\u00f3kum)<\/span>, s\u00ed\u00f0kyrtli og h\u00f6kli.<a name=\"11\"><span class=\"versanumer\">11<\/span><\/a>Og hann girti hann me\u00f0 granateplum \u00far gulli og m\u00f6rgum bj\u00f6llum allt um kring, svo \u00fe\u00e6r g\u00e6fu fr\u00e1 s\u00e9r hlj\u00f3m, er hann gekk, til \u00feess a\u00f0 hlj\u00f3\u00f0i\u00f0 heyr\u00f0ist \u00ed musterinu, til endurminningar fyrir sonu hans f\u00f3lks.<a name=\"12\"><span class=\"versanumer\">12<\/span><\/a>Me\u00f0 \u00feeim helga kyrtli, gulli, bl\u00e1um og rau\u00f0um purpura, \u00fatofnu verki, or\u00f0i d\u00f3msins, merkjum sannleiksins,<a name=\"13\"><span class=\"versanumer\">13<\/span><\/a>glitofnu skarlati, me\u00f0 snilldarverklagi, d\u00fdrum steinum, stungnum sem signet, \u00ed gullumgj\u00f6r\u00f0 me\u00f0 steinskeraverki, til endurminningar me\u00f0 inngr\u00f6fnu letri, eftir t\u00f6lu \u00cdsraels \u00e6ttkv\u00edsla.<a name=\"14\"><span class=\"versanumer\">14<\/span><\/a><span class='VideyAth'>(Hann setti)<\/span> gullkrans \u00e1 ennisbandi\u00f0 <span class='VideyAth'>(h\u00f6fu\u00f0)<\/span>, innsiglisletur helgid\u00f3msins, hei\u00f0ursskart, d\u00fdrt verk, unun augnanna, fagurlega pr\u00fd\u00f0i.<a name=\"15\"><span class=\"versanumer\">15<\/span><\/a>Fyrir hann var ekkert \u00fev\u00edl\u00edkt til, allt til elstu t\u00edma.<a name=\"16\"><span class=\"versanumer\">16<\/span><\/a>Enginn af annarri \u00e6tt \u00edkl\u00e6ddist <span class='VideyAth'>(\u00feessu)<\/span>, hans synir einir og \u00feeirra ni\u00f0jar \u00e6 og \u00e6t\u00ed\u00f0.<a name=\"17\"><span class=\"versanumer\">17<\/span><\/a>Hans f\u00f3rnir eru daglega, \u00e6t\u00ed\u00f0 tvisvar, framreiddar.<a name=\"18\"><span class=\"versanumer\">18<\/span><\/a>M\u00f3ses <span class='VideyAth'>a)<\/span> v\u00edg\u00f0i hann og smur\u00f0i hann me\u00f0 \u00fev\u00ed heilaga vi\u00f0smj\u00f6ri.<a name=\"19\"><span class=\"versanumer\">19<\/span><\/a>\u00dea\u00f0 var\u00f0 honum a\u00f0 eil\u00edfum s\u00e1ttm\u00e1la og hans \u00e6tt, svo lengi sem himinninn stendur, a\u00f0 \u00feeir skyldu honum \u00fej\u00f3na og vera prestar og blessa hans l\u00fd\u00f0 \u00ed hans nafni.<a name=\"20\"><span class=\"versanumer\">20<\/span><\/a>Hann valdi hann af \u00f6llum sem lif\u00f0u, a\u00f0 hann skyldi frambera Drottni f\u00f3rn, reykoffur og \u00fe\u00e6gilegan ilm til endurminningar, og til a\u00f0 fri\u00f0\u00fe\u00e6gja <span class='VideyAth'>(fyrir)<\/span> f\u00f3lki\u00f0.<a name=\"21\"><span class=\"versanumer\">21<\/span><\/a>Hann gaf honum \u00ed s\u00ednum bo\u00f0or\u00f0um vald yfir d\u00f3manna setningum, til \u00feess a\u00f0 kenna Jakob vitnisbur\u00f0ina og uppl\u00fdsa \u00cdsrael me\u00f0 hans l\u00f6gm\u00e1li.<br \/><a name=\"22\"><span class=\"versanumer\">22<\/span><\/a>\u00d3tr\u00fair menn gj\u00f6r\u00f0u samt\u00f6k m\u00f3ti honum og \u00f6fundu\u00f0u hann \u00ed ey\u00f0im\u00f6rkinni: \u00feeir Datan og Abiram og K\u00f3ra flokkur, \u00ed rei\u00f0i og grimmd,<a name=\"23\"><span class=\"versanumer\">23<\/span><\/a>\u00fea\u00f0 s\u00e1 Drottinn og misl\u00edka\u00f0i \u00fea\u00f0 og \u00feeir ur\u00f0u afm\u00e1\u00f0ir \u00ed rei\u00f0innar grimmd.<a name=\"24\"><span class=\"versanumer\">24<\/span><\/a>Hann l\u00e9t \u00fe\u00e1 ver\u00f0a fyrir undrum, svo hann tort\u00edndi \u00feeim me\u00f0 b\u00e1li s\u00edns elds.<a name=\"25\"><span class=\"versanumer\">25<\/span><\/a>Og hann j\u00f3k Arons hei\u00f0ur og gaf honum arf, frumgr\u00f3\u00f0a l\u00e9t hann ver\u00f0a hans hlutdeild; \u00e1kva\u00f0 einkanlega r\u00edkuglegt brau\u00f0.<a name=\"26\"><span class=\"versanumer\">26<\/span><\/a>\u00dev\u00ed \u00feeir eta af Drottins f\u00f3rnum, sem hann gaf honum og hans \u00e6tt.<a name=\"27\"><span class=\"versanumer\">27<\/span><\/a>\u00cd landi f\u00f3lksins skulu \u00feeir a\u00f0eins enga eign eiga, og enga hlutdeild hefir hann <span class='VideyAth'>(Aron)<\/span> me\u00f0 f\u00f3lkinu. \u00dev\u00ed hann sj\u00e1lfur <span class='VideyAth'>(Drottinn)<\/span> er \u00feeirra hlutdeild og eign. <br \/><a name=\"28\"><span class=\"versanumer\">28<\/span><\/a>Og F\u00edneas Eleasarsson, var s\u00e1 \u00feri\u00f0ji a\u00f0 ver\u00f0ugleika, \u00fev\u00ed hann vandl\u00e6tti me\u00f0 gu\u00f0hr\u00e6\u00f0slu,<a name=\"29\"><span class=\"versanumer\">29<\/span><\/a>og st\u00f3\u00f0 fast me\u00f0 tr\u00faskap s\u00edns g\u00f3\u00f0a sinnis, \u00fe\u00e1 l\u00fd\u00f0urinn fr\u00e1hverf\u00f0ist og fri\u00f0\u00fe\u00e6g\u00f0i \u00cdsrael,<a name=\"30\"><span class=\"versanumer\">30<\/span><\/a>\u00fev\u00ed var fri\u00f0ars\u00e1ttm\u00e1li vi\u00f0 hann gj\u00f6r\u00f0ur, a\u00f0 hann skyldi vera forst\u00f6\u00f0uma\u00f0ur prestanna og s\u00edns f\u00f3lks, a\u00f0 hann og hans \u00e6tt skyldi a\u00f0 eil\u00edfu kennimannstign hafa.<a name=\"31\"><span class=\"versanumer\">31<\/span><\/a>Og eftir s\u00e1ttm\u00e1lanum vi\u00f0 Dav\u00ed\u00f0, son af J\u00fada \u00e6ttkv\u00edsl, gengur erf\u00f0 k\u00f3ngsins fr\u00e1 syni til sonar; eins tilheyrir Aroni erf\u00f0in og hans ni\u00f0jum. Gefi <span class='VideyAth'>(Gu\u00f0)<\/span> y\u00f0ur v\u00edsd\u00f3m \u00ed y\u00f0ar hj\u00f6rtu til a\u00f0 d\u00e6ma hans l\u00fd\u00f0 me\u00f0 r\u00e9ttv\u00edsi, svo hans g\u00e6\u00f0i ei tapist, og hans d\u00fdr\u00f0 <span class='VideyAth'>(lendi)<\/span> hj\u00e1 hans afkomendum!<\/p>\n<div class=\"footnoteVidey\">V. 18. Eiginl. fyllti hans h\u00f6ndur, gaf \u00ed h\u00f6nd emb\u00e6tti\u00f0.<\/div>\n","protected":false},"excerpt":{"rendered":"<p>Sama efni. 1sem elska\u00f0ur var af Gu\u00f0i og m\u00f6nnum, M\u00f3ses, hv\u00f6rs endurminning (er) \u00ed blessan.2Hann gj\u00f6r\u00f0i hann l\u00edkan d\u00fdr\u00f0 enna heil\u00f6gu, og gj\u00f6r\u00f0i hann mikinn til skelfingar \u00f3vinunum.3Fyrir hans or\u00f0 l\u00e9t hann t\u00e1knunum linna, gj\u00f6r\u00f0i hann vegsamlegan fyrir k\u00f3ngunum, gaf honum skipanir til s\u00edns f\u00f3lks, og l\u00e9t hann sj\u00e1 nokku\u00f0 af sinni d\u00fdr\u00f0.4Vegna hans tr\u00famennsku og h\u00f3gv\u00e6r\u00f0ar v\u00edg\u00f0i (kaus) hann hann, \u00fatvaldi hann af \u00f6llu holdi.5Hann l\u00e9t hann heyra s\u00edna raust, og leiddi hann inn \u00ed sk\u00fdi\u00f0,6og gaf honum bo\u00f0or\u00f0in frammi fyrir s\u00e9r, l\u00f6gm\u00e1l l\u00edfsins og spekinnar, a\u00f0 hann skyldi kenna Jakob sinn s\u00e1ttm\u00e1la og \u00cdsrael s\u00edn r\u00e9ttindi.7Aron br\u00f3\u00f0ur hans, <a href=\"https:\/\/biblian.is\/videy\/siraksbok-45-kafli\/\"> [&#8230;]<\/a><\/p>\n","protected":false},"author":1,"featured_media":0,"parent":0,"menu_order":0,"comment_status":"open","ping_status":"open","template":"bibliukaflar.php","meta":{"footnotes":""},"class_list":["post-22139","page","type-page","status-publish","hentry"],"_links":{"self":[{"href":"https:\/\/biblian.is\/videy\/wp-json\/wp\/v2\/pages\/22139","targetHints":{"allow":["GET"]}}],"collection":[{"href":"https:\/\/biblian.is\/videy\/wp-json\/wp\/v2\/pages"}],"about":[{"href":"https:\/\/biblian.is\/videy\/wp-json\/wp\/v2\/types\/page"}],"author":[{"embeddable":true,"href":"https:\/\/biblian.is\/videy\/wp-json\/wp\/v2\/users\/1"}],"replies":[{"embeddable":true,"href":"https:\/\/biblian.is\/videy\/wp-json\/wp\/v2\/comments?post=22139"}],"version-history":[{"count":0,"href":"https:\/\/biblian.is\/videy\/wp-json\/wp\/v2\/pages\/22139\/revisions"}],"wp:attachment":[{"href":"https:\/\/biblian.is\/videy\/wp-json\/wp\/v2\/media?parent=22139"}],"curies":[{"name":"wp","href":"https:\/\/api.w.org\/{rel}","templated":true}]}}