{"id":22130,"date":"2018-01-02T01:05:46","date_gmt":"2018-01-02T01:05:46","guid":{"rendered":"http:\/\/biblian.is\/videy\/siraksbok-36-kafli\/"},"modified":"2018-01-02T01:05:46","modified_gmt":"2018-01-02T01:05:46","slug":"siraksbok-36-kafli","status":"publish","type":"page","link":"https:\/\/biblian.is\/videy\/siraksbok-36-kafli\/","title":{"rendered":"S\u00edraksb\u00f3k 36. kafli"},"content":{"rendered":"<div class=\"fyrirsognVidey\">B\u00e6n.<\/div>\n<p><a name=\"1\"><span class=\"versanumer\">1<\/span><\/a>Miskunna oss Drottinn, Gu\u00f0 yfir \u00f6llu, og l\u00edt ni\u00f0ur!<a name=\"2\"><span class=\"versanumer\">2<\/span><\/a>L\u00e1t \u00f3tta fyrir \u00fe\u00e9r koma yfir allar \u00fej\u00f3\u00f0ir.<a name=\"3\"><span class=\"versanumer\">3<\/span><\/a>Lyft upp \u00feinni hendi m\u00f3ti annarlegum \u00fej\u00f3\u00f0um, og l\u00e1t \u00fe\u00e6r kenna \u00e1 \u00fe\u00ednu veldi!<a name=\"4\"><span class=\"versanumer\">4<\/span><\/a>Eins og \u00fe\u00fa ert helga\u00f0ur fyrir \u00feeirra augum vor \u00e1 me\u00f0al, svo gj\u00f6r \u00feig vegsamlegan \u00e1 \u00feeim, fyrir vorum augum,<a name=\"5\"><span class=\"versanumer\">5<\/span><\/a>a\u00f0 \u00feeir \u00feekki \u00feig, eins og v\u00e9r h\u00f6fum \u00feekkt, a\u00f0 ekki er Gu\u00f0 til nema \u00fe\u00fa, Drottinn!<a name=\"6\"><span class=\"versanumer\">6<\/span><\/a>Endurn\u00fdja t\u00e1knin, gj\u00f6r aftur fur\u00f0uverkin;<a name=\"7\"><span class=\"versanumer\">7<\/span><\/a>gj\u00f6r vegsamlega \u00fe\u00edna h\u00f6nd og \u00feinn h\u00e6gri arm!<a name=\"8\"><span class=\"versanumer\">8<\/span><\/a>Vek \u00feitt ge\u00f0, \u00fathelli \u00feinni rei\u00f0i!<a name=\"9\"><span class=\"versanumer\">9<\/span><\/a>Tort\u00edn m\u00f3tstandaranum, sundurmer \u00f3vininn.<a name=\"10\"><span class=\"versanumer\">10<\/span><\/a>Hra\u00f0a <span class='VideyAth'>(hegningar)<\/span>t\u00ed\u00f0inni, og minnstu eldsins, og \u00fe\u00edn st\u00f3rvirki skulu v\u00ed\u00f0fr\u00e6gjast.<a name=\"11\"><span class=\"versanumer\">11<\/span><\/a>\u00cd rei\u00f0i eldsins farist s\u00e1 sem s\u00e9r hefir bjarga\u00f0, og undir\u00ferykkjendur \u00fe\u00edns f\u00f3lks finni gl\u00f6tunina!<a name=\"12\"><span class=\"versanumer\">12<\/span><\/a>Sundurmola h\u00f6fu\u00f0 \u00f3vinanna foringja, sem segja: enginn er ma\u00f0ur nema v\u00e9r!<a name=\"13\"><span class=\"versanumer\">13<\/span><\/a>Safna \u00f6llum Jakobs \u00e6ttkv\u00edslum, og l\u00e1t \u00fe\u00e6r vera \u00fe\u00edna eign, eins og \u00ed upphafi! <br \/><a name=\"14\"><span class=\"versanumer\">14<\/span><\/a>Miskunna \u00feig, Drottinn! yfir \u00feitt f\u00f3lk, sem nefnt er eftir \u00fe\u00ednu nafni, yfir \u00cdsrael, sem \u00fe\u00fa mattir jafnt vi\u00f0 frumgetinn son!<a name=\"15\"><span class=\"versanumer\">15<\/span><\/a>Miskunn \u00feig yfir sta\u00f0 \u00fe\u00edns helgid\u00f3ms, Jer\u00fasalem, borg \u00fe\u00edns b\u00fasta\u00f0ar!<a name=\"16\"><span class=\"versanumer\">16<\/span><\/a>Fyll S\u00edon me\u00f0 lofgj\u00f6r\u00f0 \u00feinna fyrirheita, og \u00feinn l\u00fd\u00f0 me\u00f0 \u00fe\u00ednu hr\u00f3si.<a name=\"17\"><span class=\"versanumer\">17<\/span><\/a>Gef vitnisbur\u00f0 \u00feinni sk\u00f6pun <span class='VideyAth'>(\u00cdsraelsf\u00f3lki)<\/span> fr\u00e1 upphafi, og uppfyll sp\u00e1d\u00f3ma \u00ed \u00fe\u00ednu nafni <span class='VideyAth'>(bo\u00f0a\u00f0a)<\/span>.<a name=\"18\"><span class=\"versanumer\">18<\/span><\/a>Umbuna \u00feeim sem \u00fe\u00e9r treysta , og l\u00e1t <span class='VideyAth'>(menn)<\/span> tr\u00faa \u00fe\u00ednum sp\u00e1m\u00f6nnum!<a name=\"19\"><span class=\"versanumer\">19<\/span><\/a>Heyr, Drottinn! b\u00e6n \u00feeirra sem \u00feig \u00e1kalla, eftir blessan Arons yfir \u00fe\u00ednum l\u00fd\u00f0, svo a\u00f0 allir sem \u00e1 j\u00f6r\u00f0u b\u00faa, kannist vi\u00f0 a\u00f0 \u00fe\u00fa, Drottinn! ert eil\u00edfur Gu\u00f0. <br \/><a name=\"20\"><span class=\"versanumer\">20<\/span><\/a>Maginn tekur vi\u00f0 allsh\u00e1ttar f\u00e6\u00f0u; \u00fe\u00f3 er ein f\u00e6\u00f0a betri en \u00f6nnur.<a name=\"21\"><span class=\"versanumer\">21<\/span><\/a>G\u00f3murinn finnur smekkinn af kj\u00f6ti villid\u00fdrsins: eins s\u00e1 skynugi af lygatali.<a name=\"22\"><span class=\"versanumer\">22<\/span><\/a>Prettv\u00edst hjarta ollir sorg, en vel reyndur ma\u00f0ur veit a\u00f0 launa honum \u00fea\u00f0.<a name=\"23\"><span class=\"versanumer\">23<\/span><\/a>Konan tekur \u00f6llu karlkyni, en ein d\u00f3ttir er betri en \u00f6nnur.<a name=\"24\"><span class=\"versanumer\">24<\/span><\/a>Konunnar fegur\u00f0 h\u00fdrgar andliti\u00f0, og yfirgn\u00e6fir alla girnd mannsins.<a name=\"25\"><span class=\"versanumer\">25<\/span><\/a>S\u00e9 \u00e1 hennar tungu miskunn <span class='VideyAth'>(elska)<\/span> og h\u00f3gv\u00e6r\u00f0, \u00fe\u00e1 er hennar ma\u00f0ur \u00e6\u00f0ri mannanna sonum.<a name=\"26\"><span class=\"versanumer\">26<\/span><\/a>S\u00e1 sem eignast konu, byrjar a\u00f0 eignast hj\u00e1lp s\u00e9r sambo\u00f0na, og sto\u00f0 sinnar hv\u00edldar.<a name=\"27\"><span class=\"versanumer\">27<\/span><\/a>\u00dear sem engin gir\u00f0ing er, ver\u00f0ur eignin ey\u00f0il\u00f6g\u00f0, og \u00fear sem <span class='VideyAth'>(h\u00fassm\u00f3\u00f0ir)<\/span> er ekki, \u00fear andvarpar fer\u00f0ama\u00f0urinn.<a name=\"28\"><span class=\"versanumer\">28<\/span><\/a>\u00dev\u00ed hv\u00f6r tr\u00fair vel \u00fatb\u00fanum reyfara, sem flakkar \u00far borg \u00ed borg? S\u00f6mulei\u00f0is <span class='VideyAth'>(tr\u00fair enginn)<\/span> \u00feeim manni sem hv\u00f6rgi \u00e1 heima, og leitar gistingar \u00fear sem hann kv\u00f6ldar uppi.<\/p>\n<div class=\"footnoteVidey\"><\/div>\n","protected":false},"excerpt":{"rendered":"<p>B\u00e6n. 1Miskunna oss Drottinn, Gu\u00f0 yfir \u00f6llu, og l\u00edt ni\u00f0ur!2L\u00e1t \u00f3tta fyrir \u00fe\u00e9r koma yfir allar \u00fej\u00f3\u00f0ir.3Lyft upp \u00feinni hendi m\u00f3ti annarlegum \u00fej\u00f3\u00f0um, og l\u00e1t \u00fe\u00e6r kenna \u00e1 \u00fe\u00ednu veldi!4Eins og \u00fe\u00fa ert helga\u00f0ur fyrir \u00feeirra augum vor \u00e1 me\u00f0al, svo gj\u00f6r \u00feig vegsamlegan \u00e1 \u00feeim, fyrir vorum augum,5a\u00f0 \u00feeir \u00feekki \u00feig, eins og v\u00e9r h\u00f6fum \u00feekkt, a\u00f0 ekki er Gu\u00f0 til nema \u00fe\u00fa, Drottinn!6Endurn\u00fdja t\u00e1knin, gj\u00f6r aftur fur\u00f0uverkin;7gj\u00f6r vegsamlega \u00fe\u00edna h\u00f6nd og \u00feinn h\u00e6gri arm!8Vek \u00feitt ge\u00f0, \u00fathelli \u00feinni rei\u00f0i!9Tort\u00edn m\u00f3tstandaranum, sundurmer \u00f3vininn.10Hra\u00f0a (hegningar)t\u00ed\u00f0inni, og minnstu eldsins, og \u00fe\u00edn st\u00f3rvirki skulu v\u00ed\u00f0fr\u00e6gjast.11\u00cd rei\u00f0i eldsins farist s\u00e1 sem s\u00e9r hefir <a href=\"https:\/\/biblian.is\/videy\/siraksbok-36-kafli\/\"> [&#8230;]<\/a><\/p>\n","protected":false},"author":1,"featured_media":0,"parent":0,"menu_order":0,"comment_status":"open","ping_status":"open","template":"bibliukaflar.php","meta":{"footnotes":""},"class_list":["post-22130","page","type-page","status-publish","hentry"],"_links":{"self":[{"href":"https:\/\/biblian.is\/videy\/wp-json\/wp\/v2\/pages\/22130","targetHints":{"allow":["GET"]}}],"collection":[{"href":"https:\/\/biblian.is\/videy\/wp-json\/wp\/v2\/pages"}],"about":[{"href":"https:\/\/biblian.is\/videy\/wp-json\/wp\/v2\/types\/page"}],"author":[{"embeddable":true,"href":"https:\/\/biblian.is\/videy\/wp-json\/wp\/v2\/users\/1"}],"replies":[{"embeddable":true,"href":"https:\/\/biblian.is\/videy\/wp-json\/wp\/v2\/comments?post=22130"}],"version-history":[{"count":0,"href":"https:\/\/biblian.is\/videy\/wp-json\/wp\/v2\/pages\/22130\/revisions"}],"wp:attachment":[{"href":"https:\/\/biblian.is\/videy\/wp-json\/wp\/v2\/media?parent=22130"}],"curies":[{"name":"wp","href":"https:\/\/api.w.org\/{rel}","templated":true}]}}