{"id":22119,"date":"2018-01-02T01:05:40","date_gmt":"2018-01-02T01:05:40","guid":{"rendered":"http:\/\/biblian.is\/videy\/siraksbok-25-kafli\/"},"modified":"2018-01-02T01:05:40","modified_gmt":"2018-01-02T01:05:40","slug":"siraksbok-25-kafli","status":"publish","type":"page","link":"https:\/\/biblian.is\/videy\/siraksbok-25-kafli\/","title":{"rendered":"S\u00edraksb\u00f3k 25. kafli"},"content":{"rendered":"<div class=\"fyrirsognVidey\">\u00ddmisleg sannm\u00e6li og l\u00edfsreglur.<\/div>\n<p><a name=\"1\"><span class=\"versanumer\">1<\/span><\/a>Me\u00f0 \u00feremur hlutum pr\u00fdddi eg mig, og geng \u00ed skarti fram fyrir Drottin og menn.<a name=\"2\"><span class=\"versanumer\">2<\/span><\/a>Eindr\u00e6gni me\u00f0al br\u00e6\u00f0ra, vinskap milli n\u00e1unga, og milli manns og konu, sem vel kemur saman.<a name=\"3\"><span class=\"versanumer\">3<\/span><\/a>En \u00ferj\u00e1r tegundir hatar m\u00edn s\u00e1l, og eg hefi mikla andstygg\u00f0 \u00e1 \u00feeirra l\u00edfi.<a name=\"4\"><span class=\"versanumer\">4<\/span><\/a>F\u00e1t\u00e6kling drambl\u00e1tan, og r\u00edkan mann lyginn, og gamlan mann heimskan, sem tekur framhj\u00e1.<a name=\"5\"><span class=\"versanumer\">5<\/span><\/a>Hafir \u00fe\u00fa engu safna\u00f0 \u00ed \u00e6skunni, hv\u00f6rnig viltu \u00fe\u00e1 \u00ed ellinni nokku\u00f0 finna?<a name=\"6\"><span class=\"versanumer\">6<\/span><\/a>Hv\u00f6rsu vel s\u00e6mir \u00feeim gr\u00e1u h\u00e1rum a\u00f0 vita \u00farskur\u00f0 og \u00feeim g\u00f6mlu a\u00f0 vita r\u00e1\u00f0!<a name=\"7\"><span class=\"versanumer\">7<\/span><\/a>Hv\u00f6rsu f\u00f6gur er viskan hj\u00e1 \u00feeim g\u00f6mlu og yfirvegun og r\u00e1\u00f0deild hj\u00e1 g\u00f6fugum m\u00f6nnum!<a name=\"8\"><span class=\"versanumer\">8<\/span><\/a>K\u00f3r\u00f3na hinna g\u00f6mlu er mikil reynsla, og \u00f3tti Drottins \u00feeirra hr\u00f3s. <br \/><a name=\"9\"><span class=\"versanumer\">9<\/span><\/a>N\u00edu hugsanir pr\u00edsa eg \u00ed hjartanu s\u00e6lar, og \u00fe\u00e1 t\u00edundu vil eg me\u00f0 minni tungu vegsama.<a name=\"10\"><span class=\"versanumer\">10<\/span><\/a>\u00deann mann sem hefir gle\u00f0i af s\u00ednum b\u00f6rnum; \u00feann sem lifir og s\u00e9r fall s\u00edns \u00f3vinar.<a name=\"11\"><span class=\"versanumer\">11<\/span><\/a>S\u00e6ll er s\u00e1 sem lifir me\u00f0 skynsamri konu; og s\u00e1 sem ei yfirs\u00e9st me\u00f0 tungunni; og s\u00e1 sem ei \u00fej\u00f3nar \u00f3ver\u00f0ugum.<a name=\"12\"><span class=\"versanumer\">12<\/span><\/a>S\u00e6ll er s\u00e1 sem hefir fundi\u00f0 hyggindi og kunngj\u00f6rir \u00feau athyglis\u00f6mum eyrum.<a name=\"13\"><span class=\"versanumer\">13<\/span><\/a>Hv\u00f6rsu mikill er hv\u00f6r s\u00e1 sem viskuna finnur!<a name=\"14\"><span class=\"versanumer\">14<\/span><\/a>en hann er samt ekki meiri en s\u00e1 sem \u00f3ttast Drottin.<a name=\"15\"><span class=\"versanumer\">15<\/span><\/a>\u00d3tti Drottins yfirgn\u00e6fir allt.<a name=\"16\"><span class=\"versanumer\">16<\/span><\/a>Vi\u00f0 hva\u00f0 m\u00e1 \u00feeim jafna sem hefur hann?<a name=\"17\"><span class=\"versanumer\">17<\/span><\/a>\u00d6ll sl\u00f6g <span class='VideyAth'>(m\u00e1 \u00feola)<\/span>, a\u00f0eins ekki hjartans slag;<a name=\"18\"><span class=\"versanumer\">18<\/span><\/a>alla vonsku, a\u00f0eins ei konu vonsku;<a name=\"19\"><span class=\"versanumer\">19<\/span><\/a>alla refsing, a\u00f0eins ekki hatursmanna;<a name=\"20\"><span class=\"versanumer\">20<\/span><\/a>og alla hefnd, a\u00f0eins ekki \u00f3vina hefnd!<a name=\"21\"><span class=\"versanumer\">21<\/span><\/a>Ekkert eitur er verra en h\u00f6ggormseitur, og engin rei\u00f0i yfirgengur fjandmannsins rei\u00f0i.<a name=\"22\"><span class=\"versanumer\">22<\/span><\/a>Eg vildi heldur b\u00faa me\u00f0al lj\u00f3na og dreka heldur en hj\u00e1 vondri konu.<a name=\"23\"><span class=\"versanumer\">23<\/span><\/a>Vonska konunnar aflagar hennar \u00fatlit, og formyrkvar hennar \u00e1s\u00fdnd sem h\u00e6rusekkur.<a name=\"24\"><span class=\"versanumer\">24<\/span><\/a>Hennar ma\u00f0ur situr til bor\u00f0s \u00ed sinna vina hring, og heyri hann <span class='VideyAth'>(hennar geti\u00f0)<\/span>, stynur hann s\u00e1ran.<a name=\"25\"><span class=\"versanumer\">25<\/span><\/a>\u00d6ll vonska er l\u00edtil hj\u00e1 konunnar vonsku. Hlutfall syndarans hitti hana!<a name=\"26\"><span class=\"versanumer\">26<\/span><\/a>K\u00edfin kona er h\u00f3glyndum manni, \u00fea\u00f0 sem sendin gata er gamalmenni.<a name=\"27\"><span class=\"versanumer\">27<\/span><\/a>L\u00e1t ekki konu fr\u00ed\u00f0leik lokka \u00feig, og haf ekki girnd til nokkurar konu.<a name=\"28\"><span class=\"versanumer\">28<\/span><\/a>Rei\u00f0i, \u00f3skammfeilni og mikil sk\u00f6mm, <span class='VideyAth'>(fl\u00fdtur af \u00fev\u00ed)<\/span>,<a name=\"29\"><span class=\"versanumer\">29<\/span><\/a>\u00feegar konan f\u00e6rir s\u00ednum manni au\u00f0leg\u00f0.<a name=\"30\"><span class=\"versanumer\">30<\/span><\/a>Sorgfullt hjarta, hryggt andlit og sinnis kv\u00f6l, er vond kona.<a name=\"31\"><span class=\"versanumer\">31<\/span><\/a>Linar hendur, magnlaus kn\u00e9 <span class='VideyAth'>(er)<\/span> s\u00fa, sem ei gj\u00f6rir mann sinn s\u00e6lan.<a name=\"32\"><span class=\"versanumer\">32<\/span><\/a>Af konunni eru syndarinnar uppt\u00f6k, og s\u00f6kum hennar deyjum v\u00e9r allir.<a name=\"33\"><span class=\"versanumer\">33<\/span><\/a>Leyf vatninu enga <span class='VideyAth'>(gegnum)<\/span>r\u00e1s, og vondri konu ekkert vald.<a name=\"34\"><span class=\"versanumer\">34<\/span><\/a>L\u00e1ti h\u00fan \u00fe\u00edna h\u00f6nd ekki lei\u00f0a sig, svo skil hana vi\u00f0 \u00feitt hold.<\/p>\n<div class=\"footnoteVidey\"><\/div>\n","protected":false},"excerpt":{"rendered":"<p>\u00ddmisleg sannm\u00e6li og l\u00edfsreglur. 1Me\u00f0 \u00feremur hlutum pr\u00fdddi eg mig, og geng \u00ed skarti fram fyrir Drottin og menn.2Eindr\u00e6gni me\u00f0al br\u00e6\u00f0ra, vinskap milli n\u00e1unga, og milli manns og konu, sem vel kemur saman.3En \u00ferj\u00e1r tegundir hatar m\u00edn s\u00e1l, og eg hefi mikla andstygg\u00f0 \u00e1 \u00feeirra l\u00edfi.4F\u00e1t\u00e6kling drambl\u00e1tan, og r\u00edkan mann lyginn, og gamlan mann heimskan, sem tekur framhj\u00e1.5Hafir \u00fe\u00fa engu safna\u00f0 \u00ed \u00e6skunni, hv\u00f6rnig viltu \u00fe\u00e1 \u00ed ellinni nokku\u00f0 finna?6Hv\u00f6rsu vel s\u00e6mir \u00feeim gr\u00e1u h\u00e1rum a\u00f0 vita \u00farskur\u00f0 og \u00feeim g\u00f6mlu a\u00f0 vita r\u00e1\u00f0!7Hv\u00f6rsu f\u00f6gur er viskan hj\u00e1 \u00feeim g\u00f6mlu og yfirvegun og r\u00e1\u00f0deild hj\u00e1 g\u00f6fugum m\u00f6nnum!8K\u00f3r\u00f3na hinna g\u00f6mlu er <a href=\"https:\/\/biblian.is\/videy\/siraksbok-25-kafli\/\"> [&#8230;]<\/a><\/p>\n","protected":false},"author":1,"featured_media":0,"parent":0,"menu_order":0,"comment_status":"open","ping_status":"open","template":"bibliukaflar.php","meta":{"footnotes":""},"class_list":["post-22119","page","type-page","status-publish","hentry"],"_links":{"self":[{"href":"https:\/\/biblian.is\/videy\/wp-json\/wp\/v2\/pages\/22119","targetHints":{"allow":["GET"]}}],"collection":[{"href":"https:\/\/biblian.is\/videy\/wp-json\/wp\/v2\/pages"}],"about":[{"href":"https:\/\/biblian.is\/videy\/wp-json\/wp\/v2\/types\/page"}],"author":[{"embeddable":true,"href":"https:\/\/biblian.is\/videy\/wp-json\/wp\/v2\/users\/1"}],"replies":[{"embeddable":true,"href":"https:\/\/biblian.is\/videy\/wp-json\/wp\/v2\/comments?post=22119"}],"version-history":[{"count":0,"href":"https:\/\/biblian.is\/videy\/wp-json\/wp\/v2\/pages\/22119\/revisions"}],"wp:attachment":[{"href":"https:\/\/biblian.is\/videy\/wp-json\/wp\/v2\/media?parent=22119"}],"curies":[{"name":"wp","href":"https:\/\/api.w.org\/{rel}","templated":true}]}}