{"id":22112,"date":"2018-01-02T01:05:40","date_gmt":"2018-01-02T01:05:40","guid":{"rendered":"http:\/\/biblian.is\/videy\/siraksbok-18-kafli\/"},"modified":"2018-01-02T01:05:40","modified_gmt":"2018-01-02T01:05:40","slug":"siraksbok-18-kafli","status":"publish","type":"page","link":"https:\/\/biblian.is\/videy\/siraksbok-18-kafli\/","title":{"rendered":"S\u00edraksb\u00f3k 18. kafli"},"content":{"rendered":"<div class=\"fyrirsognVidey\">Sama efni og nokkrar l\u00edfsreglur.<\/div>\n<p><a name=\"1\"><span class=\"versanumer\">1<\/span><\/a>S\u00e1 sem eil\u00edflega lifir tilbj\u00f3 jafnt alla hluti.<a name=\"2\"><span class=\"versanumer\">2<\/span><\/a>A\u00f0 Drottni einum ver\u00f0ur ekkert fundi\u00f0. Engum l\u00e9t hann au\u00f0nast a\u00f0 \u00fatsk\u00fdra s\u00edn verk, og hv\u00f6r getur rannsaka\u00f0 til hl\u00edtar hans miklu d\u00e1semdir?<a name=\"4\"><span class=\"versanumer\">4<\/span><\/a>Og hv\u00f6r getur \u00fear a\u00f0 auki tali\u00f0 upp votta hans miskunnsemi?<a name=\"5\"><span class=\"versanumer\">5<\/span><\/a>Menn geta hv\u00f6rki minnka\u00f0 n\u00e9 auki\u00f0, menn geta ekki \u00fatgrunda\u00f0 Drottins d\u00e1semdir.<a name=\"6\"><span class=\"versanumer\">6<\/span><\/a>\u00deegar ma\u00f0urinn hefir enda\u00f0, \u00fe\u00e1 byrjar hann; og \u00feegar ma\u00f0urinn er h\u00e6ttur, svo er hann r\u00e1\u00f0alaus.<a name=\"7\"><span class=\"versanumer\">7<\/span><\/a>Hva\u00f0 er ma\u00f0urinn og hvar til dugir hann? Hva\u00f0 er hans hi\u00f0 g\u00f3\u00f0a og hva\u00f0 hans hi\u00f0 illa?<a name=\"8\"><span class=\"versanumer\">8<\/span><\/a>Hans dagatal er, \u00feegar lifir lengi, hundra\u00f0 \u00e1r. Eins og vatnsdropi \u00far hafinu og eitt sandkorn, svo \u00feau f\u00e1u \u00e1r \u00ed eil\u00edf\u00f0arinnar t\u00ed\u00f0.<a name=\"9\"><span class=\"versanumer\">9<\/span><\/a>\u00dev\u00ed er Drottinn \u00feolinm\u00f3\u00f0ur vi\u00f0 \u00fe\u00e1, og \u00fathellir sinni miskunnsemi yfir \u00fe\u00e1.<a name=\"10\"><span class=\"versanumer\">10<\/span><\/a>Hann s\u00e9r og veit a\u00f0 \u00feeirra endir er sl\u00e6mur,<a name=\"11\"><span class=\"versanumer\">11<\/span><\/a>sakir \u00feess er hann \u00fev\u00ed s\u00e1ttgjarnari.<a name=\"12\"><span class=\"versanumer\">12<\/span><\/a>Mannsins miskunnsemi n\u00e6r til allra hans n\u00e1unga, en Gu\u00f0s miskunnsemi \u00fat yfir allt hold. 1<a name=\"13\"><span class=\"versanumer\">13<\/span><\/a>Hann umvandar og agar og menntar og lei\u00f0ir til baka, eins og hir\u00f0irinn s\u00edna hj\u00f6r\u00f0. 1<a name=\"14\"><span class=\"versanumer\">14<\/span><\/a>Hann miskunnar \u00feeim sem taka aga og \u00feeim sem leggja al\u00fa\u00f0 \u00e1 hans r\u00e9ttindi. <br \/>1<a name=\"15\"><span class=\"versanumer\">15<\/span><\/a>\u00deegar \u00fe\u00fa veitir velgj\u00f6r\u00f0, barn, \u00fe\u00e1 varastu br\u00edgslyr\u00f0i, og n\u00e6r sem \u00fe\u00fa gefur, mei\u00f0andi tal. 1<a name=\"16\"><span class=\"versanumer\">16<\/span><\/a>K\u00e6lir ekki d\u00f6ggin hitann? \u00feannig er <span class='VideyAth'>(gott)<\/span> or\u00f0 betra en gj\u00f6f. 1<a name=\"17\"><span class=\"versanumer\">17<\/span><\/a>Er ekki eitt or\u00f0 meira enn g\u00f3\u00f0 g\u00e1fa? en hv\u00f6rttveggja fylgist a\u00f0 hj\u00e1 bl\u00ed\u00f0um manni. 1<a name=\"18\"><span class=\"versanumer\">18<\/span><\/a>D\u00e1rinn brigslar \u00f3vinsamlega, og gj\u00f6f \u00feess illmannlega daprar augun. <br \/>1<a name=\"19\"><span class=\"versanumer\">19<\/span><\/a>L\u00e6r \u00e1\u00f0ur en \u00fe\u00fa talar,<a name=\"20\"><span class=\"versanumer\">20<\/span><\/a>og br\u00faka l\u00e6knisme\u00f0\u00f6l \u00e1\u00f0ur en \u00fe\u00fa ver\u00f0ur veikur.<a name=\"21\"><span class=\"versanumer\">21<\/span><\/a>Rannsaka \u00feig sj\u00e1lfan \u00e1\u00f0ur en d\u00f3murinn kemur, svo muntu finna n\u00e1\u00f0 \u00e1 refsingarinnar t\u00edma.<a name=\"22\"><span class=\"versanumer\">22<\/span><\/a>Au\u00f0m\u00fdktu \u00feig \u00e1\u00f0ur en \u00fe\u00fa ver\u00f0ur sj\u00fakur, og s\u00fdn umvendun \u00fe\u00e1 t\u00e6kif\u00e6ri er til a\u00f0 syndga. L\u00e1t \u00feig ei hindra a\u00f0 grei\u00f0a heit \u00e1 r\u00e9ttum t\u00edma, og b\u00ed\u00f0 ei til dau\u00f0ans a\u00f0 r\u00e9ttl\u00e6ta <span class='VideyAth'>(lagf\u00e6ra)<\/span> \u00feig.<a name=\"23\"><span class=\"versanumer\">23<\/span><\/a>\u00c1\u00f0ur en \u00fe\u00fa lofar, tilrei\u00f0 \u00feig, og vert ei sem s\u00e1 er freistar Drottins.<a name=\"24\"><span class=\"versanumer\">24<\/span><\/a>Hugsa um rei\u00f0i <span class='VideyAth'>(Gu\u00f0s)<\/span> \u00e1 dau\u00f0adeginum, og um hefndarinnar t\u00edma, \u00feegar hann sn\u00fdr s\u00ednu andliti fr\u00e1 \u00fe\u00e9r.<a name=\"25\"><span class=\"versanumer\">25<\/span><\/a>Hugsa\u00f0u til hungursins t\u00edma \u00e1 n\u00e6gtanna t\u00edma, til f\u00e1t\u00e6ktar og skorts \u00e1 au\u00f0leg\u00f0arinnar t\u00edma.<a name=\"26\"><span class=\"versanumer\">26<\/span><\/a>Fr\u00e1 morgni til kv\u00f6lds breytir t\u00ed\u00f0in s\u00e9r, og allt er flj\u00f3tt frammi fyrir Gu\u00f0i.<a name=\"27\"><span class=\"versanumer\">27<\/span><\/a>Vitur ma\u00f0ur er \u00ed \u00f6llu frams\u00fdnu, og \u00e1 syndarinnar t\u00ed\u00f0 var\u00f0veitir hann sig fr\u00e1 yfirtro\u00f0slu.<a name=\"28\"><span class=\"versanumer\">28<\/span><\/a>Hv\u00f6r einn hygginn ma\u00f0ur \u00feekkir viskuna og lofar \u00feann sem hana finnur.<a name=\"29\"><span class=\"versanumer\">29<\/span><\/a>Hv\u00f6r sem er hygginn \u00ed or\u00f0um, s\u00e1 breytir og hyggilega og framflytur snillyr\u00f0i r\u00edkuglega sem vel vi\u00f0 eiga. <br \/><a name=\"30\"><span class=\"versanumer\">30<\/span><\/a>Gakk ekki eftir \u00fe\u00ednum girndum, og legg taum vi\u00f0 \u00fe\u00ednar eftirlanganir.<a name=\"31\"><span class=\"versanumer\">31<\/span><\/a>Ef \u00fe\u00fa l\u00e6tur eftir \u00feinni s\u00e1l, \u00fea\u00f0 sem girndinni ge\u00f0jast, svo gj\u00f6rir \u00fe\u00fa \u00feig sj\u00e1lfan a\u00f0 gysi \u00fe\u00ednum \u00f3vinum.<a name=\"32\"><span class=\"versanumer\">32<\/span><\/a>Gle\u00f0 \u00feig ekki vi\u00f0 miki\u00f0 s\u00e6ll\u00edfi, og legg ei \u00feinn skerf til \u00feess heimbo\u00f0a.<a name=\"33\"><span class=\"versanumer\">33<\/span><\/a>Gj\u00f6r \u00feig ei snau\u00f0an me\u00f0 \u00fev\u00ed a\u00f0 kosta til heimbo\u00f0a af l\u00e1nu\u00f0u f\u00e9, \u00feegar \u00fe\u00fa hefir ekkert framar \u00ed \u00fe\u00ednum sj\u00f3\u00f0.<\/p>\n<div class=\"footnoteVidey\"><\/div>\n","protected":false},"excerpt":{"rendered":"<p>Sama efni og nokkrar l\u00edfsreglur. 1S\u00e1 sem eil\u00edflega lifir tilbj\u00f3 jafnt alla hluti.2A\u00f0 Drottni einum ver\u00f0ur ekkert fundi\u00f0. Engum l\u00e9t hann au\u00f0nast a\u00f0 \u00fatsk\u00fdra s\u00edn verk, og hv\u00f6r getur rannsaka\u00f0 til hl\u00edtar hans miklu d\u00e1semdir?4Og hv\u00f6r getur \u00fear a\u00f0 auki tali\u00f0 upp votta hans miskunnsemi?5Menn geta hv\u00f6rki minnka\u00f0 n\u00e9 auki\u00f0, menn geta ekki \u00fatgrunda\u00f0 Drottins d\u00e1semdir.6\u00deegar ma\u00f0urinn hefir enda\u00f0, \u00fe\u00e1 byrjar hann; og \u00feegar ma\u00f0urinn er h\u00e6ttur, svo er hann r\u00e1\u00f0alaus.7Hva\u00f0 er ma\u00f0urinn og hvar til dugir hann? Hva\u00f0 er hans hi\u00f0 g\u00f3\u00f0a og hva\u00f0 hans hi\u00f0 illa?8Hans dagatal er, \u00feegar lifir lengi, hundra\u00f0 \u00e1r. Eins og vatnsdropi \u00far hafinu <a href=\"https:\/\/biblian.is\/videy\/siraksbok-18-kafli\/\"> [&#8230;]<\/a><\/p>\n","protected":false},"author":1,"featured_media":0,"parent":0,"menu_order":0,"comment_status":"open","ping_status":"open","template":"bibliukaflar.php","meta":{"footnotes":""},"class_list":["post-22112","page","type-page","status-publish","hentry"],"_links":{"self":[{"href":"https:\/\/biblian.is\/videy\/wp-json\/wp\/v2\/pages\/22112","targetHints":{"allow":["GET"]}}],"collection":[{"href":"https:\/\/biblian.is\/videy\/wp-json\/wp\/v2\/pages"}],"about":[{"href":"https:\/\/biblian.is\/videy\/wp-json\/wp\/v2\/types\/page"}],"author":[{"embeddable":true,"href":"https:\/\/biblian.is\/videy\/wp-json\/wp\/v2\/users\/1"}],"replies":[{"embeddable":true,"href":"https:\/\/biblian.is\/videy\/wp-json\/wp\/v2\/comments?post=22112"}],"version-history":[{"count":0,"href":"https:\/\/biblian.is\/videy\/wp-json\/wp\/v2\/pages\/22112\/revisions"}],"wp:attachment":[{"href":"https:\/\/biblian.is\/videy\/wp-json\/wp\/v2\/media?parent=22112"}],"curies":[{"name":"wp","href":"https:\/\/api.w.org\/{rel}","templated":true}]}}