{"id":22111,"date":"2018-01-02T01:05:40","date_gmt":"2018-01-02T01:05:40","guid":{"rendered":"http:\/\/biblian.is\/videy\/siraksbok-17-kafli\/"},"modified":"2018-01-02T01:05:40","modified_gmt":"2018-01-02T01:05:40","slug":"siraksbok-17-kafli","status":"publish","type":"page","link":"https:\/\/biblian.is\/videy\/siraksbok-17-kafli\/","title":{"rendered":"S\u00edraksb\u00f3k 17. kafli"},"content":{"rendered":"<div class=\"fyrirsognVidey\">Um mannsins sk\u00f6pun og \u00e1kv\u00f6r\u00f0un. Gu\u00f0s r\u00e9ttl\u00e6ti og g\u00e6sku.<\/div>\n<p><a name=\"1\"><span class=\"versanumer\">1<\/span><\/a>Drottinn sk\u00f3p manninn af j\u00f6r\u00f0u,<a name=\"2\"><span class=\"versanumer\">2<\/span><\/a>og l\u00e9t hann aftur til hennar hverfa.<a name=\"3\"><span class=\"versanumer\">3<\/span><\/a>Dagat\u00f6lu og tiltekinn t\u00edma gaf hann \u00feeim <span class='VideyAth'>(m\u00f6nnunum)<\/span>, og hann gaf \u00feeim vald yfir \u00f6llu sem er \u00e1 j\u00f6r\u00f0unni. Hann \u00fatbj\u00f3 \u00fe\u00e1 me\u00f0 krafti, og eftir sinni mynd sk\u00f3p hann \u00fe\u00e1.<a name=\"4\"><span class=\"versanumer\">4<\/span><\/a>Hann l\u00e9t allt hold hafa beyg af \u00feeim, og l\u00e9t \u00fe\u00e1 drottna yfir d\u00fdrum og fuglum.<a name=\"5\"><span class=\"versanumer\">5<\/span><\/a>Hann gaf \u00feeim r\u00e1\u00f0deild, m\u00e1l og augu, eyru og hjarta til a\u00f0 yfirvega. Me\u00f0 skilningsfullri \u00feekkingu fyllti hann \u00fe\u00e1.<a name=\"6\"><span class=\"versanumer\">6<\/span><\/a>Og gott og illt s\u00fdndi hann \u00feeim.<a name=\"7\"><span class=\"versanumer\">7<\/span><\/a>Hann setti sitt auga \u00ed \u00feeirra hj\u00f6rtu,<a name=\"8\"><span class=\"versanumer\">8<\/span><\/a>til \u00feess a\u00f0 l\u00e1ta \u00fe\u00e1 sj\u00e1 mikileik sinna verka, svo a\u00f0 \u00feeir skyldu kunngj\u00f6ra hans d\u00e1semdarverk og lofa hans heilaga nafn.<a name=\"9\"><span class=\"versanumer\">9<\/span><\/a>Hann j\u00f3k \u00feeirra \u00feekkingu, og gaf \u00feeim til eignar l\u00edfsins l\u00f6gm\u00e1l.<a name=\"10\"><span class=\"versanumer\">10<\/span><\/a>Hann gj\u00f6r\u00f0i vi\u00f0 \u00fe\u00e1 eil\u00edfan s\u00e1ttm\u00e1la, og opinbera\u00f0i \u00feeim s\u00edn r\u00e9ttindi.<a name=\"11\"><span class=\"versanumer\">11<\/span><\/a>Mikileik hans d\u00fdr\u00f0ar s\u00e1u \u00feeirra augu og hans d\u00fdr\u00f0legu raust heyr\u00f0u \u00feeirra eyru.<a name=\"12\"><span class=\"versanumer\">12<\/span><\/a>Og hann sag\u00f0i vi\u00f0 \u00fe\u00e1: g\u00e6ti\u00f0 y\u00f0ar vi\u00f0 \u00f6llum rangindum! Og gaf \u00feeim einum og s\u00e9rhv\u00f6rjum bo\u00f0or\u00f0 vi\u00f0v\u00edkjandi hans n\u00e1unga.<a name=\"13\"><span class=\"versanumer\">13<\/span><\/a>\u00deeirra vegir eru honum \u00e1vallt opinberir; \u00feeir geta ei veri\u00f0 huldir fyrir hans augum.<a name=\"14\"><span class=\"versanumer\">14<\/span><\/a>Hv\u00f6rri \u00fej\u00f3\u00f0 hefir hann sett forst\u00f6\u00f0umenn;<a name=\"15\"><span class=\"versanumer\">15<\/span><\/a>en \u00cdsrael er Drottins hlutdeild.<a name=\"16\"><span class=\"versanumer\">16<\/span><\/a>\u00d6ll \u00feeirra verk eru, eins og s\u00f3lin, honum opinber, og hans augu horfa \u00e1n afl\u00e1ts \u00e1 \u00feeirra vegu.<a name=\"17\"><span class=\"versanumer\">17<\/span><\/a>\u00d3dulin eru honum \u00feeirra rangindi, og allar \u00feeirra syndir eru opinberar fyrir Drottni. <br \/><a name=\"18\"><span class=\"versanumer\">18<\/span><\/a>G\u00f3\u00f0gj\u00f6r\u00f0ir mannsins eru hj\u00e1 honum <span class='VideyAth'>(geymdar)<\/span> sem signetshringur, og g\u00f3\u00f0semi mannsins var\u00f0veitir hann sem sinn augastein.<a name=\"19\"><span class=\"versanumer\">19<\/span><\/a>H\u00e9r eftir mun hann taka sig upp og umbuna; hann mun gefa umbunina \u00e1 \u00feeirra h\u00f6fu\u00f0.<a name=\"20\"><span class=\"versanumer\">20<\/span><\/a>En \u00feeir sem sig b\u00e6ta, gefur hann afturhvarf, og upp\u00f6rvar \u00fe\u00e1 sem missa \u00feolg\u00e6\u00f0is.<a name=\"21\"><span class=\"versanumer\">21<\/span><\/a>Sn\u00fa \u00fe\u00e9r til Drottins, og seg skili\u00f0 vi\u00f0 syndina;<a name=\"22\"><span class=\"versanumer\">22<\/span><\/a>bi\u00f0 \u00fe\u00fa hann, og minnka hneyksli\u00f0.<a name=\"23\"><span class=\"versanumer\">23<\/span><\/a>Sn\u00fa \u00fe\u00e9r til ens \u00e6\u00f0sta, sn\u00fa \u00fe\u00e9r fr\u00e1 rangl\u00e6ti.<a name=\"24\"><span class=\"versanumer\">24<\/span><\/a>Og hata me\u00f0 einl\u00e6gni vi\u00f0bj\u00f3\u00f0inn. <br \/><a name=\"25\"><span class=\"versanumer\">25<\/span><\/a>Hv\u00f6r getur vegsama\u00f0 \u00feann \u00e6\u00f0sta \u00ed undirheimum,<a name=\"26\"><span class=\"versanumer\">26<\/span><\/a>\u00ed sta\u00f0 \u00feeirra sem lifa, \u00feeirra lifandi sem syngja honum lof? Lofgj\u00f6r\u00f0in hefir enda hj\u00e1 \u00feeim dau\u00f0u, sem ekki eru til.<a name=\"27\"><span class=\"versanumer\">27<\/span><\/a>Hv\u00f6r sem lifir og er heill, s\u00e1 getur lofa\u00f0 Drottin. <br \/><a name=\"28\"><span class=\"versanumer\">28<\/span><\/a>Hv\u00f6rsu mikil er Drottins miskunnsemi og s\u00e1ttgirni vi\u00f0 \u00fe\u00e1 sem sn\u00faa s\u00e9r til hans!<a name=\"29\"><span class=\"versanumer\">29<\/span><\/a>Allt getur ekki \u00ed m\u00f6nnunum veri\u00f0, \u00fear e\u00f0 mannsins barn er ekki \u00f3dau\u00f0legt.<a name=\"30\"><span class=\"versanumer\">30<\/span><\/a>Hva\u00f0 er bjartara en s\u00f3lin? \u00fe\u00f3 formyrkvast h\u00fan, og s\u00e1 vondi hefir hugann \u00e1 holdi og bl\u00f3\u00f0i.<a name=\"31\"><span class=\"versanumer\">31<\/span><\/a>H\u00fan <span class='VideyAth'>a)<\/span> s\u00e9r \u00fat yfir her \u00feess h\u00e1a himins, en menn eru mold og aska.<\/p>\n<div class=\"footnoteVidey\">V. 31. a. Nl. s\u00f3lin.<\/div>\n","protected":false},"excerpt":{"rendered":"<p>Um mannsins sk\u00f6pun og \u00e1kv\u00f6r\u00f0un. Gu\u00f0s r\u00e9ttl\u00e6ti og g\u00e6sku. 1Drottinn sk\u00f3p manninn af j\u00f6r\u00f0u,2og l\u00e9t hann aftur til hennar hverfa.3Dagat\u00f6lu og tiltekinn t\u00edma gaf hann \u00feeim (m\u00f6nnunum), og hann gaf \u00feeim vald yfir \u00f6llu sem er \u00e1 j\u00f6r\u00f0unni. Hann \u00fatbj\u00f3 \u00fe\u00e1 me\u00f0 krafti, og eftir sinni mynd sk\u00f3p hann \u00fe\u00e1.4Hann l\u00e9t allt hold hafa beyg af \u00feeim, og l\u00e9t \u00fe\u00e1 drottna yfir d\u00fdrum og fuglum.5Hann gaf \u00feeim r\u00e1\u00f0deild, m\u00e1l og augu, eyru og hjarta til a\u00f0 yfirvega. Me\u00f0 skilningsfullri \u00feekkingu fyllti hann \u00fe\u00e1.6Og gott og illt s\u00fdndi hann \u00feeim.7Hann setti sitt auga \u00ed \u00feeirra hj\u00f6rtu,8til \u00feess a\u00f0 l\u00e1ta \u00fe\u00e1 sj\u00e1 <a href=\"https:\/\/biblian.is\/videy\/siraksbok-17-kafli\/\"> [&#8230;]<\/a><\/p>\n","protected":false},"author":1,"featured_media":0,"parent":0,"menu_order":0,"comment_status":"open","ping_status":"open","template":"bibliukaflar.php","meta":{"footnotes":""},"class_list":["post-22111","page","type-page","status-publish","hentry"],"_links":{"self":[{"href":"https:\/\/biblian.is\/videy\/wp-json\/wp\/v2\/pages\/22111","targetHints":{"allow":["GET"]}}],"collection":[{"href":"https:\/\/biblian.is\/videy\/wp-json\/wp\/v2\/pages"}],"about":[{"href":"https:\/\/biblian.is\/videy\/wp-json\/wp\/v2\/types\/page"}],"author":[{"embeddable":true,"href":"https:\/\/biblian.is\/videy\/wp-json\/wp\/v2\/users\/1"}],"replies":[{"embeddable":true,"href":"https:\/\/biblian.is\/videy\/wp-json\/wp\/v2\/comments?post=22111"}],"version-history":[{"count":0,"href":"https:\/\/biblian.is\/videy\/wp-json\/wp\/v2\/pages\/22111\/revisions"}],"wp:attachment":[{"href":"https:\/\/biblian.is\/videy\/wp-json\/wp\/v2\/media?parent=22111"}],"curies":[{"name":"wp","href":"https:\/\/api.w.org\/{rel}","templated":true}]}}