{"id":22100,"date":"2018-01-02T01:05:34","date_gmt":"2018-01-02T01:05:34","guid":{"rendered":"http:\/\/biblian.is\/videy\/siraksbok-6-kafli\/"},"modified":"2018-01-02T01:05:34","modified_gmt":"2018-01-02T01:05:34","slug":"siraksbok-6-kafli","status":"publish","type":"page","link":"https:\/\/biblian.is\/videy\/siraksbok-6-kafli\/","title":{"rendered":"S\u00edraksb\u00f3k 6. kafli"},"content":{"rendered":"<div class=\"fyrirsognVidey\">Sama efni.<\/div>\n<p><a name=\"1\"><span class=\"versanumer\">1<\/span><\/a>Hafir \u00fe\u00fa veri\u00f0 vinur, \u00fe\u00e1 skaltu ei gj\u00f6rast \u00f3vinur; \u00fev\u00ed illt mannor\u00f0, spott og sk\u00f6mm ver\u00f0ur hlutdeild sl\u00edkra manna, eins og \u00feess tv\u00edtyngda.<a name=\"2\"><span class=\"versanumer\">2<\/span><\/a>Upphef \u00feig ekki \u00ed \u00e1formi \u00feinnar s\u00e1lar, svo a\u00f0 \u00fe\u00edn s\u00e1l ekki ver\u00f0i sundurt\u00e6tt, eins og manneygt naut.<a name=\"3\"><span class=\"versanumer\">3<\/span><\/a>\u00de\u00edn bl\u00f6\u00f0 ver\u00f0i af <span class='VideyAth'>(\u00fe\u00e9r)<\/span> n\u00f6gu\u00f0, \u00fe\u00ednir \u00e1vextir skemmdir, og fr\u00e1 \u00fe\u00e9r ver\u00f0i gengi\u00f0 sem \u00feurru tr\u00e9.<a name=\"4\"><span class=\"versanumer\">4<\/span><\/a>Vond s\u00e1l ey\u00f0ileggur sinn eiganda, og gj\u00f6rir hann a\u00f0 athl\u00e6gi sinna \u00f3vina. <br \/><a name=\"5\"><span class=\"versanumer\">5<\/span><\/a>Bl\u00ed\u00f0legt \u00e1varp fj\u00f6lgar vinum, og velhlj\u00f3mandi tunga <span class='VideyAth'>a)<\/span> fj\u00f6lgar vinsamlegum \u00e1v\u00f6rpum.<a name=\"6\"><span class=\"versanumer\">6<\/span><\/a>Margir hafi fri\u00f0 vi\u00f0 \u00feig, en einn af \u00fe\u00fasund s\u00e9 \u00feinn r\u00e1\u00f0anautur.<a name=\"7\"><span class=\"versanumer\">7<\/span><\/a>Eignistu vin, \u00fe\u00e1 skaltu eignast hann \u00ed reynslu, og tr\u00fa\u00f0u honum ekki flj\u00f3tt.<a name=\"8\"><span class=\"versanumer\">8<\/span><\/a>\u00dev\u00ed margur er vinur \u00feegar honum hagar, og ver\u00f0ur ei tr\u00far \u00e1 degi \u00feinnar ney\u00f0ar.<a name=\"9\"><span class=\"versanumer\">9<\/span><\/a>Margur vinur ver\u00f0ur \u00f3vinur og upplj\u00f3star um \u00feig \u00fe\u00ednum sv\u00edvir\u00f0ubardaga.<a name=\"10\"><span class=\"versanumer\">10<\/span><\/a>Margur vinur b\u00fd\u00f0ur \u00fe\u00e9r gjarnan til bor\u00f0s me\u00f0 s\u00e9r, en ver\u00f0ur ei tr\u00far \u00feegar \u00fe\u00e9r \u00e1 liggur.<a name=\"11\"><span class=\"versanumer\">11<\/span><\/a>\u00cd eigum \u00fe\u00ednum <span class='VideyAth'>(vasar b)<\/span> hann sem \u00fe\u00fa, og vi\u00f0 \u00fe\u00edna heimamenn er hann djarfm\u00e6ltur.<a name=\"12\"><span class=\"versanumer\">12<\/span><\/a>Gangi \u00fe\u00e9r illa, svo er hann \u00e1 m\u00f3ti \u00fe\u00e9r, og felur sig fyrir \u00fe\u00ednu augliti.<a name=\"13\"><span class=\"versanumer\">13<\/span><\/a>Vertu fj\u00e6rl\u00e6gur \u00fe\u00ednum \u00f3vinum, og vara\u00f0u \u00feig l\u00edka \u00e1 \u00fe\u00ednum vinum.<a name=\"14\"><span class=\"versanumer\">14<\/span><\/a>Tr\u00far vinur er \u00f6rugg v\u00f6rn; og hv\u00f6r sem hann finnur, s\u00e1 hefir fundi\u00f0 sj\u00f3\u00f0.<a name=\"15\"><span class=\"versanumer\">15<\/span><\/a>Tr\u00far vinur er \u00f3metanlegur, engin vog tekur hans ver\u00f0.<a name=\"16\"><span class=\"versanumer\">16<\/span><\/a>Tr\u00far vinur er l\u00e6knisme\u00f0al l\u00edfsins, og \u00feeir, sem \u00f3ttast Drottin, finna hann.<a name=\"17\"><span class=\"versanumer\">17<\/span><\/a>S\u00e1 sem \u00f3ttast Drottin lei\u00f0ir sinn vin, \u00fev\u00ed eins og hann er, svo mun og s\u00e1 annar <span class='VideyAth'>(vera)<\/span>. <br \/><a name=\"18\"><span class=\"versanumer\">18<\/span><\/a>Elska, barn, uppfr\u00e6\u00f0ingu fr\u00e1 \u00e6skualdri, svo muntu finna visku til elli\u00e1ra;<a name=\"19\"><span class=\"versanumer\">19<\/span><\/a>eins og s\u00e1, sem pl\u00e6gir og s\u00e1ir, svo haltu \u00fe\u00e9r til hennar, og b\u00fast vi\u00f0 hennar \u00e1v\u00f6xtum.<a name=\"20\"><span class=\"versanumer\">20<\/span><\/a>Stuttan t\u00edma muntu m\u00e6\u00f0a \u00feig, me\u00f0 \u00fev\u00ed a\u00f0 vinna a\u00f0 henni, en flj\u00f3tt muntu nj\u00f3ta hennar \u00e1vaxta.<a name=\"21\"><span class=\"versanumer\">21<\/span><\/a>Erfi\u00f0 er h\u00fan \u00feeim \u00f3n\u00e1mf\u00fasa, og s\u00e1 f\u00e1v\u00edsi eirir ei hj\u00e1 henni.<a name=\"22\"><span class=\"versanumer\">22<\/span><\/a>Eins og mikill pr\u00f3fsteinn leggst h\u00fan \u00e1 hann, og hann frestar ei lengi a\u00f0 snara henni fr\u00e1 s\u00e9r.<a name=\"23\"><span class=\"versanumer\">23<\/span><\/a>\u00dev\u00ed viskan er eins og nafn hennar er, og f\u00e1um ver\u00f0ur h\u00fan opinberu\u00f0.<a name=\"24\"><span class=\"versanumer\">24<\/span><\/a>Heyr, barn, og me\u00f0tak m\u00edna tils\u00f6gn, og burtsk\u00fafa ekki m\u00ednu r\u00e1\u00f0i!<a name=\"25\"><span class=\"versanumer\">25<\/span><\/a>L\u00e1ttu \u00fe\u00edna f\u00e6tur \u00ed hennar fj\u00f6tra og \u00feinn h\u00e1ls \u00ed hennar h\u00e1lsband.<a name=\"26\"><span class=\"versanumer\">26<\/span><\/a>Frambj\u00f3\u00f0 \u00fe\u00ednar her\u00f0ar og ber hana, og haf engan \u00edmugust \u00e1 hennar b\u00f6ndum.<a name=\"27\"><span class=\"versanumer\">27<\/span><\/a>N\u00e1l\u00e6g\u00f0u \u00feig henni af \u00f6llu hjarta, og var\u00f0veittu hennar vegu af \u00f6llum \u00fe\u00ednum m\u00e6tti.<a name=\"28\"><span class=\"versanumer\">28<\/span><\/a>Grennslastu eftir henni, og leita hennar, \u00fe\u00e1 mun h\u00fan ver\u00f0a \u00fe\u00e9r kunnug; og eignist \u00fe\u00fa hana, \u00fe\u00e1 l\u00e1ttu hana ekki fr\u00e1 \u00fe\u00e9r;<a name=\"29\"><span class=\"versanumer\">29<\/span><\/a>\u00fev\u00ed a\u00f0 lyktum muntu endurn\u00e6ringu af henni hafa, og h\u00fan mun sn\u00faast \u00fe\u00e9r \u00ed f\u00f6gnu\u00f0.<a name=\"30\"><span class=\"versanumer\">30<\/span><\/a>Hennar fj\u00f6trar ver\u00f0a \u00fe\u00e9r a\u00f0 sterkri v\u00f6rn, og hennar h\u00e1lsband a\u00f0 d\u00fdr\u00f0legu skarti.<a name=\"31\"><span class=\"versanumer\">31<\/span><\/a>\u00dev\u00ed h\u00fan ber gullskart, og hennar b\u00f6nd eru ofin \u00far bl\u00e1u silki.<a name=\"32\"><span class=\"versanumer\">32<\/span><\/a>\u00de\u00fa munt kl\u00e6\u00f0ast henni sem d\u00fdrri skikkju, og setja \u00fe\u00e9r \u00e1 h\u00f6fu\u00f0 fagna\u00f0ark\u00f3r\u00f3nu.<a name=\"33\"><span class=\"versanumer\">33<\/span><\/a>Viljir \u00fe\u00fa, barn, svo ver\u00f0ur \u00fe\u00fa mennta\u00f0, og gefir \u00fe\u00fa \u00fe\u00edna s\u00e1l <span class='VideyAth'>(viskunni)<\/span> f\u00e6r \u00fe\u00fa hyggindi.<a name=\"34\"><span class=\"versanumer\">34<\/span><\/a>Ef \u00fe\u00fa girnist a\u00f0 heyra, muntu me\u00f0taka <span class='VideyAth'>(hana)<\/span>, og leggir \u00fe\u00fa vi\u00f0 eyrun, svo ver\u00f0ur \u00fe\u00fa hygginn.<br \/><a name=\"35\"><span class=\"versanumer\">35<\/span><\/a>Kom \u00fe\u00fa \u00e1 samkomur enna g\u00f6mlu, og halt \u00feig til hv\u00f6rs manns sem er vitur.<a name=\"36\"><span class=\"versanumer\">36<\/span><\/a>Heyr \u00fe\u00fa gjarnan hva\u00f0 eitt tal um gu\u00f0leg efni, og l\u00e1ttu ei hj\u00e1 \u00fe\u00e9r skj\u00f3tast snillyr\u00f0i viskunnar.<a name=\"37\"><span class=\"versanumer\">37<\/span><\/a>Hvar sem \u00fe\u00fa s\u00e9r skynsaman mann, \u00fe\u00e1 heims\u00e6k hann snemma, og \u00feinn f\u00f3tur gangi oft um hans dyrastiga.<a name=\"38\"><span class=\"versanumer\">38<\/span><\/a>Hugsa um Drottins bo\u00f0or\u00f0, og mundu \u00e6t\u00ed\u00f0 til hans skipana. Hann mun festa \u00feitt hjarta, og \u00fe\u00edn l\u00f6ngun eftir visku, mun \u00fe\u00e9r veitast.<\/p>\n<div class=\"footnoteVidey\">V. 5. a. Eiginl. s\u00e6tur barki.  V. 11. b. Eiginl. er hann.<\/div>\n","protected":false},"excerpt":{"rendered":"<p>Sama efni. 1Hafir \u00fe\u00fa veri\u00f0 vinur, \u00fe\u00e1 skaltu ei gj\u00f6rast \u00f3vinur; \u00fev\u00ed illt mannor\u00f0, spott og sk\u00f6mm ver\u00f0ur hlutdeild sl\u00edkra manna, eins og \u00feess tv\u00edtyngda.2Upphef \u00feig ekki \u00ed \u00e1formi \u00feinnar s\u00e1lar, svo a\u00f0 \u00fe\u00edn s\u00e1l ekki ver\u00f0i sundurt\u00e6tt, eins og manneygt naut.3\u00de\u00edn bl\u00f6\u00f0 ver\u00f0i af (\u00fe\u00e9r) n\u00f6gu\u00f0, \u00fe\u00ednir \u00e1vextir skemmdir, og fr\u00e1 \u00fe\u00e9r ver\u00f0i gengi\u00f0 sem \u00feurru tr\u00e9.4Vond s\u00e1l ey\u00f0ileggur sinn eiganda, og gj\u00f6rir hann a\u00f0 athl\u00e6gi sinna \u00f3vina. 5Bl\u00ed\u00f0legt \u00e1varp fj\u00f6lgar vinum, og velhlj\u00f3mandi tunga a) fj\u00f6lgar vinsamlegum \u00e1v\u00f6rpum.6Margir hafi fri\u00f0 vi\u00f0 \u00feig, en einn af \u00fe\u00fasund s\u00e9 \u00feinn r\u00e1\u00f0anautur.7Eignistu vin, \u00fe\u00e1 skaltu eignast hann \u00ed reynslu, og tr\u00fa\u00f0u <a href=\"https:\/\/biblian.is\/videy\/siraksbok-6-kafli\/\"> [&#8230;]<\/a><\/p>\n","protected":false},"author":1,"featured_media":0,"parent":0,"menu_order":0,"comment_status":"open","ping_status":"open","template":"bibliukaflar.php","meta":{"footnotes":""},"class_list":["post-22100","page","type-page","status-publish","hentry"],"_links":{"self":[{"href":"https:\/\/biblian.is\/videy\/wp-json\/wp\/v2\/pages\/22100","targetHints":{"allow":["GET"]}}],"collection":[{"href":"https:\/\/biblian.is\/videy\/wp-json\/wp\/v2\/pages"}],"about":[{"href":"https:\/\/biblian.is\/videy\/wp-json\/wp\/v2\/types\/page"}],"author":[{"embeddable":true,"href":"https:\/\/biblian.is\/videy\/wp-json\/wp\/v2\/users\/1"}],"replies":[{"embeddable":true,"href":"https:\/\/biblian.is\/videy\/wp-json\/wp\/v2\/comments?post=22100"}],"version-history":[{"count":0,"href":"https:\/\/biblian.is\/videy\/wp-json\/wp\/v2\/pages\/22100\/revisions"}],"wp:attachment":[{"href":"https:\/\/biblian.is\/videy\/wp-json\/wp\/v2\/media?parent=22100"}],"curies":[{"name":"wp","href":"https:\/\/api.w.org\/{rel}","templated":true}]}}