{"id":22098,"date":"2018-01-02T01:05:34","date_gmt":"2018-01-02T01:05:34","guid":{"rendered":"http:\/\/biblian.is\/videy\/siraksbok-4-kafli\/"},"modified":"2018-01-02T01:05:34","modified_gmt":"2018-01-02T01:05:34","slug":"siraksbok-4-kafli","status":"publish","type":"page","link":"https:\/\/biblian.is\/videy\/siraksbok-4-kafli\/","title":{"rendered":"S\u00edraksb\u00f3k 4. kafli"},"content":{"rendered":"<div class=\"fyrirsognVidey\">Fleiri l\u00edfsreglur.<\/div>\n<p><a name=\"1\"><span class=\"versanumer\">1<\/span><\/a>Barn! synja ei \u00feeim f\u00e1t\u00e6ka um bj\u00f6rg, og l\u00e1t \u00feurfandi augu ekki lengi m\u00e6na!<a name=\"2\"><span class=\"versanumer\">2<\/span><\/a>Gr\u00e6t ekki hungra\u00f0a s\u00e1l og skaprauna ekki manni \u00ed hans vandr\u00e6\u00f0um.<a name=\"3\"><span class=\"versanumer\">3<\/span><\/a>Angra \u00fe\u00fa ekki enn meir angra\u00f0 hjarta, og drag ei undan a\u00f0 gefa \u00feeim nau\u00f0stadda.<a name=\"4\"><span class=\"versanumer\">4<\/span><\/a>V\u00edsa\u00f0u ekki fr\u00e1, \u00feeim sem bi\u00f0ur \u00ed sinni ney\u00f0, og sn\u00fa ei \u00fe\u00ednu augliti fr\u00e1 \u00feeim snau\u00f0a.<a name=\"5\"><span class=\"versanumer\">5<\/span><\/a>Sn\u00fa ei \u00fe\u00ednu auga fr\u00e1 \u00feeim nau\u00f0stadda, gef engum tilefni til a\u00f0 bi\u00f0ja \u00fe\u00e9r \u00f3b\u00e6na.<a name=\"6\"><span class=\"versanumer\">6<\/span><\/a>\u00dev\u00ed ef hann bi\u00f0ur \u00fe\u00e9r ills \u00ed sinni hjarta sorg, svo mun Skaparinn heyra hans b\u00e6n. <br \/><a name=\"7\"><span class=\"versanumer\">7<\/span><\/a>Gj\u00f6r \u00feig elska\u00f0an hj\u00e1 s\u00f6fnu\u00f0inum, og hneig \u00feitt h\u00f6fu\u00f0 fyrir \u00feeim voldugu.<a name=\"8\"><span class=\"versanumer\">8<\/span><\/a>Hneig \u00feitt eyra til \u00feess snau\u00f0a, og svara honum vinsamlega me\u00f0 h\u00f3gv\u00e6r\u00f0.<a name=\"9\"><span class=\"versanumer\">9<\/span><\/a>Losa \u00feann undir\u00ferykkta \u00far hendi \u00feess sem undir\u00ferykkir, og vertu ekki l\u00edtilsigldur \u00feegar \u00fe\u00fa d\u00e6mir.<a name=\"10\"><span class=\"versanumer\">10<\/span><\/a>Vertu muna\u00f0arlausum sem fa\u00f0ir, og m\u00f3\u00f0ur \u00feeirra \u00ed manns sta\u00f0.<a name=\"11\"><span class=\"versanumer\">11<\/span><\/a>Svo muntu vera sem sonur ens \u00e6\u00f0sta, og hann mun elska \u00feig meir en m\u00f3\u00f0ir \u00fe\u00edn. <br \/><a name=\"12\"><span class=\"versanumer\">12<\/span><\/a>Spekin upphefur til s\u00edn s\u00edna syni og tekur vi\u00f0 \u00feeim sem hennar leita.<a name=\"13\"><span class=\"versanumer\">13<\/span><\/a>Hv\u00f6r sem hana elskar, s\u00e1 elskar l\u00edfi\u00f0, og \u00feeir sem fara \u00e1 f\u00e6tur til hennar snemma, ver\u00f0a me\u00f0 f\u00f6gnu\u00f0i metta\u00f0ir.<a name=\"14\"><span class=\"versanumer\">14<\/span><\/a>Hv\u00f6r sem heldur sig fast a\u00f0 henni, mun f\u00e1 hei\u00f0ur; og hv\u00f6rt sem h\u00fan kemur, \u00fear mun Herrann veita blessan.<a name=\"15\"><span class=\"versanumer\">15<\/span><\/a>\u00deeir sem henni \u00fej\u00f3na, \u00feeir \u00fej\u00f3na \u00feeim heilaga og Drottinn elskar \u00fe\u00e1 sem hana elska.<a name=\"16\"><span class=\"versanumer\">16<\/span><\/a>Hv\u00f6r sem henni hl\u00fd\u00f0ir mun \u00fej\u00f3\u00f0irnar d\u00e6ma, og hv\u00f6r sem heldur sig til hennar, mun b\u00faa \u00f3hultur.<a name=\"17\"><span class=\"versanumer\">17<\/span><\/a>Ef \u00fe\u00fa tr\u00fair henni fyrir \u00fe\u00e9r, muntu f\u00e1 hana til eignar og \u00fe\u00ednir ni\u00f0jar munu erfa hana.<a name=\"18\"><span class=\"versanumer\">18<\/span><\/a>H\u00fan lei\u00f0ir hann <span class='VideyAth'>(manninn)<\/span> \u00ed upphafi kr\u00f3k\u00f3tta g\u00f6tu,<a name=\"19\"><span class=\"versanumer\">19<\/span><\/a>og lei\u00f0ir yfir hann hr\u00e6\u00f0slu og hugleysi og pl\u00e1gar hann me\u00f0 s\u00ednum aga, \u00feanga\u00f0 til h\u00fan tr\u00fair hans s\u00e1lu og hefir pr\u00f3fa\u00f0 hann \u00ed s\u00ednum l\u00f6gum.<a name=\"20\"><span class=\"versanumer\">20<\/span><\/a>En \u00fe\u00e1 sn\u00fdr h\u00fan til hans aftur \u00e1 sl\u00e9ttum vegi og gle\u00f0ur hann,<a name=\"21\"><span class=\"versanumer\">21<\/span><\/a>og opinberar honum s\u00edna leyndard\u00f3ma.<a name=\"22\"><span class=\"versanumer\">22<\/span><\/a>Ef hann villist \u00ed burt, svo yfirgefur h\u00fan hann, og l\u00e6tur hann detta eins og hann vill. <br \/><a name=\"23\"><span class=\"versanumer\">23<\/span><\/a>G\u00e6t \u00feess r\u00e9tta t\u00edma; og varast hi\u00f0 vonda,<a name=\"24\"><span class=\"versanumer\">24<\/span><\/a>og skammast \u00fe\u00edn ekki fyrir \u00fe\u00edna s\u00e1l.<a name=\"25\"><span class=\"versanumer\">25<\/span><\/a>\u00dev\u00ed sneypa er til, sem lei\u00f0ir til syndar, og l\u00edka gefst sneypa til hei\u00f0urs og n\u00e1\u00f0ar.<a name=\"26\"><span class=\"versanumer\">26<\/span><\/a>Gj\u00f6r \u00fe\u00e9r engan mannamun til ska\u00f0a \u00feinni s\u00e1lu, og \u00f3ttast engan \u00fe\u00e9r til tj\u00f3ns.<a name=\"27\"><span class=\"versanumer\">27<\/span><\/a>Haltu ei talinu til baka, \u00fe\u00e1 t\u00edmi er til a\u00f0 bjarga,<a name=\"28\"><span class=\"versanumer\">28<\/span><\/a>og fel ekki \u00feinn v\u00edsd\u00f3m \u00fe\u00e9r til \u00e1g\u00e6tis.<a name=\"29\"><span class=\"versanumer\">29<\/span><\/a>\u00dev\u00ed fyrir tali\u00f0 ver\u00f0ur viskan kunnug, og l\u00e6rd\u00f3mur fyrir tungunnar or\u00f0.<a name=\"30\"><span class=\"versanumer\">30<\/span><\/a>Tala ekki m\u00f3ti sannleikanum og fyrirver\u00f0 \u00feig sakir \u00feess \u00feig skortir l\u00e6rd\u00f3m.<a name=\"31\"><span class=\"versanumer\">31<\/span><\/a>Skammast \u00fe\u00edn ekki a\u00f0 j\u00e1ta \u00fe\u00ednar syndir, og streistu ekki m\u00f3ti straum.<a name=\"32\"><span class=\"versanumer\">32<\/span><\/a>Gef \u00feig ei undir d\u00e1rana, og l\u00edttu ei \u00e1 pers\u00f3nu maktarmannsins.<a name=\"33\"><span class=\"versanumer\">33<\/span><\/a>Berstu fyrir sannleikann fram \u00ed dau\u00f0ann, svo mun Gu\u00f0 Drottinn fyrir \u00feig str\u00ed\u00f0a.<a name=\"34\"><span class=\"versanumer\">34<\/span><\/a>Vertu ekki ofskj\u00f3tur me\u00f0 tungunni, en tregur og lyddulegur \u00ed \u00fe\u00ednum verkum.<a name=\"35\"><span class=\"versanumer\">35<\/span><\/a>Vertu ekki sem lj\u00f3n \u00ed \u00fe\u00ednu h\u00fasi, og gj\u00f6r ei m\u00e6\u00f0u \u00fe\u00ednum heimam\u00f6nnum me\u00f0 \u00fe\u00ednum grillum.<a name=\"36\"><span class=\"versanumer\">36<\/span><\/a>\u00de\u00edn h\u00f6nd s\u00e9 ei framr\u00e9tt til m\u00f3tt\u00f6ku, og l\u00e6st \u00fe\u00e1 gefa skal aftur.<\/p>\n<div class=\"footnoteVidey\"><\/div>\n","protected":false},"excerpt":{"rendered":"<p>Fleiri l\u00edfsreglur. 1Barn! synja ei \u00feeim f\u00e1t\u00e6ka um bj\u00f6rg, og l\u00e1t \u00feurfandi augu ekki lengi m\u00e6na!2Gr\u00e6t ekki hungra\u00f0a s\u00e1l og skaprauna ekki manni \u00ed hans vandr\u00e6\u00f0um.3Angra \u00fe\u00fa ekki enn meir angra\u00f0 hjarta, og drag ei undan a\u00f0 gefa \u00feeim nau\u00f0stadda.4V\u00edsa\u00f0u ekki fr\u00e1, \u00feeim sem bi\u00f0ur \u00ed sinni ney\u00f0, og sn\u00fa ei \u00fe\u00ednu augliti fr\u00e1 \u00feeim snau\u00f0a.5Sn\u00fa ei \u00fe\u00ednu auga fr\u00e1 \u00feeim nau\u00f0stadda, gef engum tilefni til a\u00f0 bi\u00f0ja \u00fe\u00e9r \u00f3b\u00e6na.6\u00dev\u00ed ef hann bi\u00f0ur \u00fe\u00e9r ills \u00ed sinni hjarta sorg, svo mun Skaparinn heyra hans b\u00e6n. 7Gj\u00f6r \u00feig elska\u00f0an hj\u00e1 s\u00f6fnu\u00f0inum, og hneig \u00feitt h\u00f6fu\u00f0 fyrir \u00feeim voldugu.8Hneig \u00feitt eyra til <a href=\"https:\/\/biblian.is\/videy\/siraksbok-4-kafli\/\"> [&#8230;]<\/a><\/p>\n","protected":false},"author":1,"featured_media":0,"parent":0,"menu_order":0,"comment_status":"open","ping_status":"open","template":"bibliukaflar.php","meta":{"footnotes":""},"class_list":["post-22098","page","type-page","status-publish","hentry"],"_links":{"self":[{"href":"https:\/\/biblian.is\/videy\/wp-json\/wp\/v2\/pages\/22098","targetHints":{"allow":["GET"]}}],"collection":[{"href":"https:\/\/biblian.is\/videy\/wp-json\/wp\/v2\/pages"}],"about":[{"href":"https:\/\/biblian.is\/videy\/wp-json\/wp\/v2\/types\/page"}],"author":[{"embeddable":true,"href":"https:\/\/biblian.is\/videy\/wp-json\/wp\/v2\/users\/1"}],"replies":[{"embeddable":true,"href":"https:\/\/biblian.is\/videy\/wp-json\/wp\/v2\/comments?post=22098"}],"version-history":[{"count":0,"href":"https:\/\/biblian.is\/videy\/wp-json\/wp\/v2\/pages\/22098\/revisions"}],"wp:attachment":[{"href":"https:\/\/biblian.is\/videy\/wp-json\/wp\/v2\/media?parent=22098"}],"curies":[{"name":"wp","href":"https:\/\/api.w.org\/{rel}","templated":true}]}}