{"id":22094,"date":"2018-01-02T01:05:34","date_gmt":"2018-01-02T01:05:34","guid":{"rendered":"http:\/\/biblian.is\/videy\/speki-salomons-19-kafli\/"},"modified":"2018-01-02T01:05:34","modified_gmt":"2018-01-02T01:05:34","slug":"speki-salomons-19-kafli","status":"publish","type":"page","link":"https:\/\/biblian.is\/videy\/speki-salomons-19-kafli\/","title":{"rendered":"Speki Sal\u00f3mons 19. kafli"},"content":{"rendered":"<div class=\"fyrirsognVidey\">Sama efni.<\/div>\n<p><a name=\"1\"><span class=\"versanumer\">1<\/span><\/a>En \u00fe\u00e1 gu\u00f0lausu yfirf\u00e9ll \u00f3miskunns\u00f6m rei\u00f0i allt til enda; \u00fev\u00ed hann s\u00e1 l\u00edka fyrirfram \u00feeirra \u00f3komnu verk,<a name=\"2\"><span class=\"versanumer\">2<\/span><\/a>\u00fev\u00ed hann s\u00e1 \u00feeir mundu i\u00f0rast og elta \u00fe\u00e1, eftir a\u00f0 \u00feeir h\u00f6f\u00f0u leyft \u00feeim a\u00f0 fara, og gj\u00f6rt s\u00e9r far a\u00f0 \u00fev\u00ed, a\u00f0 koma \u00feeim af sta\u00f0.<a name=\"3\"><span class=\"versanumer\">3<\/span><\/a>\u00dev\u00ed me\u00f0an \u00feeir enn n\u00fa \u00feoldu illt, og vi\u00f0 grafirnar h\u00f6rmu\u00f0u s\u00edna dau\u00f0u, t\u00f3ku \u00feeir anna\u00f0 f\u00edflskunnar \u00e1form, og ofs\u00f3ttu sem strokumenn \u00fe\u00e1 sem \u00feeir h\u00f6f\u00f0u \u00fatreki\u00f0 og be\u00f0i\u00f0 a\u00f0 fara.<a name=\"4\"><span class=\"versanumer\">4<\/span><\/a>\u00dev\u00ed \u00feeirra maklegu \u00f6rl\u00f6g dr\u00f3gu \u00fe\u00e1 a\u00f0 \u00feessum enda, og l\u00e9tu \u00fe\u00e1 gleyma \u00fev\u00ed sem komi\u00f0 var fram vi\u00f0 \u00fe\u00e1, svo s\u00fa hegning, sem vanta\u00f0i \u00e1 pl\u00e1gurnar, k\u00e6mi algj\u00f6rlega yfir \u00fe\u00e1.<a name=\"5\"><span class=\"versanumer\">5<\/span><\/a>Og svo a\u00f0 \u00feitt f\u00f3lk lyki vi\u00f0 undarlega fer\u00f0, en \u00feeir fyndu \u00f3venjulegan dau\u00f0a.<a name=\"6\"><span class=\"versanumer\">6<\/span><\/a>\u00dev\u00ed \u00f6ll sk\u00f6punin var\u00f0 \u00ed s\u00ednu eiginlegu e\u00f0li \u00e1 n\u00fd umsk\u00f6pu\u00f0, til \u00feess, a\u00f0 \u00fej\u00f3na a\u00f0 \u00fe\u00ednum s\u00e9rdeilislegu bo\u00f0um, svo \u00fe\u00edn b\u00f6rn \u00f3sk\u00f6ddu\u00f0 vi\u00f0h\u00e9ldust.<a name=\"7\"><span class=\"versanumer\">7<\/span><\/a>Menn s\u00e1u sk\u00fdin skyggja \u00e1 herb\u00fa\u00f0irnar, og \u00fear sem \u00e1\u00f0ur haf\u00f0i vatn sta\u00f0i\u00f0, s\u00e1u menn \u00feurrlendi uppkoma, \u00far \u00fev\u00ed rau\u00f0a hafi, hindrunarlausan veg, og \u00far storm\u00e6stu fl\u00f3\u00f0i, gr\u00e6nt land.<a name=\"8\"><span class=\"versanumer\">8<\/span><\/a>\u00dear yfir f\u00f3ru \u00ed einum h\u00f3p \u00feeir, sem \u00fe\u00edn h\u00f6nd hl\u00edf\u00f0i og s\u00e1u miki\u00f0 undur.<a name=\"9\"><span class=\"versanumer\">9<\/span><\/a>\u00dev\u00ed eins og hross gengu \u00feeir \u00ed haga, og stukku sem l\u00f6mb, \u00ed \u00fev\u00ed \u00feeir lofu\u00f0u \u00feig, Drottinn, sem haf\u00f0ir frelsa\u00f0 \u00fe\u00e1,<a name=\"10\"><span class=\"versanumer\">10<\/span><\/a>\u00fev\u00ed \u00feeir mundu \u00fea\u00f0 enn, sem ske\u00f0 var, me\u00f0an \u00feeir dv\u00f6ldu <span class='VideyAth'>(\u00ed Egyptalandi)<\/span> hv\u00f6rsu j\u00f6r\u00f0in \u00ed sta\u00f0 \u00feess, a\u00f0 geta af s\u00e9r <span class='VideyAth'>(\u00f6nnur)<\/span> d\u00fdr, framleiddi m\u00fd, og hv\u00f6rsu \u00e1in, \u00ed sta\u00f0 <span class='VideyAth'>(annarra)<\/span> vatnsd\u00fdra kasta\u00f0i \u00e1 land fj\u00f6lda af froskum.<a name=\"11\"><span class=\"versanumer\">11<\/span><\/a>Seinast s\u00e1u \u00feeir og n\u00fdja tegund af fuglum, \u00fe\u00e1 \u00feeir af l\u00f6ngun tilkn\u00fa\u00f0ir b\u00e1\u00f0u um lj\u00fafmeti.<a name=\"12\"><span class=\"versanumer\">12<\/span><\/a>\u00dev\u00ed, \u00feeim til \u00e1n\u00e6gju, komu til \u00feeirra vaktelur \u00far hafinu.<a name=\"13\"><span class=\"versanumer\">13<\/span><\/a>L\u00edka kom straff yfir syndarana, \u00fe\u00f3 ekki \u00e1n teikna, sem voru voldugar eldingar; \u00fev\u00ed r\u00e9ttilega li\u00f0u \u00feeir fyrir s\u00edna eiginlegu vonsku; \u00fev\u00ed \u00feeir h\u00f6f\u00f0u i\u00f0ka\u00f0 enn meira hatur vi\u00f0 framandi menn <span class='VideyAth'>(en S\u00f3dom\u00edtar)<\/span>.<a name=\"14\"><span class=\"versanumer\">14<\/span><\/a>\u00deeir h\u00fdstu ekki \u00f3kennda \u00fe\u00f3 til \u00feeirra k\u00e6mu, en \u00feessir <span class='VideyAth'>(Egypskir)<\/span> \u00fevingu\u00f0u \u00fe\u00e1 framandi, sem h\u00f6f\u00f0u au\u00f0s\u00fdnt \u00feeim velgj\u00f6r\u00f0, til \u00fer\u00e6ld\u00f3ms.<a name=\"15\"><span class=\"versanumer\">15<\/span><\/a>Og ekki a\u00f0eins \u00fea\u00f0, heldur, hv\u00f6rs \u00feeir og munu gjalda: \u00feegar hinir t\u00f3ku \u00f3vinsamlega m\u00f3ti framandi m\u00f6nnum,<a name=\"16\"><span class=\"versanumer\">16<\/span><\/a>\u00fe\u00e1 t\u00f3ku \u00feessir vi\u00f0 \u00feeim me\u00f0 veislum, svo sem hef\u00f0u \u00feeir sama r\u00e9tt og \u00feeir, og pl\u00e1gu\u00f0u \u00fe\u00e1 s\u00ed\u00f0an me\u00f0 \u00f3ttalegu erfi\u00f0i.<a name=\"17\"><span class=\"versanumer\">17<\/span><\/a>\u00deeir voru og slegnir me\u00f0 blindni eins og hinir \u00fati fyrir dyrum \u00feess r\u00e9ttl\u00e1ta, \u00fe\u00e1 \u00feeir \u00ed svartamyrkri leitu\u00f0u, hv\u00f6r einn a\u00f0 inngangi sinna dyra.<a name=\"18\"><span class=\"versanumer\">18<\/span><\/a>\u00dev\u00ed h\u00f6fu\u00f0skepnurnar breyttu t\u00f3num innbyr\u00f0is, eins og t\u00f3nar \u00e1 hlj\u00f3\u00f0f\u00e6r breyta taktsins tegund, en allt\u00ed\u00f0 eru vi\u00f0 sinn hlj\u00f3m, eins og menn geta n\u00e1kv\u00e6mlega s\u00e9\u00f0, \u00fe\u00e1 \u00feeir yfirvega atbur\u00f0ina.<a name=\"19\"><span class=\"versanumer\">19<\/span><\/a>\u00dev\u00ed landd\u00fdr ur\u00f0u a\u00f0 vatnsd\u00fdrum, og \u00fea\u00f0 sem \u00fe\u00e1 synti kom \u00e1 land.<a name=\"20\"><span class=\"versanumer\">20<\/span><\/a>Eldurinn var \u00ed vatninu sterkari en hann hefur e\u00f0li til, og vatni\u00f0 gleymdi s\u00ednum sl\u00f6kkvandi krafti.<a name=\"21\"><span class=\"versanumer\">21<\/span><\/a>\u00dear \u00e1 m\u00f3t eyddi loginn ekki holdi \u00feeirra forgengilegu d\u00fdra, \u00fe\u00e1 \u00feau \u00f3\u00f0u hann; ekki br\u00e1\u00f0na\u00f0i heldur s\u00fa hr\u00edmi l\u00edka himneska f\u00e6\u00f0a, sem \u00fe\u00f3 h\u00e6glega br\u00e1\u00f0nar. <br \/><a name=\"22\"><span class=\"versanumer\">22<\/span><\/a>J\u00e1, \u00e1 allan h\u00e1tt hefir \u00fe\u00fa, Drottinn, gj\u00f6rt f\u00f3lk \u00feitt d\u00fdr\u00f0legt og hei\u00f0ra\u00f0 og ekki afr\u00e6kt \u00fea\u00f0, heldur hefir \u00fe\u00fa allt\u00ed\u00f0 og allsta\u00f0ar hj\u00e1 \u00fev\u00ed sta\u00f0i\u00f0.<\/p>\n<div class=\"footnoteVidey\"><\/div>\n","protected":false},"excerpt":{"rendered":"<p>Sama efni. 1En \u00fe\u00e1 gu\u00f0lausu yfirf\u00e9ll \u00f3miskunns\u00f6m rei\u00f0i allt til enda; \u00fev\u00ed hann s\u00e1 l\u00edka fyrirfram \u00feeirra \u00f3komnu verk,2\u00fev\u00ed hann s\u00e1 \u00feeir mundu i\u00f0rast og elta \u00fe\u00e1, eftir a\u00f0 \u00feeir h\u00f6f\u00f0u leyft \u00feeim a\u00f0 fara, og gj\u00f6rt s\u00e9r far a\u00f0 \u00fev\u00ed, a\u00f0 koma \u00feeim af sta\u00f0.3\u00dev\u00ed me\u00f0an \u00feeir enn n\u00fa \u00feoldu illt, og vi\u00f0 grafirnar h\u00f6rmu\u00f0u s\u00edna dau\u00f0u, t\u00f3ku \u00feeir anna\u00f0 f\u00edflskunnar \u00e1form, og ofs\u00f3ttu sem strokumenn \u00fe\u00e1 sem \u00feeir h\u00f6f\u00f0u \u00fatreki\u00f0 og be\u00f0i\u00f0 a\u00f0 fara.4\u00dev\u00ed \u00feeirra maklegu \u00f6rl\u00f6g dr\u00f3gu \u00fe\u00e1 a\u00f0 \u00feessum enda, og l\u00e9tu \u00fe\u00e1 gleyma \u00fev\u00ed sem komi\u00f0 var fram vi\u00f0 \u00fe\u00e1, svo s\u00fa hegning, sem vanta\u00f0i <a href=\"https:\/\/biblian.is\/videy\/speki-salomons-19-kafli\/\"> [&#8230;]<\/a><\/p>\n","protected":false},"author":1,"featured_media":0,"parent":0,"menu_order":0,"comment_status":"open","ping_status":"open","template":"bibliukaflar.php","meta":{"footnotes":""},"class_list":["post-22094","page","type-page","status-publish","hentry"],"_links":{"self":[{"href":"https:\/\/biblian.is\/videy\/wp-json\/wp\/v2\/pages\/22094","targetHints":{"allow":["GET"]}}],"collection":[{"href":"https:\/\/biblian.is\/videy\/wp-json\/wp\/v2\/pages"}],"about":[{"href":"https:\/\/biblian.is\/videy\/wp-json\/wp\/v2\/types\/page"}],"author":[{"embeddable":true,"href":"https:\/\/biblian.is\/videy\/wp-json\/wp\/v2\/users\/1"}],"replies":[{"embeddable":true,"href":"https:\/\/biblian.is\/videy\/wp-json\/wp\/v2\/comments?post=22094"}],"version-history":[{"count":0,"href":"https:\/\/biblian.is\/videy\/wp-json\/wp\/v2\/pages\/22094\/revisions"}],"wp:attachment":[{"href":"https:\/\/biblian.is\/videy\/wp-json\/wp\/v2\/media?parent=22094"}],"curies":[{"name":"wp","href":"https:\/\/api.w.org\/{rel}","templated":true}]}}