{"id":22092,"date":"2018-01-02T01:05:34","date_gmt":"2018-01-02T01:05:34","guid":{"rendered":"http:\/\/biblian.is\/videy\/speki-salomons-17-kafli\/"},"modified":"2018-01-02T01:05:34","modified_gmt":"2018-01-02T01:05:34","slug":"speki-salomons-17-kafli","status":"publish","type":"page","link":"https:\/\/biblian.is\/videy\/speki-salomons-17-kafli\/","title":{"rendered":"Speki Sal\u00f3mons 17. kafli"},"content":{"rendered":"<div class=\"fyrirsognVidey\">Sama efni.<\/div>\n<p><a name=\"1\"><span class=\"versanumer\">1<\/span><\/a>Miklir eru \u00fe\u00ednir d\u00f3mar, og torvelt a\u00f0 \u00fatleggja \u00fe\u00e1; \u00fev\u00ed rata og \u00f3fr\u00e6dd sinni \u00ed villu.<a name=\"2\"><span class=\"versanumer\">2<\/span><\/a>\u00dev\u00ed \u00feegar \u00feeir gu\u00f0lausu hugsu\u00f0u s\u00e9r a\u00f0 undir\u00ferykkja \u00fea\u00f0 heilaga f\u00f3lk, l\u00e1gu \u00feeir fj\u00f6tra\u00f0ir \u00ed myrkri, og fangar langn\u00e6ttis, innil\u00e6stir undir \u00fe\u00f6kum, \u00fatiloka\u00f0ir fr\u00e1 \u00feeirri eil\u00edfu forsj\u00f3n.<a name=\"3\"><span class=\"versanumer\">3<\/span><\/a>\u00dev\u00ed \u00fe\u00e1 \u00feeir \u00e6tlu\u00f0u a\u00f0 \u00feeir mundu felast \u00ed s\u00ednum heimuglegu syndum, undir \u00feeirri lj\u00f3slausu sk\u00fdlu gleymskunnar, tv\u00edstru\u00f0ust \u00feeir, freklega skelka\u00f0ir og hr\u00e6ddir af vofum.<a name=\"4\"><span class=\"versanumer\">4<\/span><\/a>\u00dev\u00ed jafnvel gat ei s\u00e1 afkimi, sem f\u00f3l \u00fe\u00e1, var\u00f0veitt \u00fe\u00e1 fyrir hr\u00e6\u00f0slu; heldur \u00feaut \u00ed kringum \u00fe\u00e1 skelfingar ni\u00f0ur og trufla\u00f0i \u00fe\u00e1, og \u00f3fr\u00fdnilegar myndir s\u00e1ust me\u00f0 \u00f3ttalegum andlitum.<a name=\"5\"><span class=\"versanumer\">5<\/span><\/a>Enginn eldsins kraftur gat gefi\u00f0 birtu, ei heldur orku\u00f0u stjarnanna l\u00fdsandi logar \u00fev\u00ed, a\u00f0 gj\u00f6ra bjarta \u00fe\u00e1 lei\u00f0u n\u00f3tt.<a name=\"6\"><span class=\"versanumer\">6<\/span><\/a>\u00deeir s\u00e1u a\u00f0eins sj\u00e1lfkveiktan, \u00f3ttalegan eld; og skelka\u00f0ir or\u00f0nir af \u00feeirri sj\u00f3n, sem \u00feeir \u00ed raun r\u00e9ttri ei s\u00e1u, h\u00e9ldu \u00feeir \u00fea\u00f0 sem ske\u00f0 var, \u00feeim mun verra. <br \/><a name=\"7\"><span class=\"versanumer\">7<\/span><\/a>En t\u00f6fraleikspili\u00f0 lag\u00f0ist ni\u00f0ur og v\u00edsindagrobbi\u00f0 var\u00f0 h\u00e1\u00f0uglega til skammar.<a name=\"8\"><span class=\"versanumer\">8<\/span><\/a>\u00dev\u00ed \u00feeir sem lofu\u00f0u \u00fev\u00ed \u00fe\u00e1, a\u00f0 reka \u00f3tta og skelfingu fr\u00e1 sj\u00fakum s\u00e1lum, \u00feeir ur\u00f0u sj\u00fakir af hl\u00e6gilegri hr\u00e6\u00f0slu.<a name=\"9\"><span class=\"versanumer\">9<\/span><\/a>\u00dev\u00ed \u00fe\u00f3 engin skelfing gj\u00f6r\u00f0i \u00fe\u00e1 hr\u00e6dda, br\u00e1 \u00feeim vi\u00f0 \u00f3d\u00fdranna yfirf\u00f6r og h\u00f6ggormabl\u00edstri\u00f0,<a name=\"10\"><span class=\"versanumer\">10<\/span><\/a>og f\u00f3rust af hr\u00e6\u00f0slu, svo \u00feeir jafnvel sk\u00f6mmu\u00f0ust s\u00edn a\u00f0 l\u00edta \u00fat \u00ed lofti\u00f0, sem \u00fe\u00f3 ei ver\u00f0ur um fl\u00fai\u00f0.<a name=\"11\"><span class=\"versanumer\">11<\/span><\/a>\u00dev\u00ed huglaus er s\u00fa, af eigin vitnisbur\u00f0i ford\u00e6mda vonska, og b\u00fdst \u00e6t\u00ed\u00f0 vi\u00f0 hinu vesta, \u00e1reitt af me\u00f0vitundinni.<a name=\"12\"><span class=\"versanumer\">12<\/span><\/a>\u00dev\u00ed hr\u00e6\u00f0sla er ekkert anna\u00f0 en \u00f6rv\u00e6nting um li\u00f0sinni yfirvegunarinnar.<a name=\"13\"><span class=\"versanumer\">13<\/span><\/a>\u00dev\u00ed \u00fea\u00f0 innra b\u00faanda vonleysi \u00e1l\u00edtur vandr\u00e6\u00f0in meiri en \u00fe\u00e1 pl\u00e1gandi ors\u00f6k.<a name=\"14\"><span class=\"versanumer\">14<\/span><\/a>\u00deeir sem hef\u00f0u \u00fe\u00e1 geta\u00f0 lagt sig til <span class='VideyAth'>(venjulegs)<\/span> svefns \u00feess kraftlausu n\u00f3tt, sem komin var yfir \u00fe\u00e1 \u00far undirheima kraftlausu afkimum,<a name=\"15\"><span class=\"versanumer\">15<\/span><\/a>voru sumir hraktir hinga\u00f0 og \u00feanga\u00f0 af undarlegum sj\u00f3num, sumir misstu l\u00edfi\u00f0 af \u00f6rv\u00e6ntingu; \u00fev\u00ed sviplegur, \u00f3v\u00e6ntur \u00f3tti kom yfir \u00fe\u00e1.<a name=\"16\"><span class=\"versanumer\">16<\/span><\/a>\u00deannig var hv\u00f6r fallinn, sem hann var kominn, huglaus, eins og fangi, innil\u00e6stur \u00ed \u00f3j\u00e1rnl\u00e6stu fangelsi.<a name=\"17\"><span class=\"versanumer\">17<\/span><\/a>Hv\u00f6rt sem \u00fea\u00f0 var jar\u00f0yrkjuma\u00f0ur, e\u00f0a hir\u00f0ir, e\u00f0a einn \u00feeirra sem erfi\u00f0a \u00ed au\u00f0ninni, var\u00f0 hann yfirfallinn, og hl\u00fdddi \u00feeirri \u00f3umfl\u00fdjanlegu nau\u00f0syn; \u00fev\u00ed me\u00f0 myrkursins hlekkjum voru allir bundnir.<a name=\"18\"><span class=\"versanumer\">18<\/span><\/a>Hv\u00f6rt sem \u00fea\u00f0 var lofts \u00feytur, e\u00f0ur lagg\u00f3\u00f0ur fugla s\u00f6ngur \u00e1 \u00feeim \u00fe\u00e9ttu greinum, e\u00f0a buldur \u00feeirra straumh\u00f6r\u00f0u vatna,<a name=\"19\"><span class=\"versanumer\">19<\/span><\/a>e\u00f0a \u00feungar dunur ni\u00f0ur veltandi steina, e\u00f0a st\u00f6kkvandi d\u00fdra \u00f3s\u00e9\u00f0 hlaup, e\u00f0a grenjandi villud\u00fdra \u00f6skur, e\u00f0ur bergm\u00e1l \u00feeirra holu fjalla, allt hr\u00e6ddi \u00fe\u00e1 og gj\u00f6r\u00f0i \u00fe\u00e1 a\u00f0 engu.<a name=\"20\"><span class=\"versanumer\">20<\/span><\/a>A\u00f0 s\u00f6nnu var heimurinn af glansandi lj\u00f3sum uppl\u00fdstur, og \u00ed hindrunarlausum st\u00f6rfum fundinn;<a name=\"21\"><span class=\"versanumer\">21<\/span><\/a>en yfir \u00fe\u00e1 eina \u00fatbreiddi sig s\u00fa \u00feunga n\u00f3tt, \u00edmynd \u00feess myrkurs, sem eitt sinn skyldi vi\u00f0 \u00feeim taka, \u00feeir voru samt sj\u00e1lfum s\u00e9r myrkrinu \u00feyngri.<\/p>\n<div class=\"footnoteVidey\"><\/div>\n","protected":false},"excerpt":{"rendered":"<p>Sama efni. 1Miklir eru \u00fe\u00ednir d\u00f3mar, og torvelt a\u00f0 \u00fatleggja \u00fe\u00e1; \u00fev\u00ed rata og \u00f3fr\u00e6dd sinni \u00ed villu.2\u00dev\u00ed \u00feegar \u00feeir gu\u00f0lausu hugsu\u00f0u s\u00e9r a\u00f0 undir\u00ferykkja \u00fea\u00f0 heilaga f\u00f3lk, l\u00e1gu \u00feeir fj\u00f6tra\u00f0ir \u00ed myrkri, og fangar langn\u00e6ttis, innil\u00e6stir undir \u00fe\u00f6kum, \u00fatiloka\u00f0ir fr\u00e1 \u00feeirri eil\u00edfu forsj\u00f3n.3\u00dev\u00ed \u00fe\u00e1 \u00feeir \u00e6tlu\u00f0u a\u00f0 \u00feeir mundu felast \u00ed s\u00ednum heimuglegu syndum, undir \u00feeirri lj\u00f3slausu sk\u00fdlu gleymskunnar, tv\u00edstru\u00f0ust \u00feeir, freklega skelka\u00f0ir og hr\u00e6ddir af vofum.4\u00dev\u00ed jafnvel gat ei s\u00e1 afkimi, sem f\u00f3l \u00fe\u00e1, var\u00f0veitt \u00fe\u00e1 fyrir hr\u00e6\u00f0slu; heldur \u00feaut \u00ed kringum \u00fe\u00e1 skelfingar ni\u00f0ur og trufla\u00f0i \u00fe\u00e1, og \u00f3fr\u00fdnilegar myndir s\u00e1ust me\u00f0 \u00f3ttalegum andlitum.5Enginn eldsins kraftur gat <a href=\"https:\/\/biblian.is\/videy\/speki-salomons-17-kafli\/\"> [&#8230;]<\/a><\/p>\n","protected":false},"author":1,"featured_media":0,"parent":0,"menu_order":0,"comment_status":"open","ping_status":"open","template":"bibliukaflar.php","meta":{"footnotes":""},"class_list":["post-22092","page","type-page","status-publish","hentry"],"_links":{"self":[{"href":"https:\/\/biblian.is\/videy\/wp-json\/wp\/v2\/pages\/22092","targetHints":{"allow":["GET"]}}],"collection":[{"href":"https:\/\/biblian.is\/videy\/wp-json\/wp\/v2\/pages"}],"about":[{"href":"https:\/\/biblian.is\/videy\/wp-json\/wp\/v2\/types\/page"}],"author":[{"embeddable":true,"href":"https:\/\/biblian.is\/videy\/wp-json\/wp\/v2\/users\/1"}],"replies":[{"embeddable":true,"href":"https:\/\/biblian.is\/videy\/wp-json\/wp\/v2\/comments?post=22092"}],"version-history":[{"count":0,"href":"https:\/\/biblian.is\/videy\/wp-json\/wp\/v2\/pages\/22092\/revisions"}],"wp:attachment":[{"href":"https:\/\/biblian.is\/videy\/wp-json\/wp\/v2\/media?parent=22092"}],"curies":[{"name":"wp","href":"https:\/\/api.w.org\/{rel}","templated":true}]}}