{"id":22088,"date":"2018-01-02T01:05:29","date_gmt":"2018-01-02T01:05:29","guid":{"rendered":"http:\/\/biblian.is\/videy\/speki-salomons-13-kafli\/"},"modified":"2018-01-02T01:05:29","modified_gmt":"2018-01-02T01:05:29","slug":"speki-salomons-13-kafli","status":"publish","type":"page","link":"https:\/\/biblian.is\/videy\/speki-salomons-13-kafli\/","title":{"rendered":"Speki Sal\u00f3mons 13. kafli"},"content":{"rendered":"<div class=\"fyrirsognVidey\">Um \u00fea\u00f0, hva\u00f0 afgu\u00f0ad\u00fdrkunin s\u00e9 heimskuleg.<\/div>\n<p><a name=\"1\"><span class=\"versanumer\">1<\/span><\/a>Vissulega voru allir menn blinda\u00f0ir \u00ed s\u00ednu e\u00f0li sem ekki h\u00f6f\u00f0u Gu\u00f0s \u00feekkingu, og g\u00e1tu ei s\u00e9\u00f0 \u00feann, sem er, af \u00feeim s\u00fdnilegu g\u00e6\u00f0um, og ekki \u00feekkt meistarann, \u00fe\u00e1 \u00feeir t\u00f3ku eftir verkunum,<a name=\"2\"><span class=\"versanumer\">2<\/span><\/a>heldur \u00e6tlu\u00f0u heiminum st\u00fdrandi Gu\u00f0i, anna\u00f0hv\u00f6rt eldinn, e\u00f0a vindinn, e\u00f0ur \u00fea\u00f0 flj\u00f3ta loft, e\u00f0ur stjarnanna hring, e\u00f0ur \u00fea\u00f0 \u00f6fluga vatn, e\u00f0a himinsins lj\u00f3s.<a name=\"3\"><span class=\"versanumer\">3<\/span><\/a>Ef \u00feeir, nefnil: h\u00e9ldu \u00feessa hluti gu\u00f0i a\u00f0 vera, fr\u00e1 s\u00e9r numdir af \u00feeirra fegur\u00f0, \u00fe\u00e1 hef\u00f0u \u00feeir \u00e1tt a\u00f0 sj\u00e1, hv\u00f6rsu miklu betri \u00feeirra yfirdrottnari er, \u00fev\u00ed h\u00f6fundur fegur\u00f0arinnar sk\u00f3p \u00fe\u00e1.<a name=\"4\"><span class=\"versanumer\">4<\/span><\/a>En ef \u00feeir d\u00e1\u00f0ust a\u00f0 kraftinum og d\u00e1\u00f0inni, \u00fe\u00e1 hef\u00f0u \u00feeir \u00e1tt a\u00f0 taka eftir \u00fev\u00ed, hv\u00f6rsu miklu voldugri skaparinn er.<a name=\"5\"><span class=\"versanumer\">5<\/span><\/a>\u00dev\u00ed af mikilleik og fegur\u00f0 \u00feess skapa\u00f0a, s\u00e9st, eftir tilt\u00f6lu, h\u00f6fundur ens sama.<a name=\"6\"><span class=\"versanumer\">6<\/span><\/a>Samt er ekki miki\u00f0 a\u00f0 \u00feessum a\u00f0 finna; \u00fev\u00ed l\u00edka villast \u00feeir h\u00e6glega, sem leita Gu\u00f0s og vilja hann finna.<a name=\"7\"><span class=\"versanumer\">7<\/span><\/a>\u00dev\u00ed \u00feegar \u00feeir umgangast Gu\u00f0s verk og rannsaka \u00feau, ver\u00f0a \u00feeir t\u00e6ldir af \u00fatlitinu, \u00fev\u00ed fagurt er \u00fea\u00f0 s\u00fdnilega.<a name=\"8\"><span class=\"versanumer\">8<\/span><\/a>En a\u00f0 \u00f6\u00f0ru leyti eru \u00feeir ei s\u00fdkn saka.<a name=\"9\"><span class=\"versanumer\">9<\/span><\/a>\u00dev\u00ed ef \u00feeir g\u00e1tu komist svo langt \u00ed \u00feekkingunni, a\u00f0 \u00feeir orku\u00f0u a\u00f0 \u00fatgrunda heiminn: \u00fev\u00ed fundu \u00feeir \u00fe\u00e1 ei fyrri hans yfirdrottnara?<a name=\"10\"><span class=\"versanumer\">10<\/span><\/a>En ves\u00e6lir eru \u00feeir og von \u00feeirra hv\u00edlir \u00e1 \u00fev\u00ed dau\u00f0a, sem nefna mannanna handaverk gu\u00f0i, gull og silfur, sm\u00ed\u00f0u\u00f0 b\u00edl\u00e6ti, d\u00fdramyndir, e\u00f0a \u00f3n\u00fdtan stein, verk fornmannahanda.<a name=\"11\"><span class=\"versanumer\">11<\/span><\/a>E\u00f0a og, ef a\u00f0 tr\u00e9smi\u00f0ur einhv\u00f6r sagar me\u00f0f\u00e6rilegan vi\u00f0 \u00ed sk\u00f3gi, skefur vandlega allan b\u00f6rkinn af, og gj\u00f6rir me\u00f0 hagleik s\u00ednum \u00fear \u00far, til l\u00edfsins \u00fearfar, nytsamlegt b\u00fassgagn;<a name=\"12\"><span class=\"versanumer\">12<\/span><\/a>en afskur\u00f0argeira s\u00edns sm\u00ed\u00f0is, br\u00fakar hann til matrei\u00f0slu <span class='VideyAth'>(til eldsneytis)<\/span>, og mettar sig,<a name=\"13\"><span class=\"versanumer\">13<\/span><\/a>en afganginn h\u00e9r af, til einkis h\u00e6fan, boginn vi\u00f0 og kvist\u00f3ttan, tekur hann og sn\u00ed\u00f0ur til, til a\u00f0 starfa eitthva\u00f0 \u00ed s\u00ednum t\u00f3mstundum, og myndar \u00fea\u00f0 kunn\u00e1ttulega, og gj\u00f6rir svipa\u00f0 mannsl\u00edki,<a name=\"14\"><span class=\"versanumer\">14<\/span><\/a>e\u00f0ur \u00f3merkilegu d\u00fdri, litar me\u00f0 menju, rau\u00f0kar \u00feess h\u00fa\u00f0 me\u00f0 farva, og str\u00fdkur yfir alla flekkina \u00e1 \u00fev\u00ed sama,<a name=\"15\"><span class=\"versanumer\">15<\/span><\/a>tilrei\u00f0ir \u00fev\u00ed svo maklegan b\u00fasta\u00f0, setur \u00fea\u00f0 vi\u00f0 vegginn og festir me\u00f0 j\u00e1rnnagla.<a name=\"16\"><span class=\"versanumer\">16<\/span><\/a>Hann hefir \u00fe\u00e1 s\u00e9\u00f0 fyrir, a\u00f0 \u00fea\u00f0 detti ekki, \u00fev\u00ed hann vissi vel, a\u00f0 \u00fea\u00f0 gat ekki bjarga\u00f0 s\u00e9r sj\u00e1lft, \u00fev\u00ed \u00fea\u00f0 er b\u00edl\u00e6ti og \u00fearf hj\u00e1lpar.<a name=\"17\"><span class=\"versanumer\">17<\/span><\/a>Og \u00feegar hann bi\u00f0ur fyrir s\u00ednar eigur, fyrir hj\u00faskap og b\u00f6rn, skammast hann s\u00edn ekki, a\u00f0 \u00e1varpa b\u00edl\u00e6ti\u00f0.<a name=\"18\"><span class=\"versanumer\">18<\/span><\/a>Hann bi\u00f0ur \u00fea\u00f0 veika um heilbrig\u00f0i, \u00fea\u00f0 dau\u00f0a um l\u00edf, gr\u00e1tb\u00e6nir um hj\u00e1lp, \u00fea\u00f0 \u00farr\u00e6\u00f0alausasta, um lukkulegt fer\u00f0alag, \u00fea\u00f0 sem hv\u00f6rgi getur fari\u00f0;<a name=\"19\"><span class=\"versanumer\">19<\/span><\/a>og vi\u00f0v\u00edkjandi \u00fatveg s\u00ednum og framkv\u00e6mdum og heppni handaflans, \u00fe\u00e1 bi\u00f0ur hann \u00fea\u00f0 magnlausasta a\u00f0 h\u00f6ndum og krafti.<\/p>\n<div class=\"footnoteVidey\"><\/div>\n","protected":false},"excerpt":{"rendered":"<p>Um \u00fea\u00f0, hva\u00f0 afgu\u00f0ad\u00fdrkunin s\u00e9 heimskuleg. 1Vissulega voru allir menn blinda\u00f0ir \u00ed s\u00ednu e\u00f0li sem ekki h\u00f6f\u00f0u Gu\u00f0s \u00feekkingu, og g\u00e1tu ei s\u00e9\u00f0 \u00feann, sem er, af \u00feeim s\u00fdnilegu g\u00e6\u00f0um, og ekki \u00feekkt meistarann, \u00fe\u00e1 \u00feeir t\u00f3ku eftir verkunum,2heldur \u00e6tlu\u00f0u heiminum st\u00fdrandi Gu\u00f0i, anna\u00f0hv\u00f6rt eldinn, e\u00f0a vindinn, e\u00f0ur \u00fea\u00f0 flj\u00f3ta loft, e\u00f0ur stjarnanna hring, e\u00f0ur \u00fea\u00f0 \u00f6fluga vatn, e\u00f0a himinsins lj\u00f3s.3Ef \u00feeir, nefnil: h\u00e9ldu \u00feessa hluti gu\u00f0i a\u00f0 vera, fr\u00e1 s\u00e9r numdir af \u00feeirra fegur\u00f0, \u00fe\u00e1 hef\u00f0u \u00feeir \u00e1tt a\u00f0 sj\u00e1, hv\u00f6rsu miklu betri \u00feeirra yfirdrottnari er, \u00fev\u00ed h\u00f6fundur fegur\u00f0arinnar sk\u00f3p \u00fe\u00e1.4En ef \u00feeir d\u00e1\u00f0ust a\u00f0 kraftinum og d\u00e1\u00f0inni, \u00fe\u00e1 <a href=\"https:\/\/biblian.is\/videy\/speki-salomons-13-kafli\/\"> [&#8230;]<\/a><\/p>\n","protected":false},"author":1,"featured_media":0,"parent":0,"menu_order":0,"comment_status":"open","ping_status":"open","template":"bibliukaflar.php","meta":{"footnotes":""},"class_list":["post-22088","page","type-page","status-publish","hentry"],"_links":{"self":[{"href":"https:\/\/biblian.is\/videy\/wp-json\/wp\/v2\/pages\/22088","targetHints":{"allow":["GET"]}}],"collection":[{"href":"https:\/\/biblian.is\/videy\/wp-json\/wp\/v2\/pages"}],"about":[{"href":"https:\/\/biblian.is\/videy\/wp-json\/wp\/v2\/types\/page"}],"author":[{"embeddable":true,"href":"https:\/\/biblian.is\/videy\/wp-json\/wp\/v2\/users\/1"}],"replies":[{"embeddable":true,"href":"https:\/\/biblian.is\/videy\/wp-json\/wp\/v2\/comments?post=22088"}],"version-history":[{"count":0,"href":"https:\/\/biblian.is\/videy\/wp-json\/wp\/v2\/pages\/22088\/revisions"}],"wp:attachment":[{"href":"https:\/\/biblian.is\/videy\/wp-json\/wp\/v2\/media?parent=22088"}],"curies":[{"name":"wp","href":"https:\/\/api.w.org\/{rel}","templated":true}]}}