{"id":22084,"date":"2018-01-02T01:05:29","date_gmt":"2018-01-02T01:05:29","guid":{"rendered":"http:\/\/biblian.is\/videy\/speki-salomons-9-kafli\/"},"modified":"2018-01-02T01:05:29","modified_gmt":"2018-01-02T01:05:29","slug":"speki-salomons-9-kafli","status":"publish","type":"page","link":"https:\/\/biblian.is\/videy\/speki-salomons-9-kafli\/","title":{"rendered":"Speki Sal\u00f3mons 9. kafli"},"content":{"rendered":"<div class=\"fyrirsognVidey\">Sama efni.<\/div>\n<p><a name=\"1\"><span class=\"versanumer\">1<\/span><\/a>Gu\u00f0 fe\u00f0ranna og Herra miskunnseminnar, \u00fe\u00fa sem alla hluti hefir gj\u00f6rt me\u00f0 \u00fe\u00ednu or\u00f0i,<a name=\"2\"><span class=\"versanumer\">2<\/span><\/a>og me\u00f0 \u00feinni speki manninn <span class='VideyAth'>(svo)<\/span> tilb\u00fai\u00f0, a\u00f0 hann drottni yfir \u00feeim skepnum sem \u00fe\u00fa gj\u00f6r\u00f0ir,<a name=\"3\"><span class=\"versanumer\">3<\/span><\/a>og st\u00fdri heiminum me\u00f0 heilagleika og r\u00e9ttv\u00edsi, og haldi d\u00f3m me\u00f0 s\u00e1larinnar hreinskilni:<a name=\"4\"><span class=\"versanumer\">4<\/span><\/a>gef m\u00e9r speki, sem situr hj\u00e1 \u00fe\u00ednu h\u00e1s\u00e6ti, og \u00fatsk\u00fafa m\u00e9r ekki fr\u00e1 \u00fe\u00ednum b\u00f6rnum.<a name=\"5\"><span class=\"versanumer\">5<\/span><\/a>\u00dev\u00ed eg er \u00feinn \u00fej\u00f3n, sonur \u00feinnar amb\u00e1ttar, breyskur ma\u00f0ur, sem lifir stutta stund, og hefi l\u00edtinn skilning \u00e1 r\u00e9ttindum og l\u00f6gum.<a name=\"6\"><span class=\"versanumer\">6<\/span><\/a>\u00dev\u00ed \u00fe\u00f3 einhv\u00f6r v\u00e6ri fullkominn me\u00f0al mannanna sona, er hann \u00fe\u00f3 samt, vanti hann speki fr\u00e1 \u00fe\u00e9r, einkisver\u00f0ur.<a name=\"7\"><span class=\"versanumer\">7<\/span><\/a>\u00de\u00fa hefir kosi\u00f0 mig til a\u00f0 vera konung \u00fe\u00edns f\u00f3lks, og d\u00f3mara \u00feinna sona og d\u00e6tra.<a name=\"8\"><span class=\"versanumer\">8<\/span><\/a>\u00de\u00fa bau\u00f0st a\u00f0 byggja skyldi musteri \u00e1 \u00fe\u00ednu heilaga fjalli, og altari \u00ed borg \u00fe\u00edns b\u00fasta\u00f0ar, eftirmynd \u00feess heilaga tjalds, sem \u00fe\u00fa upphaflega haf\u00f0ir l\u00e1ti\u00f0 tilb\u00faa.<a name=\"9\"><span class=\"versanumer\">9<\/span><\/a>Hj\u00e1 \u00fe\u00e9r er spekin, sem \u00feekkir \u00fe\u00edn verk, og var n\u00e1l\u00e6g \u00fe\u00e1 \u00fe\u00fa sk\u00f3pst ver\u00f6ldina, sem veit, hva\u00f0 vel\u00fe\u00f3knanlegt er \u00fe\u00ednum augum, og hva\u00f0 r\u00e9tt eftir \u00fe\u00ednum bo\u00f0or\u00f0um.<a name=\"10\"><span class=\"versanumer\">10<\/span><\/a>Send \u00fe\u00fa hana ni\u00f0ur fr\u00e1 \u00fe\u00ednum heilaga himni, og l\u00e1ttu hana koma fr\u00e1 h\u00e1s\u00e6ti \u00feinnar d\u00fdr\u00f0ar, a\u00f0 h\u00fan standi hj\u00e1 m\u00e9r vi\u00f0 m\u00edn st\u00f6rf, og eg \u00feekki hva\u00f0 \u00fe\u00e9r vel l\u00edkar!<a name=\"11\"><span class=\"versanumer\">11<\/span><\/a>\u00fev\u00ed h\u00fan veit og skilur allt: h\u00fan mun lei\u00f0a mig hyggilega \u00ed m\u00ednum ath\u00f6fnum, og var\u00f0veita mig me\u00f0 sinni d\u00fdr\u00f0.<a name=\"12\"><span class=\"versanumer\">12<\/span><\/a>Og svo ver\u00f0a m\u00edn verk \u00fe\u00e9r \u00fe\u00f3knanleg, eg mun d\u00e6ma r\u00e9ttv\u00edslega \u00feitt f\u00f3lk og ver\u00f0ugur vera fyrir h\u00e1s\u00e6ti f\u00f6\u00f0ur m\u00edns.<a name=\"13\"><span class=\"versanumer\">13<\/span><\/a>\u00dev\u00ed hv\u00f6r ma\u00f0ur \u00feekkir Gu\u00f0s r\u00e1\u00f0s\u00e1lyktanir? e\u00f0a hv\u00f6r \u00fatgrundar hva\u00f0 Drottinn vill?<a name=\"14\"><span class=\"versanumer\">14<\/span><\/a>\u00dev\u00ed dau\u00f0legra manna \u00e1lyktanir eru hvikular, og \u00f3\u00e1rei\u00f0anlegar vorar hugsanir.<a name=\"15\"><span class=\"versanumer\">15<\/span><\/a>\u00dev\u00ed s\u00e1 dau\u00f0legi l\u00edkami \u00feyngir s\u00e1lina, og s\u00e1 jar\u00f0neski kofi leggur byr\u00f0i \u00e1 \u00feann margthugsandi anda.<a name=\"16\"><span class=\"versanumer\">16<\/span><\/a>Naumast r\u00e1\u00f0um v\u00e9r \u00ed \u00fea\u00f0 sem er \u00e1 j\u00f6r\u00f0inni, og finnum me\u00f0 \u00feraut \u00fea\u00f0 sem oss er \u00ed h\u00f6ndum, en hv\u00f6r hefir uppg\u00f6tva\u00f0 \u00fea\u00f0 sem er \u00ed himninum?<a name=\"17\"><span class=\"versanumer\">17<\/span><\/a>Hv\u00f6r \u00feekkti \u00fe\u00ednar r\u00e1\u00f0s\u00e1lyktanir, ef \u00fe\u00fa g\u00e6fir honum ekki speki, og sendir af h\u00e6\u00f0um \u00feinn heilaga Anda?<a name=\"18\"><span class=\"versanumer\">18<\/span><\/a>Og \u00feannig voru g\u00f6tur \u00feeirra sem \u00e1 j\u00f6r\u00f0unni b\u00faa gj\u00f6r\u00f0ar beinar, og menn l\u00e6r\u00f0u hva\u00f0 \u00fe\u00e9r vel l\u00edkar, og ur\u00f0u s\u00e6lir fyrir spekina.<\/p>\n<div class=\"footnoteVidey\"><\/div>\n","protected":false},"excerpt":{"rendered":"<p>Sama efni. 1Gu\u00f0 fe\u00f0ranna og Herra miskunnseminnar, \u00fe\u00fa sem alla hluti hefir gj\u00f6rt me\u00f0 \u00fe\u00ednu or\u00f0i,2og me\u00f0 \u00feinni speki manninn (svo) tilb\u00fai\u00f0, a\u00f0 hann drottni yfir \u00feeim skepnum sem \u00fe\u00fa gj\u00f6r\u00f0ir,3og st\u00fdri heiminum me\u00f0 heilagleika og r\u00e9ttv\u00edsi, og haldi d\u00f3m me\u00f0 s\u00e1larinnar hreinskilni:4gef m\u00e9r speki, sem situr hj\u00e1 \u00fe\u00ednu h\u00e1s\u00e6ti, og \u00fatsk\u00fafa m\u00e9r ekki fr\u00e1 \u00fe\u00ednum b\u00f6rnum.5\u00dev\u00ed eg er \u00feinn \u00fej\u00f3n, sonur \u00feinnar amb\u00e1ttar, breyskur ma\u00f0ur, sem lifir stutta stund, og hefi l\u00edtinn skilning \u00e1 r\u00e9ttindum og l\u00f6gum.6\u00dev\u00ed \u00fe\u00f3 einhv\u00f6r v\u00e6ri fullkominn me\u00f0al mannanna sona, er hann \u00fe\u00f3 samt, vanti hann speki fr\u00e1 \u00fe\u00e9r, einkisver\u00f0ur.7\u00de\u00fa hefir kosi\u00f0 mig til a\u00f0 <a href=\"https:\/\/biblian.is\/videy\/speki-salomons-9-kafli\/\"> [&#8230;]<\/a><\/p>\n","protected":false},"author":1,"featured_media":0,"parent":0,"menu_order":0,"comment_status":"open","ping_status":"open","template":"bibliukaflar.php","meta":{"footnotes":""},"class_list":["post-22084","page","type-page","status-publish","hentry"],"_links":{"self":[{"href":"https:\/\/biblian.is\/videy\/wp-json\/wp\/v2\/pages\/22084","targetHints":{"allow":["GET"]}}],"collection":[{"href":"https:\/\/biblian.is\/videy\/wp-json\/wp\/v2\/pages"}],"about":[{"href":"https:\/\/biblian.is\/videy\/wp-json\/wp\/v2\/types\/page"}],"author":[{"embeddable":true,"href":"https:\/\/biblian.is\/videy\/wp-json\/wp\/v2\/users\/1"}],"replies":[{"embeddable":true,"href":"https:\/\/biblian.is\/videy\/wp-json\/wp\/v2\/comments?post=22084"}],"version-history":[{"count":0,"href":"https:\/\/biblian.is\/videy\/wp-json\/wp\/v2\/pages\/22084\/revisions"}],"wp:attachment":[{"href":"https:\/\/biblian.is\/videy\/wp-json\/wp\/v2\/media?parent=22084"}],"curies":[{"name":"wp","href":"https:\/\/api.w.org\/{rel}","templated":true}]}}