{"id":22078,"date":"2018-01-02T01:05:29","date_gmt":"2018-01-02T01:05:29","guid":{"rendered":"http:\/\/biblian.is\/videy\/speki-salomons-3-kafli\/"},"modified":"2018-01-02T01:05:29","modified_gmt":"2018-01-02T01:05:29","slug":"speki-salomons-3-kafli","status":"publish","type":"page","link":"https:\/\/biblian.is\/videy\/speki-salomons-3-kafli\/","title":{"rendered":"Speki Sal\u00f3mons 3. kafli"},"content":{"rendered":"<div class=\"fyrirsognVidey\">Sama efni.<\/div>\n<p><a name=\"1\"><span class=\"versanumer\">1<\/span><\/a>En r\u00e9ttl\u00e1tra s\u00e1lir eru \u00ed Gu\u00f0s hendi og engin p\u00edna snertir \u00fe\u00e6r.<a name=\"2\"><span class=\"versanumer\">2<\/span><\/a>\u00cd heimskingjanna augum s\u00fdnast \u00feeir dau\u00f0ir vera, og \u00feeirra burtf\u00f6r er \u00feeim \u00e1litin \u00f3g\u00e6fa,<a name=\"3\"><span class=\"versanumer\">3<\/span><\/a>og \u00feeirra vi\u00f0skilna\u00f0ur vi\u00f0 oss ey\u00f0ilegging. En \u00feeir eru \u00ed fri\u00f0i.<a name=\"4\"><span class=\"versanumer\">4<\/span><\/a>Og \u00fe\u00f3 \u00feeir eftir manna\u00e1liti ver\u00f0i fyrir hegningu, svo eru \u00feeir samt vong\u00f3\u00f0ir um \u00f3dau\u00f0legleika.<a name=\"5\"><span class=\"versanumer\">5<\/span><\/a>Eftir litla hirtingu munu \u00feeir ver\u00f0a r\u00edkuglega s\u00e6lir; \u00fev\u00ed Gu\u00f0 hefir pr\u00f3fa\u00f0 \u00fe\u00e1 og fundi\u00f0 \u00fe\u00e1 maklega fyrir sig.<a name=\"6\"><span class=\"versanumer\">6<\/span><\/a>Eins og gull \u00ed deiglunni hefir hann \u00fe\u00e1 pr\u00f3fa\u00f0 og me\u00f0teki\u00f0 \u00fe\u00e1 sem fullkomna ge\u00f0\u00feekka f\u00f3rn.<a name=\"7\"><span class=\"versanumer\">7<\/span><\/a>Og \u00feegar \u00feeirra umbunart\u00edmi kemur, mun af \u00feeim lj\u00f3ma og <span class='VideyAth'>(s\u00e1 lj\u00f3mi)<\/span> sem neistar, yfir str\u00e1 fara.<a name=\"8\"><span class=\"versanumer\">8<\/span><\/a>\u00deeir munu d\u00e6ma f\u00f3lk og yfir \u00fej\u00f3\u00f0um drottna, og Drottinn mun vera \u00feeirra k\u00f3ngur a\u00f0 eil\u00edfu.<a name=\"9\"><span class=\"versanumer\">9<\/span><\/a>\u00deeir sem honum treysta munu vi\u00f0 sannleikann kannast, og \u00feeir sem tr\u00fair eru \u00ed elskunni, munu hj\u00e1 honum vera; \u00fev\u00ed n\u00e1\u00f0 og miskunnsemi er <span class='VideyAth'>(hlutdeild)<\/span> hans \u00fatv\u00f6ldu. <br \/><a name=\"10\"><span class=\"versanumer\">10<\/span><\/a>En \u00feeir gu\u00f0lausu munu l\u00ed\u00f0a hegningu sambo\u00f0na \u00feeirra \u00feenkingarh\u00e6tti, \u00feeir sem forsm\u00e1\u00f0u \u00feann r\u00e9ttl\u00e1ta, og f\u00e9llu fr\u00e1 Drottni.<a name=\"11\"><span class=\"versanumer\">11<\/span><\/a>\u00dev\u00ed hv\u00f6r sem forsm\u00e1ir visku og menntun er \u00f3lukkulegur, og h\u00e9g\u00f3mi er \u00feeirra von og starf \u00feeirra \u00f3n\u00fdtt og verk \u00feeirra gagnslaus.<a name=\"12\"><span class=\"versanumer\">12<\/span><\/a>Konur \u00feeirra eru heimskar, og b\u00f6rn \u00feeirra vond.<a name=\"13\"><span class=\"versanumer\">13<\/span><\/a>B\u00f6lva\u00f0 er \u00feeirra kyn, \u00fev\u00ed s\u00e6l er s\u00fa \u00f3frj\u00f3vsama \u00f3flekka\u00f0a kona, sem ekki \u00fe\u00fdddist mann \u00ed misgj\u00f6rningi; h\u00fan mun me\u00f0taka laun, \u00fe\u00e1 s\u00e1lunum ver\u00f0ur endurgoldi\u00f0.<a name=\"14\"><span class=\"versanumer\">14<\/span><\/a>Og <span class='VideyAth'>(s\u00e6ll er)<\/span> geldingurinn sem engin rangindi a\u00f0hefst me\u00f0 sinni hendi, og ekki hefir upphugsa\u00f0 illt m\u00f3ti Drottni; \u00fev\u00ed hann mun f\u00e1 \u00fatvalin laun fyrir sinn tr\u00faskap og \u00ed musteri Drottins ge\u00f0fellt hlutskipti.<a name=\"15\"><span class=\"versanumer\">15<\/span><\/a>\u00dev\u00ed g\u00f3\u00f0 vi\u00f0leitni ber \u00e1g\u00e6ta \u00e1vexti, og v\u00edsd\u00f3msins r\u00f3t deyr ekki.<a name=\"16\"><span class=\"versanumer\">16<\/span><\/a>En h\u00f3rb\u00f6rn n\u00e1 ekki takmarkinu, og s\u00e6\u00f0i \u00f3l\u00f6glegrar sams\u00e6ngunar mun t\u00fdnast.<a name=\"17\"><span class=\"versanumer\">17<\/span><\/a>\u00dev\u00ed \u00fe\u00f3 \u00feeir jafnvel f\u00e1i langl\u00edfi, svo ver\u00f0a \u00feeir l\u00edtilsmetnir, og \u00feeirra elli seinast \u00e6rulaus.<a name=\"18\"><span class=\"versanumer\">18<\/span><\/a>En ef \u00feeir deyja skj\u00f3tt, hafa \u00feeir enga von, og enga huggun, \u00e1 \u00farskur\u00f0ar deginum.<a name=\"19\"><span class=\"versanumer\">19<\/span><\/a>\u00dev\u00ed rangl\u00e1tt kyn f\u00e6r sl\u00e6man enda.<\/p>\n<div class=\"footnoteVidey\"><\/div>\n","protected":false},"excerpt":{"rendered":"<p>Sama efni. 1En r\u00e9ttl\u00e1tra s\u00e1lir eru \u00ed Gu\u00f0s hendi og engin p\u00edna snertir \u00fe\u00e6r.2\u00cd heimskingjanna augum s\u00fdnast \u00feeir dau\u00f0ir vera, og \u00feeirra burtf\u00f6r er \u00feeim \u00e1litin \u00f3g\u00e6fa,3og \u00feeirra vi\u00f0skilna\u00f0ur vi\u00f0 oss ey\u00f0ilegging. En \u00feeir eru \u00ed fri\u00f0i.4Og \u00fe\u00f3 \u00feeir eftir manna\u00e1liti ver\u00f0i fyrir hegningu, svo eru \u00feeir samt vong\u00f3\u00f0ir um \u00f3dau\u00f0legleika.5Eftir litla hirtingu munu \u00feeir ver\u00f0a r\u00edkuglega s\u00e6lir; \u00fev\u00ed Gu\u00f0 hefir pr\u00f3fa\u00f0 \u00fe\u00e1 og fundi\u00f0 \u00fe\u00e1 maklega fyrir sig.6Eins og gull \u00ed deiglunni hefir hann \u00fe\u00e1 pr\u00f3fa\u00f0 og me\u00f0teki\u00f0 \u00fe\u00e1 sem fullkomna ge\u00f0\u00feekka f\u00f3rn.7Og \u00feegar \u00feeirra umbunart\u00edmi kemur, mun af \u00feeim lj\u00f3ma og (s\u00e1 lj\u00f3mi) sem neistar, yfir str\u00e1 fara.8\u00deeir <a href=\"https:\/\/biblian.is\/videy\/speki-salomons-3-kafli\/\"> [&#8230;]<\/a><\/p>\n","protected":false},"author":1,"featured_media":0,"parent":0,"menu_order":0,"comment_status":"open","ping_status":"open","template":"bibliukaflar.php","meta":{"footnotes":""},"class_list":["post-22078","page","type-page","status-publish","hentry"],"_links":{"self":[{"href":"https:\/\/biblian.is\/videy\/wp-json\/wp\/v2\/pages\/22078","targetHints":{"allow":["GET"]}}],"collection":[{"href":"https:\/\/biblian.is\/videy\/wp-json\/wp\/v2\/pages"}],"about":[{"href":"https:\/\/biblian.is\/videy\/wp-json\/wp\/v2\/types\/page"}],"author":[{"embeddable":true,"href":"https:\/\/biblian.is\/videy\/wp-json\/wp\/v2\/users\/1"}],"replies":[{"embeddable":true,"href":"https:\/\/biblian.is\/videy\/wp-json\/wp\/v2\/comments?post=22078"}],"version-history":[{"count":0,"href":"https:\/\/biblian.is\/videy\/wp-json\/wp\/v2\/pages\/22078\/revisions"}],"wp:attachment":[{"href":"https:\/\/biblian.is\/videy\/wp-json\/wp\/v2\/media?parent=22078"}],"curies":[{"name":"wp","href":"https:\/\/api.w.org\/{rel}","templated":true}]}}