{"id":22069,"date":"2018-01-02T01:05:23","date_gmt":"2018-01-02T01:05:23","guid":{"rendered":"http:\/\/biblian.is\/videy\/esterarbok-med-vidaukum-1-kafli\/"},"modified":"2018-01-13T23:24:08","modified_gmt":"2018-01-13T23:24:08","slug":"esterarbok-med-vidaukum-1-kafli","status":"publish","type":"page","link":"https:\/\/biblian.is\/videy\/esterarbok-med-vidaukum-1-kafli\/","title":{"rendered":"Esterarb\u00f3k (me\u00f0 vi\u00f0aukum) 1. kafli"},"content":{"rendered":"<div class=\"fyrirsognVidey\">(Eftir 13da v. \u00ed 3\u00f0ja kap\u00edt).<\/div>\n<p><a name=\"1\"><span class=\"versanumer\">1<\/span><\/a>En svona hlj\u00f3\u00f0a\u00f0i br\u00e9fi\u00f0: S\u00e1 mikli konungur, Assverus skrifar \u00feetta \u00feeim hundra\u00f0 sj\u00f6 og tuttugu h\u00f6f\u00f0ingjum landanna, fr\u00e1 Ind\u00edum til M\u00f3rlands og \u00feeim undirgefnu landg\u00e6slum\u00f6nnum:<a name=\"2\"><span class=\"versanumer\">2<\/span><\/a>\u00fe\u00f3 eg drottni yfir m\u00f6rgum \u00fej\u00f3\u00f0um, og eigi allan heiminn, hefi eg ekki \u00fea\u00f0 oftraust, a\u00f0 st\u00e6ra mig af m\u00ednu valdi, heldur stj\u00f3rna eg \u00e1vallt mildilega og me\u00f0 spekt, gj\u00f6ri l\u00edf undirs\u00e1tanna \u00e6t\u00ed\u00f0 fri\u00f0samlegt, vi\u00f0held r\u00edkinu r\u00f3legu, og svo a\u00f0 um \u00fea\u00f0 m\u00e1 fer\u00f0ast enda \u00e1 milli og held vi\u00f0 fri\u00f0num sem allir girnast.<a name=\"3\"><span class=\"versanumer\">3<\/span><\/a>En \u00fe\u00e1 eg spur\u00f0i m\u00edn r\u00e1\u00f0aneyti, hv\u00f6rnig \u00feessu yr\u00f0i til vegar komi\u00f0, tj\u00e1\u00f0i Haman oss, sem er a\u00f0 visku fram\u00farskarandi og reyndur a\u00f0 \u00f3breytanlegum g\u00f3\u00f0um \u00feenkingar h\u00e6tti og f\u00f6stum tr\u00faskap, og gengur oss n\u00e6st a\u00f0 tign \u00ed r\u00edkinu, a\u00f0 \u00f3vinsamt f\u00f3lk nokku\u00f0 v\u00e6ri samblanda\u00f0 vi\u00f0 allar \u00fej\u00f3\u00f0ir jar\u00f0kringlunnar, sem hef\u00f0i l\u00f6g fr\u00e1 brug\u00f0in allra \u00fej\u00f3\u00f0a <span class='VideyAth'>(l\u00f6gum)<\/span>, og fyrirliti \u00e6t\u00ed\u00f0 k\u00f3ngsins bo\u00f0, svo a\u00f0 vor \u00f3a\u00f0finnanlega r\u00edkisstj\u00f3rn g\u00e6ti ekki sta\u00f0ist.<a name=\"4\"><span class=\"versanumer\">4<\/span><\/a>\u00dear e\u00f0 v\u00e9r n\u00fa h\u00f6fum or\u00f0i\u00f0 \u00feess \u00e1skynja, a\u00f0 \u00feetta eina f\u00f3lk liggur \u00e6t\u00ed\u00f0 \u00ed h\u00e1ri saman vi\u00f0 alla menn, lifir eftir \u00fatlendum l\u00f6gum, er fr\u00e1biti\u00f0 vorri r\u00edkisstj\u00f3rn, og gj\u00f6rir mikinn ska\u00f0a, svo r\u00edki\u00f0 getur ei fengi\u00f0 r\u00f3, \u00fe\u00e1 h\u00f6fum v\u00e9r tilsett, a\u00f0 allir \u00feeir, sem Haman, forst\u00f6\u00f0uma\u00f0ur r\u00edkisstj\u00f3rnarinnar, og vor annar fa\u00f0ir, tilnefnir \u00ed s\u00ednu br\u00e9fi, s\u00e9u fr\u00e1 r\u00f3tum uppr\u00e6ttir, \u00e1samt konum og b\u00f6rnum, me\u00f0 sver\u00f0um \u00feeirra \u00f3vina, \u00e1n allrar vorkunnar og v\u00e6g\u00f0ar \u00feann 14da \u00ed 12ta m\u00e1nu\u00f0i, adar, \u00feessa \u00e1rs, svo a\u00f0 \u00feeir, lengst af og enn n\u00fa, illa \u00feenkjandi fari \u00e1 einum degi til heljar, me\u00f0 ofbeldisfullum dau\u00f0daga og l\u00e1ti oss h\u00e9r eftir \u00e6t\u00ed\u00f0 hafa r\u00f3lega og fars\u00e6la r\u00edkisstj\u00f3rn. <\/p>\n<div class=\"footnoteVidey\"><\/div>\n","protected":false},"excerpt":{"rendered":"<p>(Eftir 13da v. \u00ed 3\u00f0ja kap\u00edt). 1En svona hlj\u00f3\u00f0a\u00f0i br\u00e9fi\u00f0: S\u00e1 mikli konungur, Assverus skrifar \u00feetta \u00feeim hundra\u00f0 sj\u00f6 og tuttugu h\u00f6f\u00f0ingjum landanna, fr\u00e1 Ind\u00edum til M\u00f3rlands og \u00feeim undirgefnu landg\u00e6slum\u00f6nnum:2\u00fe\u00f3 eg drottni yfir m\u00f6rgum \u00fej\u00f3\u00f0um, og eigi allan heiminn, hefi eg ekki \u00fea\u00f0 oftraust, a\u00f0 st\u00e6ra mig af m\u00ednu valdi, heldur stj\u00f3rna eg \u00e1vallt mildilega og me\u00f0 spekt, gj\u00f6ri l\u00edf undirs\u00e1tanna \u00e6t\u00ed\u00f0 fri\u00f0samlegt, vi\u00f0held r\u00edkinu r\u00f3legu, og svo a\u00f0 um \u00fea\u00f0 m\u00e1 fer\u00f0ast enda \u00e1 milli og held vi\u00f0 fri\u00f0num sem allir girnast.3En \u00fe\u00e1 eg spur\u00f0i m\u00edn r\u00e1\u00f0aneyti, hv\u00f6rnig \u00feessu yr\u00f0i til vegar komi\u00f0, tj\u00e1\u00f0i Haman oss, sem er <a href=\"https:\/\/biblian.is\/videy\/esterarbok-med-vidaukum-1-kafli\/\"> [&#8230;]<\/a><\/p>\n","protected":false},"author":1,"featured_media":0,"parent":0,"menu_order":0,"comment_status":"open","ping_status":"open","template":"bibliukaflar.php","meta":{"footnotes":""},"class_list":["post-22069","page","type-page","status-publish","hentry"],"_links":{"self":[{"href":"https:\/\/biblian.is\/videy\/wp-json\/wp\/v2\/pages\/22069","targetHints":{"allow":["GET"]}}],"collection":[{"href":"https:\/\/biblian.is\/videy\/wp-json\/wp\/v2\/pages"}],"about":[{"href":"https:\/\/biblian.is\/videy\/wp-json\/wp\/v2\/types\/page"}],"author":[{"embeddable":true,"href":"https:\/\/biblian.is\/videy\/wp-json\/wp\/v2\/users\/1"}],"replies":[{"embeddable":true,"href":"https:\/\/biblian.is\/videy\/wp-json\/wp\/v2\/comments?post=22069"}],"version-history":[{"count":0,"href":"https:\/\/biblian.is\/videy\/wp-json\/wp\/v2\/pages\/22069\/revisions"}],"wp:attachment":[{"href":"https:\/\/biblian.is\/videy\/wp-json\/wp\/v2\/media?parent=22069"}],"curies":[{"name":"wp","href":"https:\/\/api.w.org\/{rel}","templated":true}]}}