{"id":22058,"date":"2018-01-02T01:05:23","date_gmt":"2018-01-02T01:05:23","guid":{"rendered":"http:\/\/biblian.is\/videy\/juditarbok-6-kafli\/"},"modified":"2018-01-02T01:05:23","modified_gmt":"2018-01-02T01:05:23","slug":"juditarbok-6-kafli","status":"publish","type":"page","link":"https:\/\/biblian.is\/videy\/juditarbok-6-kafli\/","title":{"rendered":"J\u00fad\u00edtarb\u00f3k 6. kafli"},"content":{"rendered":"<div class=\"fyrirsognVidey\">H\u00f3lofernes illskast. \u00cdsrael\u00edtar leita Gu\u00f0s.<\/div>\n<p><a name=\"1\"><span class=\"versanumer\">1<\/span><\/a>Og \u00feegar buldur mannanna \u00e1 samkomunni l\u00e6g\u00f0ist, m\u00e6lti H\u00f3lofernes, \u00e6\u00f0sti herforingi \u00feess ass\u00fdriska hers, til Akior, \u00ed \u00e1heyrn alls f\u00f3lks hei\u00f0ingjanna og til M\u00f3abssona:<a name=\"2\"><span class=\"versanumer\">2<\/span><\/a>Hv\u00f6r ert \u00fe\u00fa \u00fe\u00e1 Akior og \u00fe\u00e9r leiguli\u00f0ar Efraims, a\u00f0 \u00fe\u00fa hefir sp\u00e1\u00f0 <span class='VideyAth'>(pr\u00e9dika\u00f0)<\/span> fyrir oss n\u00fa \u00ed dag, og sagt, a\u00f0 menn skuli ei berjast vi\u00f0 \u00cdsrael, \u00fear e\u00f0 \u00feeirra Gu\u00f0 muni verja \u00fe\u00e1? Hv\u00f6r er \u00fe\u00e1 Gu\u00f0 nema Neb\u00fakadnesar?<a name=\"3\"><span class=\"versanumer\">3<\/span><\/a>\u00deessi mun senda sinn her, og afm\u00e1 \u00fe\u00e1 af j\u00f6r\u00f0unni, og \u00feeirra Gu\u00f0 mun ekki frelsa \u00fe\u00e1; heldur munum v\u00e9r hans \u00fe\u00e9narar vinna \u00e1 \u00feeim sem einn ma\u00f0ur v\u00e6ri, og \u00feeir munu ei standast fyrir voru riddarali\u00f0i.<a name=\"4\"><span class=\"versanumer\">4<\/span><\/a>\u00dev\u00ed v\u00e9r munum tro\u00f0a \u00fe\u00e1 \u00ed sundur me\u00f0 \u00fev\u00ed, og \u00feeirra fj\u00f6ll munu flj\u00f3ta \u00ed \u00feeirra bl\u00f3\u00f0i, og \u00feeirra vellir fyllast af \u00feeirra l\u00edkum, og \u00feeirra f\u00e6tur munu ei standast fyrir vorri augs\u00fdn, heldur munu \u00feeir fyrirfarast, segir k\u00f3ngurinn Neb\u00fakadnesar, herra allrar jar\u00f0arinnar; \u00fev\u00ed hann m\u00e6lti: or\u00f0 m\u00edns f\u00f3lks skulu ei vera h\u00e9g\u00f3mi.<a name=\"5\"><span class=\"versanumer\">5<\/span><\/a>En \u00fe\u00fa, Akior, leiguli\u00f0i Ammons, \u00fe\u00fa sem hefir tala\u00f0 \u00feessi or\u00f0, \u00e1 degi \u00feinnar sektar, \u00fe\u00fa skalt ekki framar sj\u00e1 mitt auglit fr\u00e1 \u00feessum degi, fyrr en eg hefi hefnt m\u00edn \u00e1 \u00feeirri \u00fej\u00f3\u00f0, sem komin er \u00far Egyptalandi.<a name=\"6\"><span class=\"versanumer\">6<\/span><\/a>Og \u00fe\u00e1 skal sver\u00f0 m\u00edns herra, og f\u00f3lk \u00fea\u00f0 sem m\u00e9r \u00fej\u00f3nar, leggja \u00ed gegn \u00fe\u00ednar s\u00ed\u00f0ur, og \u00fe\u00fa skalt falla me\u00f0al hinn felldu\u2014\u00feeirra \u00e1 me\u00f0al, \u00fe\u00e1 eg kem aftur.<a name=\"7\"><span class=\"versanumer\">7<\/span><\/a>Og m\u00ednir \u00fer\u00e6lar skulu flytja \u00feig upp \u00e1 fjalli\u00f0, og l\u00e1ta \u00feig \u00ed eina borgina \u00e1 h\u00e6\u00f0unum,<a name=\"8\"><span class=\"versanumer\">8<\/span><\/a>og \u00fe\u00fa skalt ekki fyrirfarast fyrr en \u00fe\u00fa ver\u00f0ur afm\u00e1\u00f0ur me\u00f0 \u00feeim.<a name=\"9\"><span class=\"versanumer\">9<\/span><\/a>Og \u00fear e\u00f0 \u00fe\u00fa hefir \u00fe\u00e1 von \u00ed \u00fe\u00ednu hjarta, a\u00f0 \u00feeir ver\u00f0i ei unnir, svo \u00fearf \u00feitt andlit ekki a\u00f0 hr\u00e6\u00f0ast. Eg hefi \u00feetta sagt, og ekkert mitt or\u00f0 mun \u00f3gj\u00f6rt ver\u00f0a. <br \/><a name=\"10\"><span class=\"versanumer\">10<\/span><\/a>S\u00ed\u00f0an bau\u00f0 H\u00f3lofernes s\u00ednum \u00fer\u00e6lum sem st\u00f3\u00f0u \u00ed hans tjaldi, a\u00f0 handtaka Akior og flytja hann til Betyl\u00faa og afhenda hann \u00cdsraelssonum.<a name=\"11\"><span class=\"versanumer\">11<\/span><\/a>Og hans \u00fer\u00e6lar handt\u00f3ku hann og f\u00f3ru me\u00f0 hann \u00far herb\u00fa\u00f0unum \u00e1 sl\u00e9ttlendinu, og fluttu hann af sl\u00e9ttlendinu upp \u00e1 fjalli\u00f0. Og \u00feeir komu a\u00f0 lindunum sem eru fyrir ne\u00f0an Betylua.<a name=\"12\"><span class=\"versanumer\">12<\/span><\/a>Og sem sta\u00f0armennirnir \u00e1 fjallsbr\u00faninni s\u00e1u \u00fe\u00e1, t\u00f3ku \u00feeir s\u00edn vopn, og gengu \u00far sta\u00f0num, \u00e1 fjallsbr\u00fanina, og allir sl\u00f6ngumenn v\u00f6r\u00f0u einst\u00edgi\u00f0, og k\u00f6stu\u00f0u steinum \u00e1 \u00fe\u00e1.<a name=\"13\"><span class=\"versanumer\">13<\/span><\/a>\u00de\u00e1 hopu\u00f0u \u00feeir ni\u00f0ur af fjallinu, og bundu Akior og l\u00e9tu hann liggja vi\u00f0 fjallsr\u00e6turnar, og gengu burt til h\u00fassb\u00f3nda s\u00edns.<br \/><a name=\"14\"><span class=\"versanumer\">14<\/span><\/a>Og \u00cdsraelssynir komu ni\u00f0ur \u00far s\u00ednum sta\u00f0 og gengu a\u00f0 honum <span class='VideyAth'>(Akior)<\/span> og leystu hann og f\u00f3ru me\u00f0 hann til Betylua, og leiddu hann fyrir yfirmenn s\u00edns sta\u00f0ar.<a name=\"15\"><span class=\"versanumer\">15<\/span><\/a>En \u00feessir voru \u00e1 \u00feeim t\u00edma Os\u00eda, sonur Mika, af Simeons \u00e6ttkv\u00edsl, og Kabris, sonur Gotoniels, og Karmis, sonur Melkiels.<a name=\"16\"><span class=\"versanumer\">16<\/span><\/a>Og \u00feeir saman k\u00f6llu\u00f0u alla \u00f6ldunga sta\u00f0arins, og \u00fear samans\u00f6fnu\u00f0ust allir ungir menn og konur \u00e1 fundinn. Og \u00feeir leiddu Akior mitt \u00e1 me\u00f0al alls f\u00f3lksins, og Ofia spur\u00f0i hann um \u00fea\u00f0 er ske\u00f0 var.<a name=\"17\"><span class=\"versanumer\">17<\/span><\/a>Og hann svara\u00f0i, og sag\u00f0i \u00feeim \u00f6ll or\u00f0 H\u00f3lofernes r\u00e1\u00f0s samkomu, og \u00f6ll \u00feau or\u00f0 sem hann tala\u00f0i mitt \u00e1 me\u00f0al herforingja Assurssona, og hv\u00f6rsu drambl\u00e1tlega H\u00f3lofernes hef\u00f0i tala\u00f0 m\u00f3ti \u00cdsraelsh\u00fasi.<a name=\"18\"><span class=\"versanumer\">18<\/span><\/a>Og f\u00f3lki\u00f0 f\u00e9ll fram og tilba\u00f0 Gu\u00f0, hr\u00f3pa\u00f0i og sag\u00f0i:<a name=\"19\"><span class=\"versanumer\">19<\/span><\/a>Herra, himinsins Gu\u00f0, sj\u00e1 \u00feeirra dramb, og aumkastu yfir eymd vors f\u00f3lks, og l\u00edt \u00e1 andlit hinna heil\u00f6gu \u00e1 \u00feessum degi!<a name=\"20\"><span class=\"versanumer\">20<\/span><\/a>Og \u00feeir hughreystu Akior og hr\u00f3su\u00f0u honum miki\u00f0.<a name=\"21\"><span class=\"versanumer\">21<\/span><\/a>Og Ofia t\u00f3k hann af samkomunni \u00ed sitt h\u00fas, og h\u00e9lt \u00f6ldungunum heimbo\u00f0, og \u00feeir \u00e1k\u00f6llu\u00f0u \u00cdsraels Gu\u00f0 um hj\u00e1lp alla \u00fe\u00e1 s\u00f6mu n\u00f3tt.<\/p>\n<div class=\"footnoteVidey\"><\/div>\n","protected":false},"excerpt":{"rendered":"<p>H\u00f3lofernes illskast. \u00cdsrael\u00edtar leita Gu\u00f0s. 1Og \u00feegar buldur mannanna \u00e1 samkomunni l\u00e6g\u00f0ist, m\u00e6lti H\u00f3lofernes, \u00e6\u00f0sti herforingi \u00feess ass\u00fdriska hers, til Akior, \u00ed \u00e1heyrn alls f\u00f3lks hei\u00f0ingjanna og til M\u00f3abssona:2Hv\u00f6r ert \u00fe\u00fa \u00fe\u00e1 Akior og \u00fe\u00e9r leiguli\u00f0ar Efraims, a\u00f0 \u00fe\u00fa hefir sp\u00e1\u00f0 (pr\u00e9dika\u00f0) fyrir oss n\u00fa \u00ed dag, og sagt, a\u00f0 menn skuli ei berjast vi\u00f0 \u00cdsrael, \u00fear e\u00f0 \u00feeirra Gu\u00f0 muni verja \u00fe\u00e1? Hv\u00f6r er \u00fe\u00e1 Gu\u00f0 nema Neb\u00fakadnesar?3\u00deessi mun senda sinn her, og afm\u00e1 \u00fe\u00e1 af j\u00f6r\u00f0unni, og \u00feeirra Gu\u00f0 mun ekki frelsa \u00fe\u00e1; heldur munum v\u00e9r hans \u00fe\u00e9narar vinna \u00e1 \u00feeim sem einn ma\u00f0ur v\u00e6ri, og \u00feeir munu <a href=\"https:\/\/biblian.is\/videy\/juditarbok-6-kafli\/\"> [&#8230;]<\/a><\/p>\n","protected":false},"author":1,"featured_media":0,"parent":0,"menu_order":0,"comment_status":"open","ping_status":"open","template":"bibliukaflar.php","meta":{"footnotes":""},"class_list":["post-22058","page","type-page","status-publish","hentry"],"_links":{"self":[{"href":"https:\/\/biblian.is\/videy\/wp-json\/wp\/v2\/pages\/22058","targetHints":{"allow":["GET"]}}],"collection":[{"href":"https:\/\/biblian.is\/videy\/wp-json\/wp\/v2\/pages"}],"about":[{"href":"https:\/\/biblian.is\/videy\/wp-json\/wp\/v2\/types\/page"}],"author":[{"embeddable":true,"href":"https:\/\/biblian.is\/videy\/wp-json\/wp\/v2\/users\/1"}],"replies":[{"embeddable":true,"href":"https:\/\/biblian.is\/videy\/wp-json\/wp\/v2\/comments?post=22058"}],"version-history":[{"count":0,"href":"https:\/\/biblian.is\/videy\/wp-json\/wp\/v2\/pages\/22058\/revisions"}],"wp:attachment":[{"href":"https:\/\/biblian.is\/videy\/wp-json\/wp\/v2\/media?parent=22058"}],"curies":[{"name":"wp","href":"https:\/\/api.w.org\/{rel}","templated":true}]}}