{"id":22043,"date":"2018-01-02T01:05:18","date_gmt":"2018-01-02T01:05:18","guid":{"rendered":"http:\/\/biblian.is\/videy\/tobitsbok-5-kafli\/"},"modified":"2018-01-02T01:05:18","modified_gmt":"2018-01-02T01:05:18","slug":"tobitsbok-5-kafli","status":"publish","type":"page","link":"https:\/\/biblian.is\/videy\/tobitsbok-5-kafli\/","title":{"rendered":"T\u00f3b\u00edtsb\u00f3k 5. kafli"},"content":{"rendered":"<div class=\"fyrirsognVidey\">Tob\u00edas f\u00e6r Rafael s\u00e9r til fylgdar.<\/div>\n<p><a name=\"1\"><span class=\"versanumer\">1<\/span><\/a>Og Tob\u00edas svara\u00f0i og m\u00e6lti: Fa\u00f0ir, eg skal gj\u00f6ra allt sem \u00fe\u00fa hefir bo\u00f0i\u00f0 m\u00e9r.<a name=\"2\"><span class=\"versanumer\">2<\/span><\/a>En hv\u00f6rnig mun eg geta fengi\u00f0 silfri\u00f0, \u00fear e\u00f0 eg \u00feekki hann ekki?<a name=\"3\"><span class=\"versanumer\">3<\/span><\/a>\u00de\u00e1 f\u00e9kk hann honum handskrift og m\u00e6lti til hans: Leita \u00fe\u00fa \u00fe\u00e9r a\u00f0 manni, sem fari me\u00f0 \u00fe\u00e9r, og eg skal gefa honum kaup, me\u00f0an eg lifi, og far \u00fe\u00fa n\u00fa og f\u00e1 silfri\u00f0.<br \/><a name=\"4\"><span class=\"versanumer\">4<\/span><\/a>Svo f\u00f3r hann a\u00f0 leita a\u00f0 manni, og hitti Rafael, sem var engill.<a name=\"5\"><span class=\"versanumer\">5<\/span><\/a>En hann vissi \u00fea\u00f0 ekki, og hann sag\u00f0i vi\u00f0 hann: get eg fari\u00f0 me\u00f0 \u00fe\u00e9r til Ragels \u00ed Med\u00eden, og ert \u00fe\u00fa kunnugur \u00fev\u00ed pl\u00e1ssi?<a name=\"6\"><span class=\"versanumer\">6<\/span><\/a>Og engillinn sag\u00f0i til hans, eg skal fara me\u00f0 \u00fe\u00e9r, og er kunnugur lei\u00f0um, og hefi gist hj\u00e1 br\u00f3\u00f0ur vorum Gabael.<a name=\"7\"><span class=\"versanumer\">7<\/span><\/a>Og Tob\u00edas sag\u00f0i til hans: b\u00edddu m\u00edn, eg \u00e6tla a\u00f0 segja \u00feetta f\u00f6\u00f0ur m\u00ednum.<a name=\"8\"><span class=\"versanumer\">8<\/span><\/a>Og hann sag\u00f0i til hans: far \u00fe\u00fa, en tef ekki <span class='VideyAth'>(lengi)<\/span>. Og hann f\u00f3r og sag\u00f0i vi\u00f0 f\u00f6\u00f0ur sinn: sj\u00e1, eg hefi fundi\u00f0 einhv\u00f6rn, sem \u00e6tlar a\u00f0 fara me\u00f0 m\u00e9r: en hann sag\u00f0i: kalla \u00fe\u00fa hann til m\u00edn, til \u00feess eg viti, af hva\u00f0a kynkv\u00edsl hann er, og hv\u00f6rt hann er \u00e1rei\u00f0anlegur, til \u00feess a\u00f0 fara me\u00f0 \u00fe\u00e9r.<a name=\"9\"><span class=\"versanumer\">9<\/span><\/a>Og svo kalla\u00f0i hann hann; og hann kom inn, og \u00feeir heilsu\u00f0ust.<a name=\"10\"><span class=\"versanumer\">10<\/span><\/a>Og Tob\u00edas m\u00e6lti til hans: br\u00f3\u00f0ir! af hv\u00f6rri kynkv\u00edsl og af hv\u00f6rri \u00e6tt ert \u00fe\u00fa? l\u00e1ttu mig vita \u00fea\u00f0!<a name=\"11\"><span class=\"versanumer\">11<\/span><\/a>Og hann svara\u00f0i honum: spyr \u00fe\u00fa um kynkv\u00edsl og \u00e6tt, e\u00f0a um kaupamann sem fari me\u00f0 syni \u00fe\u00ednum? Og Tob\u00edas m\u00e6lti til hans: eg vildi, br\u00f3\u00f0ir! f\u00e1 a\u00f0 vita \u00fe\u00edna \u00e6tt og \u00feitt nafn.<a name=\"12\"><span class=\"versanumer\">12<\/span><\/a>En hann svara\u00f0i: Eg er Asar\u00eda, sonur Anan\u00eda hins mikla, af \u00fe\u00ednum br\u00e6\u00f0rum.<a name=\"13\"><span class=\"versanumer\">13<\/span><\/a>Og hann sag\u00f0i vi\u00f0 hann: vertu velkominn, br\u00f3\u00f0ir! og rei\u00f0stu m\u00e9r ekki, a\u00f0 eg vildi vita \u00fe\u00edna kynkv\u00edsl og \u00e6tt. \u00de\u00fa ert \u00fe\u00e1 minn br\u00f3\u00f0ir af \u00feeirri s\u00f3masamlegu <span class='VideyAth'>(fallegu)<\/span> og g\u00f3\u00f0u \u00e6tt; \u00fev\u00ed eg l\u00e6r\u00f0i a\u00f0 \u00feekkja Anan\u00eda og J\u00f3natan, sonu Sime\u00ed hins mikla, \u00fe\u00e1 v\u00e9r ur\u00f0um samfer\u00f0a til Jer\u00fasalem, a\u00f0 bi\u00f0jast fyrir, og f\u00f3rum \u00feanga\u00f0 me\u00f0 frumgr\u00f3\u00f0ann og t\u00edund af afrakstrinum, \u00fev\u00ed \u00feeir h\u00f6f\u00f0u truflast \u00ed trufli sinna br\u00e6\u00f0ra. Af g\u00f3\u00f0ri kynkv\u00edsl ert \u00fe\u00fa, br\u00f3\u00f0ir!<a name=\"14\"><span class=\"versanumer\">14<\/span><\/a>En seg m\u00e9r, hva\u00f0a kaup \u00e1 eg a\u00f0 gefa \u00fe\u00e9r? Drakma <span class='VideyAth'>(1 mark)<\/span> fyrir hv\u00f6rn dag, og \u00fea\u00f0 sem \u00fe\u00fa og sonur minn \u00feurfi\u00f0.<a name=\"15\"><span class=\"versanumer\">15<\/span><\/a>Og eg vil b\u00e6ta vi\u00f0 \u00feitt kaup, ef \u00fei\u00f0 komi\u00f0 heilir til baka.<a name=\"16\"><span class=\"versanumer\">16<\/span><\/a>Og \u00feeim kom \u00feetta \u00e1samt. Og hann sag\u00f0i vi\u00f0 Tob\u00edas: b\u00fa \u00feig n\u00fa til fer\u00f0ar, og hafi\u00f0 heppilega fer\u00f0! Og sonur hans setti allt \u00ed stand til fer\u00f0arinnar. \u00de\u00e1 sag\u00f0i fa\u00f0ir hans vi\u00f0 hann: far \u00fe\u00fa me\u00f0 \u00feessum manni! en Gu\u00f0 sem b\u00fdr \u00ed himninum gefi y\u00f0ur g\u00e6fulega fer\u00f0, og hans engill fylgi y\u00f0ur! Og svo gengu b\u00e1\u00f0ir \u00fat og f\u00f3ru af sta\u00f0; og hundur unglingsins f\u00f3r me\u00f0 honum. <br \/><a name=\"17\"><span class=\"versanumer\">17<\/span><\/a>En Anna, m\u00f3\u00f0ir hans, gr\u00e9t, og sag\u00f0i vi\u00f0 Tob\u00edas: \u00fev\u00ed hefur \u00fe\u00fa sent \u00ed burt barn okkar? e\u00f0a er hann ekki stafur okkar handar \u00ed sinni \u00fat- og inng\u00f6ngu frammi fyrir okkur?<a name=\"18\"><span class=\"versanumer\">18<\/span><\/a>B\u00e6ttu ekki silfri vi\u00f0 silfur, \u00e6 a\u00f0 vi\u00f0 misstum ekki soninn fyrir \u00fea\u00f0!<a name=\"19\"><span class=\"versanumer\">19<\/span><\/a>\u00dev\u00ed \u00fea\u00f0 n\u00e6gir oss sem Drottinn hefir gefi\u00f0 oss a\u00f0 lifa af.<a name=\"20\"><span class=\"versanumer\">20<\/span><\/a>Og Tob\u00edas sag\u00f0i vi\u00f0 hana: haf \u00fe\u00fa enga \u00e1hyggju, systir! hann kemur heill heim aftur, og \u00fe\u00edn augu munu hann sj\u00e1;<a name=\"21\"><span class=\"versanumer\">21<\/span><\/a>\u00fev\u00ed g\u00f3\u00f0ur engill mun honum fylgja og fer\u00f0 hans mun heppnast, og hann mun koma heilbrig\u00f0ur til baka aftur.<a name=\"22\"><span class=\"versanumer\">22<\/span><\/a>Og h\u00fan h\u00e6tti a\u00f0 gr\u00e1ta.<\/p>\n<div class=\"footnoteVidey\"><\/div>\n","protected":false},"excerpt":{"rendered":"<p>Tob\u00edas f\u00e6r Rafael s\u00e9r til fylgdar. 1Og Tob\u00edas svara\u00f0i og m\u00e6lti: Fa\u00f0ir, eg skal gj\u00f6ra allt sem \u00fe\u00fa hefir bo\u00f0i\u00f0 m\u00e9r.2En hv\u00f6rnig mun eg geta fengi\u00f0 silfri\u00f0, \u00fear e\u00f0 eg \u00feekki hann ekki?3\u00de\u00e1 f\u00e9kk hann honum handskrift og m\u00e6lti til hans: Leita \u00fe\u00fa \u00fe\u00e9r a\u00f0 manni, sem fari me\u00f0 \u00fe\u00e9r, og eg skal gefa honum kaup, me\u00f0an eg lifi, og far \u00fe\u00fa n\u00fa og f\u00e1 silfri\u00f0.4Svo f\u00f3r hann a\u00f0 leita a\u00f0 manni, og hitti Rafael, sem var engill.5En hann vissi \u00fea\u00f0 ekki, og hann sag\u00f0i vi\u00f0 hann: get eg fari\u00f0 me\u00f0 \u00fe\u00e9r til Ragels \u00ed Med\u00eden, og ert \u00fe\u00fa kunnugur <a href=\"https:\/\/biblian.is\/videy\/tobitsbok-5-kafli\/\"> [&#8230;]<\/a><\/p>\n","protected":false},"author":1,"featured_media":0,"parent":0,"menu_order":0,"comment_status":"open","ping_status":"open","template":"bibliukaflar.php","meta":{"footnotes":""},"class_list":["post-22043","page","type-page","status-publish","hentry"],"_links":{"self":[{"href":"https:\/\/biblian.is\/videy\/wp-json\/wp\/v2\/pages\/22043","targetHints":{"allow":["GET"]}}],"collection":[{"href":"https:\/\/biblian.is\/videy\/wp-json\/wp\/v2\/pages"}],"about":[{"href":"https:\/\/biblian.is\/videy\/wp-json\/wp\/v2\/types\/page"}],"author":[{"embeddable":true,"href":"https:\/\/biblian.is\/videy\/wp-json\/wp\/v2\/users\/1"}],"replies":[{"embeddable":true,"href":"https:\/\/biblian.is\/videy\/wp-json\/wp\/v2\/comments?post=22043"}],"version-history":[{"count":0,"href":"https:\/\/biblian.is\/videy\/wp-json\/wp\/v2\/pages\/22043\/revisions"}],"wp:attachment":[{"href":"https:\/\/biblian.is\/videy\/wp-json\/wp\/v2\/media?parent=22043"}],"curies":[{"name":"wp","href":"https:\/\/api.w.org\/{rel}","templated":true}]}}