{"id":22031,"date":"2018-01-02T01:05:18","date_gmt":"2018-01-02T01:05:18","guid":{"rendered":"http:\/\/biblian.is\/videy\/opinberunarbokin-15-kafli\/"},"modified":"2018-01-02T01:05:18","modified_gmt":"2018-01-02T01:05:18","slug":"opinberunarbok-johannesar-15-kafli","status":"publish","type":"page","link":"https:\/\/biblian.is\/videy\/opinberunarbok-johannesar-15-kafli\/","title":{"rendered":"Opinberunarb\u00f3k J\u00f3hannesar 15. kafli"},"content":{"rendered":"<div class=\"fyrirsognVidey\">\u00de\u00e6r sj\u00f6 seinustu pl\u00e1gur; s\u00f6ngur sigurvegaranna. \u00de\u00e6r sj\u00f6 rei\u00f0isk\u00e1lir.<\/div>\n<p><a name=\"1\"><span class=\"versanumer\">1<\/span><\/a>S\u00ed\u00f0an <span class='VideyAth'>g)<\/span> s\u00e1 eg anna\u00f0 miki\u00f0 og d\u00e1samlegt teikn \u00e1 himni, <span class='VideyAth'>h)<\/span> sj\u00f6 engla, sem h\u00f6f\u00f0u \u00fe\u00e6r sj\u00f6 seinustu pl\u00e1gur, me\u00f0 hv\u00f6rjum Gu\u00f0s rei\u00f0i \u00e1tti a\u00f0 enda.<a name=\"2\"><span class=\"versanumer\">2<\/span><\/a>Eg s\u00e1 eins og <span class='VideyAth'>i)<\/span> glersj\u00f3 eldi blandinn, og \u00fe\u00e1 <span class='VideyAth'>k)<\/span>, sem sigra\u00f0 h\u00f6f\u00f0u d\u00fdri\u00f0 og \u00feess l\u00edkneskju og t\u00f6lu nafns \u00feess, standa vi\u00f0 glersj\u00f3inn <span class='VideyAth'>l)<\/span>, me\u00f0 h\u00f6rpur Gu\u00f0s \u00ed h\u00f6ndum s\u00e9r.<a name=\"3\"><span class=\"versanumer\">3<\/span><\/a>\u00deeir syngja s\u00f6ng <span class='VideyAth'>m)<\/span> M\u00f3sis \u00fej\u00f3nustumanns, og s\u00f6ng lambsins, segjandi: <span class='VideyAth'>n)<\/span> mikil og d\u00e1samleg eru \u00fe\u00edn verk, Drottinn Gu\u00f0 alvaldi <span class='VideyAth'>o)<\/span>, r\u00e9ttv\u00edsir og sannir eru \u00fe\u00ednir vegir, \u00fej\u00f3\u00f0anna konungur!<a name=\"4\"><span class=\"versanumer\">4<\/span><\/a>Hv\u00f6r skyldi <span class='VideyAth'>p)<\/span> ekki \u00f3ttast \u00feig, Drottinn, og vegsama \u00feitt nafn? \u00fev\u00ed \u00fe\u00fa einn ert heilagur; <span class='VideyAth'>q)<\/span> allar \u00fej\u00f3\u00f0ir munu koma og falla fram fyrir \u00fe\u00e9r; \u00fe\u00ednar r\u00e9ttv\u00edsu r\u00e1\u00f0stafanir eru opinberar or\u00f0nar.<a name=\"5\"><span class=\"versanumer\">5<\/span><\/a>Eftir \u00feetta s\u00e1 eg a\u00f0 opna\u00f0ist musteri vitnisbur\u00f0artjaldb\u00fa\u00f0arinnar \u00e1 himni.<a name=\"6\"><span class=\"versanumer\">6<\/span><\/a>\u00de\u00e1 gengu \u00fat \u00far musterinu, \u00feeir sj\u00f6 englar, sem h\u00f6f\u00f0u \u00fe\u00e6r sj\u00f6 pl\u00e1gur, \u00feeir voru skr\u00fdddir hreinu sk\u00ednanda l\u00edni og girtir um brj\u00f3stin me\u00f0 gulllegum beltum.<a name=\"7\"><span class=\"versanumer\">7<\/span><\/a>Eitt af \u00feeim fj\u00f3rum d\u00fdrum f\u00e9kk \u00feeim sj\u00f6 englum sj\u00f6 gulllegar sk\u00e1lar, fullar af rei\u00f0i Gu\u00f0s, \u00feess er lifir um aldir alda.<a name=\"8\"><span class=\"versanumer\">8<\/span><\/a>\u00de\u00e1 fylltist musteri\u00f0 reykjar af d\u00fdr\u00f0 og alm\u00e6tti Gu\u00f0s, og enginn m\u00e1tti innganga \u00ed musteri\u00f0, \u00fear til afli\u00f0nar voru \u00fe\u00e6r sj\u00f6 pl\u00e1gur \u00feeirra sj\u00f6 engla.<\/p>\n<div class=\"footnoteVidey\">V. 1. g. Kap. 12,13. h. Kap. 21,9.  V. 2. i. Kap. 4,6. k. Kap. 12,11. l. Kap. 5,8. 14,2.  V. 3. m. 2 M\u00f3s. b. 15,1. 5 M\u00f3s. b. 32,1.44. n. S\u00e1lm. 111,2. 139,14. o. S\u00e1lm. 145,17. Opinb. b. 16,7.  V. 4. p. Jer. 10,6.7. q. S\u00e1lm. 86,9. Esa. 66,23.  V. 5. 4 M\u00f3s. b. 1,50. Opinb. b. 11,19.  V. 6. Kap. 1,13.  V. 7. Kap. 4,6.9.  V. 8. 2 M\u00f3s. b. 40,34. 1 K\u00f3ng. b. 8,10. Esa. 6,4.<\/div>\n","protected":false},"excerpt":{"rendered":"<p>\u00de\u00e6r sj\u00f6 seinustu pl\u00e1gur; s\u00f6ngur sigurvegaranna. \u00de\u00e6r sj\u00f6 rei\u00f0isk\u00e1lir. 1S\u00ed\u00f0an g) s\u00e1 eg anna\u00f0 miki\u00f0 og d\u00e1samlegt teikn \u00e1 himni, h) sj\u00f6 engla, sem h\u00f6f\u00f0u \u00fe\u00e6r sj\u00f6 seinustu pl\u00e1gur, me\u00f0 hv\u00f6rjum Gu\u00f0s rei\u00f0i \u00e1tti a\u00f0 enda.2Eg s\u00e1 eins og i) glersj\u00f3 eldi blandinn, og \u00fe\u00e1 k), sem sigra\u00f0 h\u00f6f\u00f0u d\u00fdri\u00f0 og \u00feess l\u00edkneskju og t\u00f6lu nafns \u00feess, standa vi\u00f0 glersj\u00f3inn l), me\u00f0 h\u00f6rpur Gu\u00f0s \u00ed h\u00f6ndum s\u00e9r.3\u00deeir syngja s\u00f6ng m) M\u00f3sis \u00fej\u00f3nustumanns, og s\u00f6ng lambsins, segjandi: n) mikil og d\u00e1samleg eru \u00fe\u00edn verk, Drottinn Gu\u00f0 alvaldi o), r\u00e9ttv\u00edsir og sannir eru \u00fe\u00ednir vegir, \u00fej\u00f3\u00f0anna konungur!4Hv\u00f6r skyldi p) ekki \u00f3ttast \u00feig, <a href=\"https:\/\/biblian.is\/videy\/opinberunarbok-johannesar-15-kafli\/\"> [&#8230;]<\/a><\/p>\n","protected":false},"author":1,"featured_media":0,"parent":0,"menu_order":0,"comment_status":"open","ping_status":"open","template":"bibliukaflar.php","meta":{"footnotes":""},"class_list":["post-22031","page","type-page","status-publish","hentry"],"_links":{"self":[{"href":"https:\/\/biblian.is\/videy\/wp-json\/wp\/v2\/pages\/22031","targetHints":{"allow":["GET"]}}],"collection":[{"href":"https:\/\/biblian.is\/videy\/wp-json\/wp\/v2\/pages"}],"about":[{"href":"https:\/\/biblian.is\/videy\/wp-json\/wp\/v2\/types\/page"}],"author":[{"embeddable":true,"href":"https:\/\/biblian.is\/videy\/wp-json\/wp\/v2\/users\/1"}],"replies":[{"embeddable":true,"href":"https:\/\/biblian.is\/videy\/wp-json\/wp\/v2\/comments?post=22031"}],"version-history":[{"count":0,"href":"https:\/\/biblian.is\/videy\/wp-json\/wp\/v2\/pages\/22031\/revisions"}],"wp:attachment":[{"href":"https:\/\/biblian.is\/videy\/wp-json\/wp\/v2\/media?parent=22031"}],"curies":[{"name":"wp","href":"https:\/\/api.w.org\/{rel}","templated":true}]}}