{"id":22027,"date":"2018-01-02T01:05:13","date_gmt":"2018-01-02T01:05:13","guid":{"rendered":"http:\/\/biblian.is\/videy\/opinberunarbokin-11-kafli\/"},"modified":"2018-01-02T01:05:13","modified_gmt":"2018-01-02T01:05:13","slug":"opinberunarbok-johannesar-11-kafli","status":"publish","type":"page","link":"https:\/\/biblian.is\/videy\/opinberunarbok-johannesar-11-kafli\/","title":{"rendered":"Opinberunarb\u00f3k J\u00f3hannesar 11. kafli"},"content":{"rendered":"<div class=\"fyrirsognVidey\">M\u00e6ling musterisins. \u00deeir tveir vottar. S\u00e1 7di engill b\u00e1s\u00fanar.<\/div>\n<p><a name=\"1\"><span class=\"versanumer\">1<\/span><\/a>M\u00e9r var fenginn reyrleggur, l\u00edkur staf, me\u00f0 \u00feessum umm\u00e6lum: statt upp og m\u00e6l musteri Gu\u00f0s og altari\u00f0 og \u00fe\u00e1, sem bi\u00f0jast \u00fear fyrir.<a name=\"2\"><span class=\"versanumer\">2<\/span><\/a>En fordyrinu fyrir utan musteri\u00f0 skalt\u00fa sleppa og ekki m\u00e6la \u00fea\u00f0, af \u00fev\u00ed \u00fea\u00f0 er \u00e6tla\u00f0 hei\u00f0ingjum, <span class='VideyAth'>e)<\/span> og \u00feeir munu f\u00f3ttro\u00f0a borgina helgu <span class='VideyAth'>f)<\/span> \u00ed fj\u00f6rutygi og tvo m\u00e1nu\u00f0i. <br \/><a name=\"3\"><span class=\"versanumer\">3<\/span><\/a>En m\u00edna tvo votta vil eg l\u00e1ta sp\u00e1 \u00ed eitt \u00fe\u00fasund og tv\u00f6 hundru\u00f0 og sextygi daga, kl\u00e6dda sorgar b\u00faningi.<a name=\"4\"><span class=\"versanumer\">4<\/span><\/a>\u00deetta eru \u00fe\u00e6r tv\u00e6r vi\u00f0smj\u00f6rsvi\u00f0argreinir og \u00feeir tveir lj\u00f3sastjakar, sem standa frammi fyrir Drottni jar\u00f0arinnar.<a name=\"5\"><span class=\"versanumer\">5<\/span><\/a>Vilji nokkur \u00feeim granda, skal eldur ganga fram \u00far munni \u00feeirra og ey\u00f0a \u00f3vinum \u00feeirra, og \u00feannig skal hv\u00f6r deyja, sem \u00feeim vill granda.<a name=\"6\"><span class=\"versanumer\">6<\/span><\/a>\u00deeir hafa vald til a\u00f0 <span class='VideyAth'>g)<\/span> loka himninum, svo ekki komi regn um sp\u00e1d\u00f3msdaga \u00feeirra; \u00feeir hafa og <span class='VideyAth'>h)<\/span> vald til a\u00f0 sn\u00faa v\u00f6tnunum \u00ed bl\u00f3\u00f0 og sl\u00e1 j\u00f6r\u00f0ina me\u00f0 <span class='VideyAth'>i)<\/span> alls konar pl\u00e1gum, svo oft, sem \u00feeir vilja.<a name=\"7\"><span class=\"versanumer\">7<\/span><\/a>\u00deegar \u00feeir hafa afloki\u00f0 s\u00ednum vitnisbur\u00f0i, mun <span class='VideyAth'>k)<\/span> d\u00fdri\u00f0, sem uppst\u00edgur \u00far afgrunninu, <span class='VideyAth'>l)<\/span> herja \u00e1 \u00fe\u00e1, hafa sigur og drepa \u00fe\u00e1.<a name=\"8\"><span class=\"versanumer\">8<\/span><\/a><span class='VideyAth'>m)<\/span> Hr\u00e6 \u00feeirra munu liggja <span class='VideyAth'>n)<\/span> \u00e1 str\u00e6ti borgarinnar ennar miklu, sem \u00ed andlegum skilningi kallast S\u00f3d\u00f3ma og Egyptaland, hvar e\u00f0 og \u00feeirra Drottinn er krossfestur.<a name=\"9\"><span class=\"versanumer\">9<\/span><\/a>Menn af \u00fdmsum \u00fej\u00f3\u00f0um, \u00e6ttkv\u00edslum, tungum\u00e1lum og f\u00f3lki munu sj\u00e1 \u00feeirra hr\u00e6 \u00ed h\u00e1lfan fj\u00f3r\u00f0a dag, og ekki leyfa a\u00f0 l\u00edk \u00feeirra ver\u00f0i l\u00f6g\u00f0 \u00ed legsta\u00f0.<a name=\"10\"><span class=\"versanumer\">10<\/span><\/a>Innb\u00faar jar\u00f0arinnar munu gle\u00f0ja sig yfir \u00feeim og vera k\u00e1tir og senda hv\u00f6r \u00f6\u00f0rum gjafir, \u00fear e\u00f0 \u00feessir tveir sp\u00e1menn kv\u00f6ldu innb\u00faendur jar\u00f0arinnar.<a name=\"11\"><span class=\"versanumer\">11<\/span><\/a>En a\u00f0 li\u00f0num \u00feeim h\u00e1lfum fj\u00f3r\u00f0a degi, f\u00f3r l\u00edfsandi fr\u00e1 Gu\u00f0i \u00ed \u00fe\u00e1; \u00feeir risu \u00fe\u00e1 \u00e1 f\u00e6tur og mikill \u00f3tti f\u00e9ll yfir \u00fe\u00e1, sem \u00fe\u00e1 s\u00e1u.<a name=\"12\"><span class=\"versanumer\">12<\/span><\/a>\u00deeir heyr\u00f0u \u00fe\u00e1 r\u00f6dd mikla af himni, sem sag\u00f0i vi\u00f0 \u00fe\u00e1: komi\u00f0 hinga\u00f0 upp! \u00feeir f\u00f3ru \u00fe\u00e1 upp til himins \u00ed sk\u00fdi, svo \u00f3vinir \u00feeirra horf\u00f0u \u00e1.<a name=\"13\"><span class=\"versanumer\">13<\/span><\/a>\u00c1 \u00feeirri stundu var\u00f0 svo mikil hr\u00e6ring, a\u00f0 t\u00edundi partur borgarinnar hrundi, og \u00ed \u00feeim jar\u00f0skj\u00e1lfta d\u00f3u sj\u00f6 \u00fe\u00fasundir manna; \u00feeir, sem eftir voru, ur\u00f0u \u00f3ttaslegnir og lofu\u00f0u himnanna Gu\u00f0.<a name=\"14\"><span class=\"versanumer\">14<\/span><\/a>S\u00fa \u00f6nnur pl\u00e1ga var n\u00fa umli\u00f0in, en s\u00fa \u00feri\u00f0ja kemur br\u00e1\u00f0um. <br \/><a name=\"15\"><span class=\"versanumer\">15<\/span><\/a>\u00deegar s\u00e1 <span class='VideyAth'>a)<\/span> sj\u00f6undi engill b\u00e1s\u00fana\u00f0i, komu upp miklar raddir \u00e1 himni, svo segjandi: <span class='VideyAth'>b)<\/span> vor Drottinn og hans Smur\u00f0i hefir fengi\u00f0 vald yfir heiminum og mun r\u00edkja a\u00f0 eil\u00edfu.<a name=\"16\"><span class=\"versanumer\">16<\/span><\/a>\u00deeir <span class='VideyAth'>c)<\/span> tuttugu og fj\u00f3rir \u00f6ldungar, sem s\u00e1tu \u00e1 s\u00ednum st\u00f3lum frammi fyrir Gu\u00f0i, <span class='VideyAth'>d)<\/span> f\u00e9llu \u00fe\u00e1 fram \u00e1 s\u00ednar \u00e1sj\u00f3nur, tilb\u00e1\u00f0u Gu\u00f0 og s\u00f6g\u00f0u:<a name=\"17\"><span class=\"versanumer\">17<\/span><\/a>v\u00e9r \u00fe\u00f6kkum \u00fe\u00e9r, Drottinn Gu\u00f0 alvaldi, <span class='VideyAth'>e)<\/span> \u00fe\u00fa, sem ert og varst, <span class='VideyAth'>f)<\/span> fyrir \u00fea\u00f0 a\u00f0 \u00fe\u00fa hefir teki\u00f0 \u00feitt mikla veldi, og r\u00edkir.<a name=\"18\"><span class=\"versanumer\">18<\/span><\/a>Hei\u00f0ingjarnir illsku\u00f0ust, en \u00fe\u00edn <span class='VideyAth'>g)<\/span> hegning kom, og s\u00e1 t\u00edmi, \u00fe\u00e1 \u00feeir framli\u00f0nu skulu d\u00e6mdir ver\u00f0a, og \u00fe\u00ednir \u00fej\u00f3nar og sp\u00e1menn og heilagir og \u00feeir, sem \u00f3ttast \u00feig, skulu f\u00e1 sitt <span class='VideyAth'>h)<\/span> endurgjald, sm\u00e1ir og st\u00f3rir, en \u00feeir fyrirfarast, sem <span class='VideyAth'>i)<\/span> ey\u00f0ileggja j\u00f6r\u00f0ina.<a name=\"19\"><span class=\"versanumer\">19<\/span><\/a>\u00de\u00e1 opna\u00f0ist <span class='VideyAth'>k)<\/span> Gu\u00f0s musteri \u00e1 himni, og <span class='VideyAth'>l)<\/span> s\u00e1ttm\u00e1ls\u00f6rk Drottins birtist \u00ed hans musteri; ur\u00f0u \u00fe\u00e1 <span class='VideyAth'>m)<\/span> eldingar, hvellir, rei\u00f0ar\u00ferumur, jar\u00f0skj\u00e1lfti og <span class='VideyAth'>n)<\/span> miki\u00f0 hagl.<\/p>\n<div class=\"footnoteVidey\">V. 2. e. L\u00fak. 21,24. f. Kap. 13,5.  V. 3. Kap. 12,6.  V. 5. 2 K\u00f3ng. b. 1,10.12.  V. 6. g. 1 K\u00f3ng. b. 17,1. 18,1. h. 2 M\u00f3s. b. 7,19. i. 2 M\u00f3s. b. 8. og 9. fl.  V. 7. k. Kap. 13,1. l. v. 7. Dan. 7,21.  V. 8. m. Jer. 9,22. n. Kap. 18,10. V. 10. J\u00f3h. 16,20.  V. 13. Kap. 16,18. V. 14. Kap. 8,13.  V. 15. a. Kap. 10,7. b. Efes. 5,3. Opinb. b. 12,10. 19,6.  V. 16. c. Kap. 4,10. d. Kap. 7,11.  V. 17. e. Kap. 1,4.8. Kap. 4,8. 16,5. f. Kap. 19,6. S\u00e1lm. 21,14.  V. 18. g. Kap. 6,17. h. Matt. 20,8. i. 2 Tess. 1,6.  V. 19. k. Kap. 15,5. l. Hebr. 9,4. m. Kap. 4,5. 8,5. n. Kap. 16,21.<\/div>\n","protected":false},"excerpt":{"rendered":"<p>M\u00e6ling musterisins. \u00deeir tveir vottar. S\u00e1 7di engill b\u00e1s\u00fanar. 1M\u00e9r var fenginn reyrleggur, l\u00edkur staf, me\u00f0 \u00feessum umm\u00e6lum: statt upp og m\u00e6l musteri Gu\u00f0s og altari\u00f0 og \u00fe\u00e1, sem bi\u00f0jast \u00fear fyrir.2En fordyrinu fyrir utan musteri\u00f0 skalt\u00fa sleppa og ekki m\u00e6la \u00fea\u00f0, af \u00fev\u00ed \u00fea\u00f0 er \u00e6tla\u00f0 hei\u00f0ingjum, e) og \u00feeir munu f\u00f3ttro\u00f0a borgina helgu f) \u00ed fj\u00f6rutygi og tvo m\u00e1nu\u00f0i. 3En m\u00edna tvo votta vil eg l\u00e1ta sp\u00e1 \u00ed eitt \u00fe\u00fasund og tv\u00f6 hundru\u00f0 og sextygi daga, kl\u00e6dda sorgar b\u00faningi.4\u00deetta eru \u00fe\u00e6r tv\u00e6r vi\u00f0smj\u00f6rsvi\u00f0argreinir og \u00feeir tveir lj\u00f3sastjakar, sem standa frammi fyrir Drottni jar\u00f0arinnar.5Vilji nokkur \u00feeim granda, skal eldur <a href=\"https:\/\/biblian.is\/videy\/opinberunarbok-johannesar-11-kafli\/\"> [&#8230;]<\/a><\/p>\n","protected":false},"author":1,"featured_media":0,"parent":0,"menu_order":0,"comment_status":"open","ping_status":"open","template":"bibliukaflar.php","meta":{"footnotes":""},"class_list":["post-22027","page","type-page","status-publish","hentry"],"_links":{"self":[{"href":"https:\/\/biblian.is\/videy\/wp-json\/wp\/v2\/pages\/22027","targetHints":{"allow":["GET"]}}],"collection":[{"href":"https:\/\/biblian.is\/videy\/wp-json\/wp\/v2\/pages"}],"about":[{"href":"https:\/\/biblian.is\/videy\/wp-json\/wp\/v2\/types\/page"}],"author":[{"embeddable":true,"href":"https:\/\/biblian.is\/videy\/wp-json\/wp\/v2\/users\/1"}],"replies":[{"embeddable":true,"href":"https:\/\/biblian.is\/videy\/wp-json\/wp\/v2\/comments?post=22027"}],"version-history":[{"count":0,"href":"https:\/\/biblian.is\/videy\/wp-json\/wp\/v2\/pages\/22027\/revisions"}],"wp:attachment":[{"href":"https:\/\/biblian.is\/videy\/wp-json\/wp\/v2\/media?parent=22027"}],"curies":[{"name":"wp","href":"https:\/\/api.w.org\/{rel}","templated":true}]}}