{"id":22025,"date":"2018-01-02T01:05:13","date_gmt":"2018-01-02T01:05:13","guid":{"rendered":"http:\/\/biblian.is\/videy\/opinberunarbokin-9-kafli\/"},"modified":"2018-01-02T01:05:13","modified_gmt":"2018-01-02T01:05:13","slug":"opinberunarbok-johannesar-9-kafli","status":"publish","type":"page","link":"https:\/\/biblian.is\/videy\/opinberunarbok-johannesar-9-kafli\/","title":{"rendered":"Opinberunarb\u00f3k J\u00f3hannesar 9. kafli"},"content":{"rendered":"<div class=\"fyrirsognVidey\">S\u00e1 5ti og 6ti engill b\u00e1s\u00fanar.<\/div>\n<p><a name=\"1\"><span class=\"versanumer\">1<\/span><\/a>\u00deegar s\u00e1 fimmti engill b\u00e1s\u00fana\u00f0i, s\u00e1 eg stj\u00f6rnu falla af himni ofan \u00e1 j\u00f6r\u00f0ina; henni var fenginn lykill a\u00f0 brunni afgrunnsins.<a name=\"2\"><span class=\"versanumer\">2<\/span><\/a>H\u00fan lauk upp brunninum, eins og af st\u00f3rum eldsofni, og s\u00f3lin og lofti\u00f0 var\u00f0 formyrkva\u00f0 af reyknum \u00far brunninum.<a name=\"3\"><span class=\"versanumer\">3<\/span><\/a>Engisprettur f\u00f3ru \u00far reyknum ofan \u00e1 j\u00f6r\u00f0ina, \u00fe\u00e6r v\u00f3ru eins magna\u00f0ar og jar\u00f0arh\u00f6ggormar.<a name=\"4\"><span class=\"versanumer\">4<\/span><\/a>\u00deeim var banna\u00f0 a\u00f0 granda grasi jar\u00f0arinnar og \u00f6llum gr\u00e6num jurtum og trj\u00e1m, nema \u00feeim m\u00f6nnum, sem ekki h\u00f6f\u00f0u innsigli Gu\u00f0s \u00e1 ennum s\u00ednum.<a name=\"5\"><span class=\"versanumer\">5<\/span><\/a>\u00deeim var svo bo\u00f0i\u00f0, a\u00f0 \u00fe\u00e6r dr\u00e6pi \u00fe\u00e1 ekki, heldur kveldi \u00fe\u00e1 \u00ed fimm m\u00e1nu\u00f0i; \u00feessi kv\u00f6l var eins og \u00feegar h\u00f6ggormur stingur mann.<a name=\"6\"><span class=\"versanumer\">6<\/span><\/a>\u00c1 \u00feeim t\u00edmum munu menn leita dau\u00f0ans, en ekki finna hann; \u00feeir munu \u00e6skja s\u00e9r a\u00f0 deyja, en dau\u00f0inn mun for\u00f0ast \u00fe\u00e1.<a name=\"7\"><span class=\"versanumer\">7<\/span><\/a>Engispretturnar voru svipa\u00f0ar hestum, b\u00fanum til bardaga; \u00e1 h\u00f6f\u00f0um \u00feeirra voru eins og gullk\u00f3r\u00f3nur, og \u00e1sj\u00f3nur \u00feeirra voru eins og \u00e1 m\u00f6nnum.<a name=\"8\"><span class=\"versanumer\">8<\/span><\/a>\u00de\u00e6r h\u00f6f\u00f0u h\u00e1r eins og kvenmannsh\u00e1r, og tennur eins og lj\u00f3nstennur;<a name=\"9\"><span class=\"versanumer\">9<\/span><\/a>brynjur \u00feeirra voru eins og j\u00e1rnbrynjur, og v\u00e6ngja\u00feyturinn eins og vagnagn\u00fdr, \u00fe\u00e1 margir hestar hlaupa fram til bardaga.<a name=\"10\"><span class=\"versanumer\">10<\/span><\/a>\u00de\u00e6r h\u00f6f\u00f0u hala, l\u00edka h\u00f6ggormaspor\u00f0um, og brodda \u00ed. \u00de\u00e6r h\u00f6f\u00f0u vald til a\u00f0 granda m\u00f6nnum me\u00f0 h\u00f6lunum \u00ed fimm m\u00e1nu\u00f0i.<a name=\"11\"><span class=\"versanumer\">11<\/span><\/a>Engill afgrunnsins er konungur yfir \u00feeim; hann heitir \u00e1 Hebresku \u00c1 b a d d \u00f3 n, en \u00e1 Gr\u00edsku \u00c1 p o l l y \u00f3 n <span class='VideyAth'>(ey\u00f0ileggjari)<\/span>.<a name=\"12\"><span class=\"versanumer\">12<\/span><\/a>S\u00fa fyrsta pl\u00e1ga var n\u00fa umli\u00f0in, en tv\u00e6r a\u00f0rar koma h\u00e9r \u00e1 eftir. <br \/><a name=\"13\"><span class=\"versanumer\">13<\/span><\/a>\u00deegar sj\u00f6tti engillinn b\u00e1s\u00fana\u00f0i heyr\u00f0i eg eina r\u00f6dd fara fr\u00e1 fj\u00f3rum hyrningum \u00feess gulllega altaris, sem frammi var fyrir Gu\u00f0i;<a name=\"14\"><span class=\"versanumer\">14<\/span><\/a>h\u00fan sag\u00f0i vi\u00f0 sj\u00f6tta engilinn, sem h\u00e9lt \u00e1 b\u00e1s\u00fanunni: <span class='VideyAth'>a)<\/span> leys \u00fe\u00e1 fj\u00f3ra engla, sem fj\u00f6tra\u00f0ir eru hj\u00e1 <span class='VideyAth'>b)<\/span> \u00fev\u00ed mikla flj\u00f3ti Evphrat.<a name=\"15\"><span class=\"versanumer\">15<\/span><\/a>S\u00ed\u00f0an voru \u00feeir fj\u00f3rir englar leystir, og st\u00f3\u00f0u \u00feeir vi\u00f0b\u00fanir \u00e1 hv\u00f6rri stundu, \u00e1 hv\u00f6rjum degi, m\u00e1nu\u00f0i og \u00e1ri, til a\u00f0 drepa \u00feri\u00f0jung mannanna.<a name=\"16\"><span class=\"versanumer\">16<\/span><\/a>Tala riddarali\u00f0sins voru tvennar t\u00edu\u00fe\u00fasundir t\u00edu\u00fe\u00fasunda, \u00feessa t\u00f6lu f\u00e9kk eg a\u00f0 vita.<a name=\"17\"><span class=\"versanumer\">17<\/span><\/a>L\u00edka s\u00e1 eg hestana \u00ed vitruninni, og \u00fe\u00e1, sem \u00feeim ri\u00f0u, \u00feeir h\u00f6f\u00f0u eldrau\u00f0ar, svartbl\u00e1ar og bleikgular brynjur, h\u00f6fu\u00f0 hestanna voru eins og lj\u00f3nah\u00f6fu\u00f0, og af munnum \u00feeirra gekk eldur, reykur og brennisteinn.<a name=\"18\"><span class=\"versanumer\">18<\/span><\/a>Af \u00feessum \u00feremur pl\u00e1gum, eldi, reyk og brennisteini, sem \u00fatgekk af munnum \u00feeirra, drapst \u00feri\u00f0jungur mannanna.<a name=\"19\"><span class=\"versanumer\">19<\/span><\/a>\u00dev\u00ed magn hestanna var \u00ed munni \u00feeirra og t\u00f6glum, \u00fev\u00ed t\u00f6glin voru l\u00edk h\u00f6ggormum, og voru me\u00f0 h\u00f6f\u00f0um; me\u00f0 \u00feeim gr\u00f6ndu\u00f0u \u00feeir.<a name=\"20\"><span class=\"versanumer\">20<\/span><\/a>\u00deeir menn, sem ekki fyrirf\u00f3rust \u00ed \u00feessum pl\u00e1gum, <span class='VideyAth'>c)<\/span> l\u00e9tu samt ekki af h\u00e1ttalagi s\u00ednu, heldur tilb\u00e1\u00f0u afgu\u00f0i og l\u00edkneskjur <span class='VideyAth'>d)<\/span> \u00far gulli, silfri, eiri, steini og tr\u00e9, sem hv\u00f6rki geta s\u00e9\u00f0, heyrt, n\u00e9 gengi\u00f0.<a name=\"21\"><span class=\"versanumer\">21<\/span><\/a>Ekki l\u00e9tu \u00feeir heldur af manndr\u00e1pum, g\u00f6ldrum, saurlifna\u00f0i, e\u00f0a \u00fej\u00f3fna\u00f0i.<\/p>\n<div class=\"footnoteVidey\">V. 2. Kap. 8,12.  V. 4. Kap. 7,3.  V. 6. Job. 3,21. Esa. 2,19. Jer. 8,3. H\u00f3s. 10,8. L\u00fak. 23,30. Opinb. b. 6,16.  V. 8. J\u00f3el. 1,6.  V. 9. Jer. 47,3.  V. 12. Kap. 8,13.  V. 13. Kap. 8,3.  V. 14. a. Kap. 20,7. b. Kap. 16,12.  V. 20. c. Kap. 16,11. d. 3 M\u00f3s. b. 17,7. 5 M\u00f3s. b. 31,16. Dan. 5,23.<\/div>\n","protected":false},"excerpt":{"rendered":"<p>S\u00e1 5ti og 6ti engill b\u00e1s\u00fanar. 1\u00deegar s\u00e1 fimmti engill b\u00e1s\u00fana\u00f0i, s\u00e1 eg stj\u00f6rnu falla af himni ofan \u00e1 j\u00f6r\u00f0ina; henni var fenginn lykill a\u00f0 brunni afgrunnsins.2H\u00fan lauk upp brunninum, eins og af st\u00f3rum eldsofni, og s\u00f3lin og lofti\u00f0 var\u00f0 formyrkva\u00f0 af reyknum \u00far brunninum.3Engisprettur f\u00f3ru \u00far reyknum ofan \u00e1 j\u00f6r\u00f0ina, \u00fe\u00e6r v\u00f3ru eins magna\u00f0ar og jar\u00f0arh\u00f6ggormar.4\u00deeim var banna\u00f0 a\u00f0 granda grasi jar\u00f0arinnar og \u00f6llum gr\u00e6num jurtum og trj\u00e1m, nema \u00feeim m\u00f6nnum, sem ekki h\u00f6f\u00f0u innsigli Gu\u00f0s \u00e1 ennum s\u00ednum.5\u00deeim var svo bo\u00f0i\u00f0, a\u00f0 \u00fe\u00e6r dr\u00e6pi \u00fe\u00e1 ekki, heldur kveldi \u00fe\u00e1 \u00ed fimm m\u00e1nu\u00f0i; \u00feessi kv\u00f6l var eins og \u00feegar <a href=\"https:\/\/biblian.is\/videy\/opinberunarbok-johannesar-9-kafli\/\"> [&#8230;]<\/a><\/p>\n","protected":false},"author":1,"featured_media":0,"parent":0,"menu_order":0,"comment_status":"open","ping_status":"open","template":"bibliukaflar.php","meta":{"footnotes":""},"class_list":["post-22025","page","type-page","status-publish","hentry"],"_links":{"self":[{"href":"https:\/\/biblian.is\/videy\/wp-json\/wp\/v2\/pages\/22025","targetHints":{"allow":["GET"]}}],"collection":[{"href":"https:\/\/biblian.is\/videy\/wp-json\/wp\/v2\/pages"}],"about":[{"href":"https:\/\/biblian.is\/videy\/wp-json\/wp\/v2\/types\/page"}],"author":[{"embeddable":true,"href":"https:\/\/biblian.is\/videy\/wp-json\/wp\/v2\/users\/1"}],"replies":[{"embeddable":true,"href":"https:\/\/biblian.is\/videy\/wp-json\/wp\/v2\/comments?post=22025"}],"version-history":[{"count":0,"href":"https:\/\/biblian.is\/videy\/wp-json\/wp\/v2\/pages\/22025\/revisions"}],"wp:attachment":[{"href":"https:\/\/biblian.is\/videy\/wp-json\/wp\/v2\/media?parent=22025"}],"curies":[{"name":"wp","href":"https:\/\/api.w.org\/{rel}","templated":true}]}}