{"id":22010,"date":"2018-01-02T01:05:13","date_gmt":"2018-01-02T01:05:13","guid":{"rendered":"http:\/\/biblian.is\/videy\/fyrsta-johannesarbref-2-kafli\/"},"modified":"2018-01-02T01:05:13","modified_gmt":"2018-01-02T01:05:13","slug":"fyrsta-johannesarbref-2-kafli","status":"publish","type":"page","link":"https:\/\/biblian.is\/videy\/fyrsta-johannesarbref-2-kafli\/","title":{"rendered":"Fyrsta J\u00f3hannesarbr\u00e9f 2. kafli"},"content":{"rendered":"<div class=\"fyrirsognVidey\">Varar vi\u00f0 synd, en kennir undireins, a\u00f0 \u00fe\u00f3 kristnir ver\u00f0i brotlegir, s\u00e9 Kristur \u00feeirra \u00e1rna\u00f0arma\u00f0ur. Kennir: a\u00f0 \u00e1 \u00fev\u00ed sj\u00e1ist hv\u00f6rt \u00feeir \u00feekki r\u00e9tt Gu\u00f0 og standi \u00ed samf\u00e9lagi vi\u00f0 hann, a\u00f0 \u00feeir haldi hans bo\u00f0, elski hann og n\u00e1ungann, en ekki hi\u00f0 jar\u00f0neska. Hvetur til a\u00f0 for\u00f0ast villul\u00e6rd\u00f3m og vi\u00f0halda hj\u00e1 s\u00e9r kristilegu hugarfari.<\/div>\n<p><a name=\"1\"><span class=\"versanumer\">1<\/span><\/a>B\u00f6rn m\u00edn! \u00feetta skrifa eg y\u00f0ur til \u00feess, a\u00f0 \u00fe\u00e9r syndgi\u00f0 ekki, en ef einhv\u00f6r syndgar, \u00fe\u00e1 h\u00f6fum v\u00e9r \u00e1rna\u00f0armann hj\u00e1 F\u00f6\u00f0urnum, Jes\u00fam Krist hinn r\u00e9ttl\u00e1ta;<a name=\"2\"><span class=\"versanumer\">2<\/span><\/a>\u00fev\u00ed hann er forl\u00edkan fyrir vorar syndir, \u00fe\u00f3 ekki einungis fyrir vorar, heldur l\u00edka fyrir allrar veraldarinnar syndir. <br \/><a name=\"3\"><span class=\"versanumer\">3<\/span><\/a>Og \u00fear af vitum v\u00e9r, a\u00f0 v\u00e9r \u00feekkjum hann, ef v\u00e9r var\u00f0veitum hans or\u00f0.<a name=\"4\"><span class=\"versanumer\">4<\/span><\/a>Hv\u00f6r, sem segir: eg \u00feekki hann og var\u00f0veitir ekki hans bo\u00f0or\u00f0, er lygari og \u00ed sl\u00edkum er ekki sannleikur.<a name=\"5\"><span class=\"versanumer\">5<\/span><\/a>En hv\u00f6r hans or\u00f0 var\u00f0veitir, \u00ed honum er sannarlega elskan til Gu\u00f0s fullkomin og af \u00fev\u00ed \u00feekkjum v\u00e9r, a\u00f0 v\u00e9r erum \u00ed honum;<a name=\"6\"><span class=\"versanumer\">6<\/span><\/a>hv\u00f6r, sem segir vera st\u00f6\u00f0uglega \u00ed honum <span class='VideyAth'>a)<\/span> honum ber a\u00f0 breyta eins og hann <span class='VideyAth'>b)<\/span> breytti.<a name=\"7\"><span class=\"versanumer\">7<\/span><\/a>Elskanlegir! n\u00fdtt bo\u00f0or\u00f0 skrifa eg y\u00f0ur ekki, heldur gamalt bo\u00f0or\u00f0, sem \u00fe\u00e9r hafi\u00f0 haft fr\u00e1 upphafi, \u00fea\u00f0 gamla bo\u00f0or\u00f0 er s\u00e1 l\u00e6rd\u00f3mur, hv\u00f6rn \u00fe\u00e9r heyrt hafi\u00f0 fr\u00e1 upphafi.<a name=\"8\"><span class=\"versanumer\">8<\/span><\/a>Aftur skrifa eg y\u00f0ur n\u00fdtt bo\u00f0or\u00f0, sem er sannarlega \u00ed honum og \u00ed y\u00f0ur, \u00fev\u00ed myrkri\u00f0 er horfi\u00f0 og \u00fea\u00f0 sanna lj\u00f3s er \u00feegar fari\u00f0 a\u00f0 sk\u00edna.<a name=\"9\"><span class=\"versanumer\">9<\/span><\/a>Hv\u00f6r, sem segir sig \u00ed lj\u00f3sinu vera og hatar sinn br\u00f3\u00f0ur, s\u00e1 er enn \u00fe\u00e1 \u00ed myrkrinu.<a name=\"10\"><span class=\"versanumer\">10<\/span><\/a>Hv\u00f6r, sem elskar sinn br\u00f3\u00f0ur, s\u00e1 er \u00ed lj\u00f3sinu og honum ver\u00f0ur ekkert til hr\u00f6sunar.<a name=\"11\"><span class=\"versanumer\">11<\/span><\/a>En hv\u00f6r sinn br\u00f3\u00f0ur hatar, s\u00e1 er \u00ed myrkrinu og r\u00e1far \u00ed myrkrinu og veit ekki hv\u00f6rt hann fer, \u00fev\u00ed myrkri\u00f0 hefir blinda\u00f0 hans augu. <br \/><a name=\"12\"><span class=\"versanumer\">12<\/span><\/a>Eg skrifa y\u00f0ur, b\u00f6rn m\u00edn! vegna \u00feess a\u00f0 y\u00f0ar syndir eru y\u00f0ur fyrirgefnar fyrir hans nafn.<a name=\"13\"><span class=\"versanumer\">13<\/span><\/a>Eg skrifa y\u00f0ur, fe\u00f0ur! \u00fev\u00ed a\u00f0 \u00fe\u00e9r \u00feekki\u00f0 hann, sem er fr\u00e1 upphafi. Eg skrifa y\u00f0ur, unglingar! \u00fev\u00ed \u00fe\u00e9r hafi\u00f0 sigra\u00f0 \u00feann vonda.<a name=\"14\"><span class=\"versanumer\">14<\/span><\/a>Eg skrifa y\u00f0ur, b\u00f6rn! \u00fev\u00ed \u00fe\u00e9r \u00feekki\u00f0 F\u00f6\u00f0urinn. Eg hefir <span class='VideyAth'>(\u00e1 undan)<\/span> skrifa\u00f0 y\u00f0ur, fe\u00f0ur! \u00fev\u00ed \u00fe\u00e9r \u00feekki\u00f0 \u00feann, sem er fr\u00e1 upphafi. Eg hefir skrifa\u00f0 y\u00f0ur, yngismenn! \u00fev\u00ed \u00fe\u00e9r eru\u00f0 styrkvir, eru\u00f0 st\u00f6\u00f0ugir vi\u00f0 l\u00e6rd\u00f3m Gu\u00f0s, og hafi\u00f0 sigra\u00f0 hinn vonda.<a name=\"15\"><span class=\"versanumer\">15<\/span><\/a>Elski\u00f0 ekki heiminn, ekki heldur \u00fe\u00e1 hluti, sem \u00ed honum eru; ef nokkur elskar heiminn, \u00ed honum er ekki k\u00e6rleiki F\u00f6\u00f0ursins;<a name=\"16\"><span class=\"versanumer\">16<\/span><\/a>\u00fev\u00ed allt \u00fea\u00f0 \u00ed heiminum er, sem er f\u00fdsn holdsins, f\u00fdsn augnanna og st\u00e6ril\u00e1tt l\u00edferni, \u00fea\u00f0 er ekki fr\u00e1 F\u00f6\u00f0urnum heldur fr\u00e1 heiminum;<a name=\"17\"><span class=\"versanumer\">17<\/span><\/a>en heimurinn fyrirferst og girnd til hans, en s\u00e1, sem breytir eftir Gu\u00f0s vilja, varir a\u00f0 eil\u00edfu. <br \/><a name=\"18\"><span class=\"versanumer\">18<\/span><\/a>B\u00f6rn m\u00edn! hinn s\u00ed\u00f0asti t\u00edmi er fyrir h\u00f6ndum og eins og \u00fe\u00e9r hafi\u00f0 heyrt, a\u00f0 fjandmenn Krists komi, svo eru n\u00fa \u00feegar margir fjandmenn Krists or\u00f0nir, hvar af v\u00e9r vitum a\u00f0 \u00fea\u00f0 er hin s\u00ed\u00f0asta stund.<a name=\"19\"><span class=\"versanumer\">19<\/span><\/a>Fr\u00e1 oss eru \u00feeir \u00fatfarnir, en \u00feeir voru ekki vorir, \u00fev\u00ed ef \u00feeir hef\u00f0u vorir veri\u00f0, \u00fe\u00e1 hef\u00f0u \u00feeir st\u00f6\u00f0uglega veri\u00f0 me\u00f0 oss, en \u00fea\u00f0 var\u00f0 a\u00f0 vera auglj\u00f3st a\u00f0 allir v\u00e6ru ekki vorir.<a name=\"20\"><span class=\"versanumer\">20<\/span><\/a>En \u00fe\u00e9r hafi\u00f0 smurningu af \u00feeim heilaga <span class='VideyAth'>c)<\/span> og viti\u00f0 allt.<a name=\"21\"><span class=\"versanumer\">21<\/span><\/a>Ekki skrifa\u00f0i eg y\u00f0ur vegna \u00feess a\u00f0 \u00fe\u00e9r \u00feekki\u00f0 ekki sannleikann, heldur af \u00fev\u00ed \u00fe\u00e9r \u00feekki\u00f0 hann og af \u00fev\u00ed a\u00f0 engin lygi \u00e1 skylt vi\u00f0 sannleikann.<a name=\"22\"><span class=\"versanumer\">22<\/span><\/a>Hv\u00f6r er <span class='VideyAth'>(framar)<\/span> lygari, enn s\u00e1 sem neitar, a\u00f0 Jes\u00fas s\u00e9 Kristur? s\u00e1 er fjandma\u00f0ur Krists, sem afneitar F\u00f6\u00f0urnum og Syninum.<a name=\"23\"><span class=\"versanumer\">23<\/span><\/a>Hv\u00f6r, sem afneitar Syninum, hefir ekki heldur samf\u00e9lag vi\u00f0 F\u00f6\u00f0urinn. Hv\u00f6r, sem vi\u00f0urkennir Soninn, hefir og samf\u00e9lag vi\u00f0 F\u00f6\u00f0urinn.<a name=\"24\"><span class=\"versanumer\">24<\/span><\/a>Haldi\u00f0 y\u00f0ur st\u00f6\u00f0uglega vi\u00f0 \u00fea\u00f0 sem \u00fe\u00e9r heyrt hafi\u00f0 fr\u00e1 upphafi, en ef \u00fe\u00e9r haldi\u00f0 y\u00f0ur st\u00f6\u00f0uglega vi\u00f0 \u00fea\u00f0 sem \u00fe\u00e9r fr\u00e1 upphafi hafi\u00f0 heyrt, \u00fe\u00e1 munu\u00f0 \u00fe\u00e9r einnig vi\u00f0 Soninn og F\u00f6\u00f0urinn halda y\u00f0ur st\u00f6\u00f0uglega,<a name=\"25\"><span class=\"versanumer\">25<\/span><\/a>og \u00feetta er fyrirheiti\u00f0, hv\u00f6rju hann hefir oss heiti\u00f0, hi\u00f0 eil\u00edfa l\u00edfi\u00f0.<a name=\"26\"><span class=\"versanumer\">26<\/span><\/a>\u00deetta hefi eg skrifa\u00f0 y\u00f0ur \u00e1hr\u00e6randi \u00fe\u00e1, sem vilja afvegalei\u00f0a y\u00f0ur.<a name=\"27\"><span class=\"versanumer\">27<\/span><\/a>En s\u00fa smurning, hv\u00f6rja \u00fe\u00e9r me\u00f0t\u00f3ku\u00f0 af honum, h\u00fan vi\u00f0helst hj\u00e1 y\u00f0ur, svo \u00fe\u00e9r \u00feurfi\u00f0 \u00feess ekki me\u00f0, a\u00f0 nokkur kenni y\u00f0ur, heldur eins og smurningin fr\u00e6\u00f0ir y\u00f0ur um allt, og h\u00fan er sannleiki en engin lygi, svo munu\u00f0 \u00fe\u00e9r ver\u00f0a honum n\u00e1kv\u00e6mlega sameina\u00f0ir, eins og h\u00fan hefir kennt y\u00f0ur. <br \/><a name=\"28\"><span class=\"versanumer\">28<\/span><\/a>Og n\u00fa, b\u00f6rn m\u00edn! veri\u00f0 innilega sameina\u00f0ir honum, svo a\u00f0 v\u00e9r getum, \u00feegar hann opinberast, haft dj\u00f6rfung og blyg\u00f0umst ekki fyrir honum vi\u00f0 hans tilkomu. <br \/><a name=\"29\"><span class=\"versanumer\">29<\/span><\/a>Ef \u00fe\u00e9r viti\u00f0 \u00fea\u00f0, a\u00f0 hann er r\u00e9ttl\u00e1tur, \u00fe\u00e1 skulu\u00f0 \u00fe\u00e9r einnig \u00fea\u00f0 vita, a\u00f0 hv\u00f6r sem r\u00e9ttl\u00e6ti stundar, hann er af honum f\u00e6ddur.<\/p>\n<div class=\"footnoteVidey\">V. 1. R\u00f3m. 8,34. Hebr. 7,25. 9,24.  V. 2. R\u00f3m.3,25. 2 Kor. 5,18. K\u00f3l. 1,20. J\u00f3h. 1,29. 3,16. 4,42. Hebr. 2,9.  V. 3. J\u00f3h. 8,55.  V. 4. 1 J\u00f3h. 1,6. 4,20.  V. 5. J\u00f3h. 13,35. 14,21.23.  V. 6. a. nl. Gu\u00f0i. b. nl. eins og Kristur. A\u00f0 vera \u00ed einum, er: a\u00f0 elska hann og standa \u00ed n\u00e1nu samf\u00e9lagi vi\u00f0 hann. J\u00f3h. 15,2\u201310. K\u00f3l. 2,6.7. sbr. 1 P\u00e9t. 2,21.  V. 7. \u00feegar \u00ed G. t. (3 M\u00f3s. b. 19,18.) var elska til n\u00e1ungans bo\u00f0in, en Gy\u00f0ingar skyldu \u00fea\u00f0 um elsku einungis til landsmanna; en Jes\u00fas vildi a\u00f0 elskan skyldi n\u00e1 til allra hj\u00e1lpar\u00feurfandi. (L\u00fak. 10,30\u201337.) og \u00feetta bo\u00f0or\u00f0 var s\u00e9rhverjum me\u00f0 kristnit\u00f6kunni bo\u00f0i\u00f0; (Tess. 4,9). \u00dea\u00f0 var \u00feess vegna \u00ed \u00feessu tilliti: gamalt; en n\u00fdtt a\u00f0 \u00fev\u00ed leyti Kristur innprenta\u00f0i fyrstur almenna mannelsku. 2 J\u00f3h. v. 5. Kap. 3,11.  V. 8. \u00fe. e. Krists l\u00e6rd\u00f3mur rak burt van\u00feekkinguna. sbr. J\u00f3h. 1,9. R\u00f3m. 13,12.  V. 9. sbr. Kap. 3,14. 4,20.  V. 12. Post. g. b. 10,43.  V. 13. J\u00f3h. 1,1.  V. 14. Efes. 6,10.  V. 15. sbr. J\u00f3h. 15,19. R\u00f3m. 12,2.  V. 16. L\u00fak. 14,18. fl.  V. 17. 1 Kor. 7,31. 1 P\u00e9t. 1,24. S\u00e1lm. 15,5.  V. 18. sbr. v. 22. 4,3. Matt. 24,5.24. Post. g. b. 20,29. 2 Tess. 2,3. 2 P\u00e9t. 2,1. 2 J\u00f3h. v. 7.  V. 19. Post. g. b. 20,30. 1 Kor. 11,19.  V. 20. c. \u00fe\u00e9r eru\u00f0 r\u00edkuglega \u00fatb\u00fanir me\u00f0 heilags anda g\u00e1fum af Kristi, nefnil. \u00feekkingu og Gu\u00f0 elskandi hugarfari. 2 P\u00e9t. 1,12. Efes. 1,13.14. 1 J\u00f3h. 2,24.  V. 22. Kap. 4,3. 2 J\u00f3h. v. 7.  V. 23. L\u00fak. 12,9. J\u00f3h. 5,23. 2 T\u00edm. 2,12.  V. 24. v. 1.2.3.7. J\u00f3h. 14,23.  V. 25. 1 T\u00edm. 4,8.  V. 27. sbr. v. 20. Jer. 31,34. J\u00f3h. 6,45.  V. 28. J\u00f3h. 15,4.9. 1 J\u00f3h. 3,21. 4,17.  V. 29. Kap. 3,7.10.<\/div>\n","protected":false},"excerpt":{"rendered":"<p>Varar vi\u00f0 synd, en kennir undireins, a\u00f0 \u00fe\u00f3 kristnir ver\u00f0i brotlegir, s\u00e9 Kristur \u00feeirra \u00e1rna\u00f0arma\u00f0ur. Kennir: a\u00f0 \u00e1 \u00fev\u00ed sj\u00e1ist hv\u00f6rt \u00feeir \u00feekki r\u00e9tt Gu\u00f0 og standi \u00ed samf\u00e9lagi vi\u00f0 hann, a\u00f0 \u00feeir haldi hans bo\u00f0, elski hann og n\u00e1ungann, en ekki hi\u00f0 jar\u00f0neska. Hvetur til a\u00f0 for\u00f0ast villul\u00e6rd\u00f3m og vi\u00f0halda hj\u00e1 s\u00e9r kristilegu hugarfari. 1B\u00f6rn m\u00edn! \u00feetta skrifa eg y\u00f0ur til \u00feess, a\u00f0 \u00fe\u00e9r syndgi\u00f0 ekki, en ef einhv\u00f6r syndgar, \u00fe\u00e1 h\u00f6fum v\u00e9r \u00e1rna\u00f0armann hj\u00e1 F\u00f6\u00f0urnum, Jes\u00fam Krist hinn r\u00e9ttl\u00e1ta;2\u00fev\u00ed hann er forl\u00edkan fyrir vorar syndir, \u00fe\u00f3 ekki einungis fyrir vorar, heldur l\u00edka fyrir allrar veraldarinnar syndir. 3Og \u00fear <a href=\"https:\/\/biblian.is\/videy\/fyrsta-johannesarbref-2-kafli\/\"> [&#8230;]<\/a><\/p>\n","protected":false},"author":1,"featured_media":0,"parent":0,"menu_order":0,"comment_status":"open","ping_status":"open","template":"bibliukaflar.php","meta":{"footnotes":""},"class_list":["post-22010","page","type-page","status-publish","hentry"],"_links":{"self":[{"href":"https:\/\/biblian.is\/videy\/wp-json\/wp\/v2\/pages\/22010","targetHints":{"allow":["GET"]}}],"collection":[{"href":"https:\/\/biblian.is\/videy\/wp-json\/wp\/v2\/pages"}],"about":[{"href":"https:\/\/biblian.is\/videy\/wp-json\/wp\/v2\/types\/page"}],"author":[{"embeddable":true,"href":"https:\/\/biblian.is\/videy\/wp-json\/wp\/v2\/users\/1"}],"replies":[{"embeddable":true,"href":"https:\/\/biblian.is\/videy\/wp-json\/wp\/v2\/comments?post=22010"}],"version-history":[{"count":0,"href":"https:\/\/biblian.is\/videy\/wp-json\/wp\/v2\/pages\/22010\/revisions"}],"wp:attachment":[{"href":"https:\/\/biblian.is\/videy\/wp-json\/wp\/v2\/media?parent=22010"}],"curies":[{"name":"wp","href":"https:\/\/api.w.org\/{rel}","templated":true}]}}