{"id":22008,"date":"2018-01-02T01:05:07","date_gmt":"2018-01-02T01:05:07","guid":{"rendered":"http:\/\/biblian.is\/videy\/sidara-petursbref-3-kafli\/"},"modified":"2018-01-02T01:05:07","modified_gmt":"2018-01-02T01:05:07","slug":"sidara-petursbref-3-kafli","status":"publish","type":"page","link":"https:\/\/biblian.is\/videy\/sidara-petursbref-3-kafli\/","title":{"rendered":"S\u00ed\u00f0ara P\u00e9tursbr\u00e9f 3. kafli"},"content":{"rendered":"<div class=\"fyrirsognVidey\">Talar um Krists tilkomu til d\u00f3msins, og minnir \u00e1 a\u00f0 menn skuli b\u00faa sig undir \u00feann t\u00edma.<\/div>\n<p><a name=\"1\"><span class=\"versanumer\">1<\/span><\/a>\u00deetta er n\u00fa hi\u00f0 anna\u00f0 br\u00e9f, elskanlegir! \u00ed hv\u00f6rjum eg hvet me\u00f0 \u00e1minningu y\u00f0ar hreinskilna hugskot,<a name=\"2\"><span class=\"versanumer\">2<\/span><\/a>a\u00f0 minnast \u00feeirra or\u00f0a, er \u00e1\u00f0ur hafa tala\u00f0 hinir heil\u00f6gu sp\u00e1menn, og bo\u00f0or\u00f0a \u00feeirra er v\u00e9r, vors Drottins og Frelsara postular h\u00f6fum y\u00f0ur gefi\u00f0.<a name=\"3\"><span class=\"versanumer\">3<\/span><\/a>Fyrst og fremst skulu\u00f0 \u00fe\u00e9r \u00fea\u00f0 vita, a\u00f0 \u00e1 hinum s\u00ed\u00f0ustu d\u00f6gum, munu koma h\u00e1\u00f0samir spottarar, er s\u00ednum eigin girndum fylgja og segja:<a name=\"4\"><span class=\"versanumer\">4<\/span><\/a>hva\u00f0 ver\u00f0ur \u00far fyrirheitinu um Krists tilkomu? \u00fev\u00ed fr\u00e1 \u00fev\u00ed fe\u00f0urnir sofnu\u00f0u, stendur allt vi\u00f0 sama eins og <span class='VideyAth'>(\u00fea\u00f0 var)<\/span> \u00ed \u00f6ndver\u00f0u sk\u00f6punarinnar.<a name=\"5\"><span class=\"versanumer\">5<\/span><\/a>\u00deeir sem \u00feannig eru sinna\u00f0ir l\u00e1ta s\u00e9r \u00fea\u00f0 huli\u00f0 vera, a\u00f0 himnarnir for\u00f0um ur\u00f0u, og j\u00f6r\u00f0in af vatni og <span class='VideyAth'>a)<\/span> framleidd af vatni vi\u00f0 Gu\u00f0s <span class='VideyAth'>(alm\u00e6ttis)<\/span>or\u00f0; <br \/><a name=\"6\"><span class=\"versanumer\">6<\/span><\/a>hvar fyrir s\u00e1 heimur sem \u00fe\u00e1 var, byrg\u00f0ist af vatni og ey\u00f0ilag\u00f0ist.<a name=\"7\"><span class=\"versanumer\">7<\/span><\/a>En \u00feeir himnar sem n\u00fa eru og j\u00f6r\u00f0in, geymast fyrir \u00feess sama <span class='VideyAth'>(alm\u00e6ttis)<\/span>or\u00f0 eldinum, var\u00f0veitast til \u00feess dags, \u00e1 hv\u00f6rjum \u00f3gu\u00f0legir menn d\u00e6mast og tort\u00ednast.<a name=\"8\"><span class=\"versanumer\">8<\/span><\/a>En \u00feetta eitt <span class='VideyAth'>(bi\u00f0 eg)<\/span>, m\u00ednir elskanlegu! a\u00f0 fyrir y\u00f0ur eigi dyljist, \u201ea\u00f0 einn dagur er hj\u00e1 Drottni sem \u00fe\u00fasund \u00e1r, og \u00fe\u00fasund \u00e1r, sem einn dagur\u201c.<a name=\"9\"><span class=\"versanumer\">9<\/span><\/a>Ekki seinkar Drottinn s\u00ednu fyrirheiti <span class='VideyAth'>(\u00fe\u00f3 sumir \u00e1l\u00edti \u00feetta fyrir seinl\u00e6ti)<\/span>; heldur hefir hann bi\u00f0lund vi\u00f0 oss, \u00fear e\u00f0 hann ekki vill a\u00f0 nokkur fyrirfarist, heldur a\u00f0 allir komist til sinnisbetrunar.<a name=\"10\"><span class=\"versanumer\">10<\/span><\/a>En dagur Drottins mun koma sem \u00fej\u00f3fur \u00e1 n\u00f3ttu, \u00fe\u00e1 munu <span class='VideyAth'>b)<\/span> himnarnir forganga me\u00f0 st\u00f3rbrestum, frumefnin af eldi sundurleysast, og j\u00f6r\u00f0in me\u00f0 \u00fev\u00ed, sem \u00ed henni er, uppbrenna.<br \/><a name=\"11\"><span class=\"versanumer\">11<\/span><\/a>\u00dear e\u00f0 allt \u00feetta ferst, hv\u00edl\u00edkum mun y\u00f0ur \u00fe\u00e1 byrja a\u00f0 vera? y\u00f0ur sem me\u00f0 heilagri breytni og gu\u00f0r\u00e6kilegu l\u00edferni,<a name=\"12\"><span class=\"versanumer\">12<\/span><\/a>me\u00f0 eftirl\u00f6ngun v\u00e6nti\u00f0 \u00feessa Gu\u00f0s dags, \u00fe\u00e1 himnarnir munu \u00ed eldi sundur leysast og frumefnin af hita br\u00e1\u00f0na.<a name=\"13\"><span class=\"versanumer\">13<\/span><\/a>En eftir hans fyrirheiti v\u00e6ntum v\u00e9r n\u00fds himins og n\u00fdrrar jar\u00f0ar, hvar r\u00e9ttl\u00e6ti\u00f0 muni b\u00faa. <br \/><a name=\"14\"><span class=\"versanumer\">14<\/span><\/a>\u00dear fyrir, elskanlegir! me\u00f0 \u00fev\u00ed \u00fe\u00e9r eigi\u00f0 \u00e1 \u00fev\u00edl\u00edku von, \u00fe\u00e1 stundi\u00f0 \u00ed fri\u00f0i, \u00e1n flekka og l\u00fdta, fyrir honum fundnir ver\u00f0a,<a name=\"15\"><span class=\"versanumer\">15<\/span><\/a>og \u00e1l\u00edti\u00f0 bi\u00f0lund vors Drottins vera hj\u00e1lpr\u00e6\u00f0isme\u00f0al, eins og vor me\u00f0br\u00f3\u00f0ir P\u00e1ll hefir y\u00f0ur rita\u00f0, eftir \u00feeirri speki sem honum er gefin,<a name=\"16\"><span class=\"versanumer\">16<\/span><\/a>sem sj\u00e1 m\u00e1 af br\u00e9fum <span class='VideyAth'>(hans)<\/span>, \u00fear sem hann talar um \u00feessh\u00e1ttar, \u00ed hv\u00f6rjum sumt er \u00feungskili\u00f0, er f\u00e1fr\u00f3\u00f0ir og sta\u00f0festulausir rangsn\u00faa, eins og \u00f6\u00f0ru \u00ed Ritningunum, \u00feeim sj\u00e1lfum til gl\u00f6tunar.<a name=\"17\"><span class=\"versanumer\">17<\/span><\/a>Elskanlegir! g\u00e6ti\u00f0 y\u00f0ar \u00feess vegna, me\u00f0 \u00fev\u00ed \u00fe\u00e9r viti\u00f0 \u00feetta fyrir fram, a\u00f0 \u00fe\u00e9r l\u00e1ti\u00f0 eigi villu \u00feverbrotinna manna draga y\u00f0ur me\u00f0 s\u00e9r og lei\u00f0a fr\u00e1 y\u00f0ar st\u00f6\u00f0uglyndi.<a name=\"18\"><span class=\"versanumer\">18<\/span><\/a>En vaxi\u00f0 \u00ed n\u00e1\u00f0 og \u00feekkingu Drottins vors Jes\u00fa Krists. Honum s\u00e9 d\u00fdr\u00f0in, b\u00e6\u00f0i n\u00fa og til eil\u00edfrar t\u00ed\u00f0ar. Amen.<\/p>\n<div class=\"footnoteVidey\">V. 3. Matt. 24,11. 1 T\u00edm. 4,1. 2 T\u00edm. 3,1.  V. 4. L\u00fak. 21,25\u201328.31\u201333. 1 Tess. 5,2.3. sbr. Jer. 17,15. Esek. 12,22.  V. 5. 1 M\u00f3s. 1,2.6\u20139. S\u00e1lm. 136,5.6. a. S\u00e1lm. 24,2.  V. 6. 7,17.21.  V. 7. Es. 51,6. 2 Tess. 1,8. Hebr. 1,11.12.  V. 8. S\u00e1lm. 90,4.  V. 9. Esaj. 30,18. Esek. 18,23. Spek. b. 11,24. R\u00f3m. 2,4.  V. 10. L\u00fak. 12,36. ff. Matt. 24,27. Opinb. 16,15. b. L\u00fak. 21,33. Esaj. 51,6. S\u00e1lm. 102,27.  V. 12. S\u00e1lm. 50,3. 2 Tess. 1,8.  V. 13. Esaj. 65,17. 66,22. Opinb. 21,1.<\/div>\n","protected":false},"excerpt":{"rendered":"<p>Talar um Krists tilkomu til d\u00f3msins, og minnir \u00e1 a\u00f0 menn skuli b\u00faa sig undir \u00feann t\u00edma. 1\u00deetta er n\u00fa hi\u00f0 anna\u00f0 br\u00e9f, elskanlegir! \u00ed hv\u00f6rjum eg hvet me\u00f0 \u00e1minningu y\u00f0ar hreinskilna hugskot,2a\u00f0 minnast \u00feeirra or\u00f0a, er \u00e1\u00f0ur hafa tala\u00f0 hinir heil\u00f6gu sp\u00e1menn, og bo\u00f0or\u00f0a \u00feeirra er v\u00e9r, vors Drottins og Frelsara postular h\u00f6fum y\u00f0ur gefi\u00f0.3Fyrst og fremst skulu\u00f0 \u00fe\u00e9r \u00fea\u00f0 vita, a\u00f0 \u00e1 hinum s\u00ed\u00f0ustu d\u00f6gum, munu koma h\u00e1\u00f0samir spottarar, er s\u00ednum eigin girndum fylgja og segja:4hva\u00f0 ver\u00f0ur \u00far fyrirheitinu um Krists tilkomu? \u00fev\u00ed fr\u00e1 \u00fev\u00ed fe\u00f0urnir sofnu\u00f0u, stendur allt vi\u00f0 sama eins og (\u00fea\u00f0 var) \u00ed \u00f6ndver\u00f0u sk\u00f6punarinnar.5\u00deeir <a href=\"https:\/\/biblian.is\/videy\/sidara-petursbref-3-kafli\/\"> [&#8230;]<\/a><\/p>\n","protected":false},"author":1,"featured_media":0,"parent":0,"menu_order":0,"comment_status":"open","ping_status":"open","template":"bibliukaflar.php","meta":{"footnotes":""},"class_list":["post-22008","page","type-page","status-publish","hentry"],"_links":{"self":[{"href":"https:\/\/biblian.is\/videy\/wp-json\/wp\/v2\/pages\/22008","targetHints":{"allow":["GET"]}}],"collection":[{"href":"https:\/\/biblian.is\/videy\/wp-json\/wp\/v2\/pages"}],"about":[{"href":"https:\/\/biblian.is\/videy\/wp-json\/wp\/v2\/types\/page"}],"author":[{"embeddable":true,"href":"https:\/\/biblian.is\/videy\/wp-json\/wp\/v2\/users\/1"}],"replies":[{"embeddable":true,"href":"https:\/\/biblian.is\/videy\/wp-json\/wp\/v2\/comments?post=22008"}],"version-history":[{"count":0,"href":"https:\/\/biblian.is\/videy\/wp-json\/wp\/v2\/pages\/22008\/revisions"}],"wp:attachment":[{"href":"https:\/\/biblian.is\/videy\/wp-json\/wp\/v2\/media?parent=22008"}],"curies":[{"name":"wp","href":"https:\/\/api.w.org\/{rel}","templated":true}]}}