{"id":21989,"date":"2018-01-02T01:05:02","date_gmt":"2018-01-02T01:05:02","guid":{"rendered":"http:\/\/biblian.is\/videy\/hebreabrefid-7-kafli\/"},"modified":"2018-01-02T01:05:02","modified_gmt":"2018-01-02T01:05:02","slug":"hebreabrefid-7-kafli","status":"publish","type":"page","link":"https:\/\/biblian.is\/videy\/hebreabrefid-7-kafli\/","title":{"rendered":"Hebreabr\u00e9fi\u00f0 7. kafli"},"content":{"rendered":"<div class=\"fyrirsognVidey\">Jes\u00fas er ypparsti prestur, fullkomnari en allir a\u00f0rir.<\/div>\n<p><a name=\"1\"><span class=\"versanumer\">1<\/span><\/a>En Melkisedek \u00feessi, er var Salemskonungur og kennima\u00f0ur Gu\u00f0s hins h\u00e6sta, hv\u00f6r e\u00f0 gekk \u00ed veg fyrir Abraham og blessa\u00f0i hann, \u00fe\u00e1 hann sneri heimlei\u00f0is fr\u00e1 dr\u00e1pi konunganna,<a name=\"2\"><span class=\"versanumer\">2<\/span><\/a>og hv\u00f6rjum Abraham skipti t\u00edundum af \u00f6llu herfangi s\u00ednu, hans nafn m\u00e1 fyrst \u00fatleggjast: konungur r\u00e9ttv\u00edsinnar og \u00fear n\u00e6st konungur fri\u00f0arins, \u00fear hann var konungur \u00ed Salem.<a name=\"3\"><span class=\"versanumer\">3<\/span><\/a>Hann haf\u00f0i hv\u00f6rki f\u00f6\u00f0ur n\u00e9 m\u00f3\u00f0ur, e\u00f0a \u00e6ttlegg, hv\u00f6rki l\u00edfs uppt\u00f6k n\u00e9 l\u00edfs endir, en l\u00edkist \u00ed \u00fev\u00ed Syni Gu\u00f0s, a\u00f0 hann er kennima\u00f0ur a\u00f0 eil\u00edfu.<a name=\"4\"><span class=\"versanumer\">4<\/span><\/a>Vir\u00f0i\u00f0 n\u00fa fyrir y\u00f0ur hv\u00edl\u00edkur s\u00e1 megi veri\u00f0 hafa, hv\u00f6rjum jafnvel sj\u00e1lfur forfa\u00f0irinn Abraham gaf t\u00edundir af herfangi s\u00ednu.<a name=\"5\"><span class=\"versanumer\">5<\/span><\/a>A\u00f0 v\u00edsu hafa \u00feeir af Lev\u00edni\u00f0jum, er klerkd\u00f3m taka, heimild til \u00feess a\u00f0 leggja eftir l\u00f6gunum, t\u00edundar \u00fatsvar \u00e1 \u00fej\u00f3\u00f0ina, \u00fea\u00f0 er: br\u00e6\u00f0ur s\u00edna, \u00fe\u00f3tt \u00feeir s\u00e9u af Abraham komnir.<a name=\"6\"><span class=\"versanumer\">6<\/span><\/a>En h\u00e9r t\u00f3k s\u00e1 t\u00edundir af Abraham, sem ekki var Abrahams \u00e6ttar og blessa\u00f0i \u00feann, er fengi\u00f0 haf\u00f0i fyrirheitin.<a name=\"7\"><span class=\"versanumer\">7<\/span><\/a>\u00dev\u00ed ver\u00f0ur \u00fe\u00f3 ekki m\u00f3ti m\u00e6lt, a\u00f0 s\u00e1, sem er minnih\u00e1ttar, blessast af \u00feeim, sem meirih\u00e1ttar er.<a name=\"8\"><span class=\"versanumer\">8<\/span><\/a>H\u00e9r taka dau\u00f0legir menn t\u00edundir, en \u00fear s\u00e1, um hv\u00f6rn vitna\u00f0 er, a\u00f0 hann \u00e6 lifi.<a name=\"9\"><span class=\"versanumer\">9<\/span><\/a>Og Lev\u00ed, hv\u00f6rs afkomendur plaga t\u00edundir a\u00f0 taka, hefir\u2014a\u00f0 eg komist svo a\u00f0 or\u00f0i\u2014m\u00e1tt svara t\u00edund \u00ed Abrahams pers\u00f3nu.<a name=\"10\"><span class=\"versanumer\">10<\/span><\/a>\u00dev\u00ed s\u00e1 Melkisedek m\u00e6tti Abraham, var hann enn \u00ed lendum f\u00f6\u00f0ur s\u00edns.<a name=\"11\"><span class=\"versanumer\">11<\/span><\/a>Hef\u00f0i fullkomnan fengist fyrir \u00feann lev\u00edtiska kennimannsskap <span class='VideyAth'>(til hv\u00f6rs f\u00f3lki\u00f0 var bundi\u00f0 me\u00f0 l\u00f6gum)<\/span> hv\u00f6r \u00fe\u00f6rf hef\u00f0i \u00fe\u00e1 framar \u00e1 \u00fev\u00ed veri\u00f0, a\u00f0 n\u00fdr kennima\u00f0ur skyldi tilsetjast l\u00edkur Melkisedek en ekki Aron.<a name=\"12\"><span class=\"versanumer\">12<\/span><\/a>\u00dev\u00ed vi\u00f0 umbreytingu kennist\u00e9ttarinnar hlutu l\u00f6gin og svo a\u00f0 umbreytast.<a name=\"13\"><span class=\"versanumer\">13<\/span><\/a>En n\u00fa er s\u00e1, um hv\u00f6rn \u00feessi sp\u00e1d\u00f3mur hlj\u00f3\u00f0ar, annarrar artar, \u00ed hv\u00f6rri enginn hefir altarinu \u00fej\u00f3na\u00f0.<a name=\"14\"><span class=\"versanumer\">14<\/span><\/a>\u00dev\u00ed \u00fea\u00f0 er alkunnugt, a\u00f0 Drottinn vor er f\u00e6ddur af J\u00fad\u00e6 \u00e6tt, fyrir hv\u00f6rja \u00e6tt M\u00f3ses enga tilskipun hefir gj\u00f6rt, vi\u00f0v\u00edkjandi kennimanns emb\u00e6ttinu.<a name=\"15\"><span class=\"versanumer\">15<\/span><\/a>Og enn au\u00f0sj\u00e1anlegra er \u00feetta \u00e1 \u00fev\u00ed, a\u00f0 annar kennima\u00f0ur framkemur l\u00edkur Melkisedek,<a name=\"16\"><span class=\"versanumer\">16<\/span><\/a>hv\u00f6r ekki hefir \u00f6\u00f0last emb\u00e6tti\u00f0 eftir tilskipun \u00feess l\u00f6gm\u00e1ls, sem gj\u00f6rir r\u00e1\u00f0 fyrir dau\u00f0legum kennim\u00f6nnum, heldur \u00f3dau\u00f0legum ypparsta presti;<a name=\"17\"><span class=\"versanumer\">17<\/span><\/a>\u00fev\u00ed svo ver\u00f0ur a\u00f0 or\u00f0i kve\u00f0i\u00f0; \u00fe\u00fa ert kennima\u00f0ur a\u00f0 eil\u00edfu, eins og Melkisedek.<a name=\"18\"><span class=\"versanumer\">18<\/span><\/a>Svo er \u00fe\u00e1 hi\u00f0 fyrra l\u00f6gm\u00e1l afteki\u00f0, s\u00f6kum \u00feess \u00f3fullkomlegleika og vanhl\u00edtar;<a name=\"19\"><span class=\"versanumer\">19<\/span><\/a><span class='VideyAth'>(\u00fev\u00ed \u00fea\u00f0 megna\u00f0i engan fulkominn a\u00f0 gj\u00f6ra)<\/span> en \u00ed \u00feess sta\u00f0 innleidd betri von, vegna hv\u00f6rrar v\u00e9r getum n\u00e1l\u00e6gt oss Gu\u00f0i.<a name=\"20\"><span class=\"versanumer\">20<\/span><\/a>Enn framar a\u00f0 \u00fev\u00ed leyti, sem Jes\u00fas var me\u00f0 sv\u00f6rnum ei\u00f0i innsettur, a\u00f0 \u00fev\u00ed leyti er hann or\u00f0inn me\u00f0algangari betri s\u00e1ttm\u00e1la.<a name=\"21\"><span class=\"versanumer\">21<\/span><\/a>A\u00f0rir ur\u00f0u kennimenn ei\u00f0laust,<a name=\"22\"><span class=\"versanumer\">22<\/span><\/a>en \u00feessi \u00fear \u00e1 m\u00f3ti me\u00f0 ei\u00f0i \u00feess, sem til hans sag\u00f0i: Herrann s\u00f3r og hann skal ekki i\u00f0rast \u00feess, \u00fe\u00fa ert kennima\u00f0ur a\u00f0 eil\u00edfu eins og Melkisedek.<a name=\"23\"><span class=\"versanumer\">23<\/span><\/a>\u00deeir yppurstu prestar voru margir einn eftir annan, \u00fev\u00ed dau\u00f0inn kippti \u00feeim burt,<a name=\"24\"><span class=\"versanumer\">24<\/span><\/a>en \u00feessi heldur st\u00f6\u00f0ugu kennimannsemb\u00e6tti af \u00fev\u00ed hann lifir a\u00f0 eil\u00edfu.<a name=\"25\"><span class=\"versanumer\">25<\/span><\/a>\u00deess vegna getur hann og svo \u00e6t\u00ed\u00f0 li\u00f0sinnt \u00feeim, \u00fear hann \u00e6 lifir til \u00feess a\u00f0 tala \u00feeirra m\u00e1li.<a name=\"26\"><span class=\"versanumer\">26<\/span><\/a>\u00dev\u00edl\u00edks kennimanns h\u00f6f\u00f0um v\u00e9r \u00fe\u00f6rf, er heilagur v\u00e6ri og saklaus, \u00f3flekka\u00f0ur, syndurum fr\u00e1skilinn og or\u00f0inn himnunum h\u00e6rri,<a name=\"27\"><span class=\"versanumer\">27<\/span><\/a>er ekki \u00feyrftu daglega, sem a\u00f0rir yppurstu prestar, a\u00f0 f\u00e6ra f\u00f3rnir, fyrst fyrir s\u00ednar eigin, \u00fear n\u00e6st fyrir f\u00f3lksins syndir, \u00feetta gj\u00f6r\u00f0i hann eitt sinn, \u00fe\u00e1 hann f\u00f3rnf\u00e6r\u00f0i sj\u00e1lfum s\u00e9r.<a name=\"28\"><span class=\"versanumer\">28<\/span><\/a>L\u00f6gm\u00e1li\u00f0 innsetur \u00fe\u00e1 til yppurstu presta, sem hafa mannlegan breyskleika, en or\u00f0 ei\u00f0sins, sem yngra er en l\u00f6gm\u00e1li\u00f0, tilsetur Soninn, sem a\u00f0 eil\u00edfu er fullkominn.<\/p>\n<div class=\"footnoteVidey\">V. 1. 1 M\u00f3s. b. 14,18.  V. 2. 1 M\u00f3s. b. 14,20.  V. 4. Post. gb. 2,29.  V. 5. 4 M\u00f3s. b. 18,21.  V. 6. 1 M\u00f3s. b. 14,19. R\u00f3m. 4,13.  V. 9. 4 M\u00f3s. b. 18,26.  V. 11. v. 18.19. Gal. 2,21.  V. 14. 1 M\u00f3s. b. 49,10. Rut. 4,17. fl. Esa. 11,1.  V. 17. Kap. 5,6. S\u00e1lm. 110,4.  V. 18. Gal. 4,9. R\u00f3m. 8,3.  V. 19. J\u00f3h. 1,17. Post. g. b. 13,38.39. R\u00f3m. 3,20. Esa. 2,18. 3,12.  V. 21. S\u00e1lm. 110,4.  V. 25. Kap. 9,24. R\u00f3m. 8, 34. 1 J\u00f3h. 2,1.  V. 26. Kap. 4,14.15. 1 P\u00e9t. 2,22.  V. 27. 3 M\u00f3s. b. 9,7. 16,3.6. fl. Hebr. 9,12.26.  V. 28. Kap. 5,1.2. v. 9. Kap. 2,10.<\/div>\n","protected":false},"excerpt":{"rendered":"<p>Jes\u00fas er ypparsti prestur, fullkomnari en allir a\u00f0rir. 1En Melkisedek \u00feessi, er var Salemskonungur og kennima\u00f0ur Gu\u00f0s hins h\u00e6sta, hv\u00f6r e\u00f0 gekk \u00ed veg fyrir Abraham og blessa\u00f0i hann, \u00fe\u00e1 hann sneri heimlei\u00f0is fr\u00e1 dr\u00e1pi konunganna,2og hv\u00f6rjum Abraham skipti t\u00edundum af \u00f6llu herfangi s\u00ednu, hans nafn m\u00e1 fyrst \u00fatleggjast: konungur r\u00e9ttv\u00edsinnar og \u00fear n\u00e6st konungur fri\u00f0arins, \u00fear hann var konungur \u00ed Salem.3Hann haf\u00f0i hv\u00f6rki f\u00f6\u00f0ur n\u00e9 m\u00f3\u00f0ur, e\u00f0a \u00e6ttlegg, hv\u00f6rki l\u00edfs uppt\u00f6k n\u00e9 l\u00edfs endir, en l\u00edkist \u00ed \u00fev\u00ed Syni Gu\u00f0s, a\u00f0 hann er kennima\u00f0ur a\u00f0 eil\u00edfu.4Vir\u00f0i\u00f0 n\u00fa fyrir y\u00f0ur hv\u00edl\u00edkur s\u00e1 megi veri\u00f0 hafa, hv\u00f6rjum jafnvel sj\u00e1lfur forfa\u00f0irinn Abraham <a href=\"https:\/\/biblian.is\/videy\/hebreabrefid-7-kafli\/\"> [&#8230;]<\/a><\/p>\n","protected":false},"author":1,"featured_media":0,"parent":0,"menu_order":0,"comment_status":"open","ping_status":"open","template":"bibliukaflar.php","meta":{"footnotes":""},"class_list":["post-21989","page","type-page","status-publish","hentry"],"_links":{"self":[{"href":"https:\/\/biblian.is\/videy\/wp-json\/wp\/v2\/pages\/21989","targetHints":{"allow":["GET"]}}],"collection":[{"href":"https:\/\/biblian.is\/videy\/wp-json\/wp\/v2\/pages"}],"about":[{"href":"https:\/\/biblian.is\/videy\/wp-json\/wp\/v2\/types\/page"}],"author":[{"embeddable":true,"href":"https:\/\/biblian.is\/videy\/wp-json\/wp\/v2\/users\/1"}],"replies":[{"embeddable":true,"href":"https:\/\/biblian.is\/videy\/wp-json\/wp\/v2\/comments?post=21989"}],"version-history":[{"count":0,"href":"https:\/\/biblian.is\/videy\/wp-json\/wp\/v2\/pages\/21989\/revisions"}],"wp:attachment":[{"href":"https:\/\/biblian.is\/videy\/wp-json\/wp\/v2\/media?parent=21989"}],"curies":[{"name":"wp","href":"https:\/\/api.w.org\/{rel}","templated":true}]}}