{"id":21981,"date":"2018-01-02T01:05:02","date_gmt":"2018-01-02T01:05:02","guid":{"rendered":"http:\/\/biblian.is\/videy\/titusarbref-3-kafli\/"},"modified":"2018-01-02T01:24:55","modified_gmt":"2018-01-02T01:24:55","slug":"titusarbrefid-3-kafli","status":"publish","type":"page","link":"https:\/\/biblian.is\/videy\/titusarbrefid-3-kafli\/","title":{"rendered":"T\u00edtusarbr\u00e9fi\u00f0 3. kafli"},"content":{"rendered":"<div class=\"fyrirsognVidey\">T\u00edtus \u00e1 a\u00f0 \u00e1minna um hl\u00fd\u00f0ni vi\u00f0 yfirv\u00f6ld og til fleiri dygg\u00f0a. A\u00f0 for\u00f0ast f\u00e1n\u00fdtar spurningar og \u00fer\u00e1ttanir. Ni\u00f0urlag pistilsins.<\/div>\n<p><a name=\"1\"><span class=\"versanumer\">1<\/span><\/a>\u00c1minn \u00fe\u00e1, a\u00f0 \u00feeir s\u00e9u h\u00f6f\u00f0ingjum og yfirv\u00f6ldum undirgefnir, s\u00fdni \u00feeim hl\u00fd\u00f0ni, s\u00e9u rei\u00f0ub\u00fanir til alls \u00feess, sem gott er,<a name=\"2\"><span class=\"versanumer\">2<\/span><\/a>illm\u00e6li engum, s\u00e9u \u00f3deilugjarnir, v\u00e6gir til vi\u00f0 a\u00f0ra, s\u00fdni alls konar h\u00f3gv\u00e6r\u00f0 vi\u00f0 alla menn;<a name=\"3\"><span class=\"versanumer\">3<\/span><\/a>\u00fev\u00ed v\u00e9r vorum og svo for\u00f0um \u00f3skynsamir, \u00f3hl\u00fd\u00f0nir, gengum villir vega, \u00fej\u00f3nu\u00f0um girndum og margs lags muna\u00f0arl\u00edfi, lif\u00f0um \u00ed vonsku og \u00f6fund, vorum hatursver\u00f0ir og h\u00f6tu\u00f0um hv\u00f6r annan.<a name=\"4\"><span class=\"versanumer\">4<\/span><\/a>En \u00feegar g\u00e6ska Gu\u00f0s vors Frelsara og elska hans til mannanna, augl\u00fdsti sig,<a name=\"5\"><span class=\"versanumer\">5<\/span><\/a>\u00fe\u00e1 gj\u00f6r\u00f0i hann oss h\u00f3lpna, ekki vegna r\u00e9ttl\u00e6tandi verka, sem v\u00e9r hef\u00f0um gj\u00f6rt, heldur frelsa\u00f0i hann oss af n\u00e1\u00f0 sinni me\u00f0 endurf\u00e6\u00f0ingarlauginni og endurn\u00fdjungu heilags Anda,<a name=\"6\"><span class=\"versanumer\">6<\/span><\/a>hv\u00f6rjum hann r\u00edkuglega \u00fathellti yfir oss fyrir Jes\u00fam Krist vorn Frelsara,<a name=\"7\"><span class=\"versanumer\">7<\/span><\/a>svo a\u00f0 v\u00e9r r\u00e9ttl\u00e6ttir fyrir hans n\u00e1\u00f0, yr\u00f0um hluttakandi hins eftirv\u00e6nta eil\u00edfa l\u00edfs.<a name=\"8\"><span class=\"versanumer\">8<\/span><\/a>\u00deetta er \u00e1rei\u00f0anlegur l\u00e6rd\u00f3mur; og \u00feetta vil eg a\u00f0 \u00fe\u00fa sta\u00f0festir, svo a\u00f0 \u00feeir, sem hafa tr\u00fa sett til Gu\u00f0s, l\u00e1ti s\u00e9r umhuga\u00f0 a\u00f0 kappkosta g\u00f3\u00f0 verk. \u00deetta er m\u00f6nnum gott og nytsamlegt.<a name=\"9\"><span class=\"versanumer\">9<\/span><\/a>En f\u00e1v\u00edsleg spursm\u00e1l og \u00e6ttart\u00f6lur, deilur og \u00fer\u00e6tur \u00fat af l\u00f6gm\u00e1linu skalt\u00fa for\u00f0ast, \u00fev\u00ed \u00fe\u00e6r eru \u00f3\u00fearfar og h\u00e9g\u00f3mlegar.<a name=\"10\"><span class=\"versanumer\">10<\/span><\/a>Flokkadr\u00e1ttasaman mann skaltu for\u00f0ast, eftir \u00fea\u00f0 a\u00f0 \u00fe\u00fa einu sinni e\u00f0a tvisvar hefir \u00e1minnt hann;<a name=\"11\"><span class=\"versanumer\">11<\/span><\/a>me\u00f0 \u00fev\u00ed \u00fe\u00fa veist a\u00f0 \u00fev\u00edl\u00edkur er fr\u00e1sn\u00fainn, og gengur svo afvega, a\u00f0 hann er sj\u00e1lfd\u00e6mdur.<a name=\"12\"><span class=\"versanumer\">12<\/span><\/a>\u00deegar eg sendi Artemas e\u00f0a Tykk\u00edkus til \u00fe\u00edn, \u00fe\u00e1 kosta kapps um a\u00f0 koma til m\u00edn Nik\u00f3p\u00f3lis, \u00fev\u00ed \u00fear hefi eg \u00e1sett m\u00e9r a\u00f0 hafa vetrarvist.<a name=\"13\"><span class=\"versanumer\">13<\/span><\/a>L\u00e1t \u00fe\u00e9r annt um a\u00f0 veita Senusi l\u00f6gvitringi og Appoll\u00f3 g\u00f3\u00f0an fararbeina svo a\u00f0 \u00fe\u00e1 ekkert bresti.<a name=\"14\"><span class=\"versanumer\">14<\/span><\/a>Vorir eiga og a\u00f0 l\u00e6ra a\u00f0 kappkosta g\u00f3\u00f0gj\u00f6r\u00f0ir til a\u00f0 b\u00e6ta \u00far nau\u00f0\u00feurftum annarra, svo a\u00f0 \u00feeir s\u00e9u ekki \u00e1vaxtarlausir.<a name=\"15\"><span class=\"versanumer\">15<\/span><\/a>Allir, sem hj\u00e1 m\u00e9r eru, heilsa \u00fe\u00e9r. Heilsa \u00fe\u00fa \u00f6llum tr\u00fau\u00f0um, sem elska oss. N\u00e1\u00f0 s\u00e9 me\u00f0 y\u00f0ur \u00f6llum! <\/p>\n<div class=\"footnoteVidey\">V. 1. sbr. R\u00f3m. 13,1. 1 P\u00e9t. 2,13.14.  V. 3. Kor. 6,11. Efes. 2,1.3. sbr. 4,17.18. 1 P\u00e9t. 4,3.  V. 4. Kap. 2,11.  V. 5. R\u00f3m. 3,24. Efes. 2,4. fl. \u00fe. e. sk\u00edrninni. sbr. Efes. 5,26.  V. 6. R\u00f3m. 5,5. \u00fathella yfir, \u00fe. e. yfirgn\u00e6fanlega veita e\u00f0a \u00fatb\u00faa me\u00f0.  V. 7. R\u00f3m. 3,24.  V. 12. Efes. 6,21.22.  V. 13. Post. g. b. 18,24\u201328. sbr. 3 J\u00f3h. v. 6.  V. 14. \u00fe. e. \u00feeim, sem P\u00e1ll postuli og hans l\u00e6risveinar h\u00f6f\u00f0u kristna\u00f0 \u00e1 eyjunni Kr\u00edt. nefnil. \u00ed g\u00f3\u00f0um verkum.<a name=\"\"><\/div>\n","protected":false},"excerpt":{"rendered":"<p>T\u00edtus \u00e1 a\u00f0 \u00e1minna um hl\u00fd\u00f0ni vi\u00f0 yfirv\u00f6ld og til fleiri dygg\u00f0a. A\u00f0 for\u00f0ast f\u00e1n\u00fdtar spurningar og \u00fer\u00e1ttanir. Ni\u00f0urlag pistilsins. 1\u00c1minn \u00fe\u00e1, a\u00f0 \u00feeir s\u00e9u h\u00f6f\u00f0ingjum og yfirv\u00f6ldum undirgefnir, s\u00fdni \u00feeim hl\u00fd\u00f0ni, s\u00e9u rei\u00f0ub\u00fanir til alls \u00feess, sem gott er,2illm\u00e6li engum, s\u00e9u \u00f3deilugjarnir, v\u00e6gir til vi\u00f0 a\u00f0ra, s\u00fdni alls konar h\u00f3gv\u00e6r\u00f0 vi\u00f0 alla menn;3\u00fev\u00ed v\u00e9r vorum og svo for\u00f0um \u00f3skynsamir, \u00f3hl\u00fd\u00f0nir, gengum villir vega, \u00fej\u00f3nu\u00f0um girndum og margs lags muna\u00f0arl\u00edfi, lif\u00f0um \u00ed vonsku og \u00f6fund, vorum hatursver\u00f0ir og h\u00f6tu\u00f0um hv\u00f6r annan.4En \u00feegar g\u00e6ska Gu\u00f0s vors Frelsara og elska hans til mannanna, augl\u00fdsti sig,5\u00fe\u00e1 gj\u00f6r\u00f0i hann oss h\u00f3lpna, ekki vegna r\u00e9ttl\u00e6tandi <a href=\"https:\/\/biblian.is\/videy\/titusarbrefid-3-kafli\/\"> [&#8230;]<\/a><\/p>\n","protected":false},"author":1,"featured_media":0,"parent":0,"menu_order":0,"comment_status":"open","ping_status":"open","template":"bibliukaflar.php","meta":{"footnotes":""},"class_list":["post-21981","page","type-page","status-publish","hentry"],"_links":{"self":[{"href":"https:\/\/biblian.is\/videy\/wp-json\/wp\/v2\/pages\/21981","targetHints":{"allow":["GET"]}}],"collection":[{"href":"https:\/\/biblian.is\/videy\/wp-json\/wp\/v2\/pages"}],"about":[{"href":"https:\/\/biblian.is\/videy\/wp-json\/wp\/v2\/types\/page"}],"author":[{"embeddable":true,"href":"https:\/\/biblian.is\/videy\/wp-json\/wp\/v2\/users\/1"}],"replies":[{"embeddable":true,"href":"https:\/\/biblian.is\/videy\/wp-json\/wp\/v2\/comments?post=21981"}],"version-history":[{"count":0,"href":"https:\/\/biblian.is\/videy\/wp-json\/wp\/v2\/pages\/21981\/revisions"}],"wp:attachment":[{"href":"https:\/\/biblian.is\/videy\/wp-json\/wp\/v2\/media?parent=21981"}],"curies":[{"name":"wp","href":"https:\/\/api.w.org\/{rel}","templated":true}]}}