{"id":21976,"date":"2018-01-02T01:05:02","date_gmt":"2018-01-02T01:05:02","guid":{"rendered":"http:\/\/biblian.is\/videy\/sidara-timoteusarbref-2-kafli\/"},"modified":"2018-01-02T01:05:02","modified_gmt":"2018-01-02T01:05:02","slug":"sidara-timoteusarbref-2-kafli","status":"publish","type":"page","link":"https:\/\/biblian.is\/videy\/sidara-timoteusarbref-2-kafli\/","title":{"rendered":"S\u00ed\u00f0ara T\u00edm\u00f3teusarbr\u00e9f 2. kafli"},"content":{"rendered":"<div class=\"fyrirsognVidey\">P\u00e1ll \u00e1minnir T\u00edm\u00f3teus til dugs og \u00feolg\u00e6\u00f0is \u00ed hans emb\u00e6tti, \u00fev\u00ed mikil laun s\u00e9u \u00ed v\u00e6ndum, til a\u00f0 setja sig \u00e1 m\u00f3ti \u00feeim sem lei\u00f0a a\u00f0ra afvega. En \u00fe\u00f3 menn s\u00e9u \u00ed Gu\u00f0s s\u00f6fnu\u00f0i misjafnir standi Gu\u00f0s bygging samt st\u00f6\u00f0ug. Varar vi\u00f0 \u00e6skubrestum og \u00f3n\u00fdtum spurningum. Hvetur til h\u00f3gv\u00e6r\u00f0ar.<\/div>\n<p><a name=\"1\"><span class=\"versanumer\">1<\/span><\/a>Vert\u00fa \u00fear fyrir, son minn, sterkur \u00ed n\u00e1\u00f0 Jes\u00fa Krists.<a name=\"2\"><span class=\"versanumer\">2<\/span><\/a>Og \u00fea\u00f0 sem \u00fe\u00fa heyr\u00f0ir af m\u00e9r \u00ed margra vitna n\u00e6rveru f\u00e1 \u00fea\u00f0 aftur tr\u00faum m\u00f6nnum sem h\u00e6fir eru a\u00f0 kenna \u00f6\u00f0rum.<a name=\"3\"><span class=\"versanumer\">3<\/span><\/a>En \u00feoldu illt sem g\u00f3\u00f0ur str\u00ed\u00f0sma\u00f0ur Jes\u00fa Krists.<a name=\"4\"><span class=\"versanumer\">4<\/span><\/a>Enginn herma\u00f0ur sl\u00e6r s\u00e9r \u00ed a\u00f0rar s\u00fdslanir, svo a\u00f0 hann \u00fe\u00f3knist \u00feeim sem t\u00f3k hann \u00e1 m\u00e1la.<a name=\"5\"><span class=\"versanumer\">5<\/span><\/a>Ekki heldur f\u00e6r s\u00e1 k\u00f3r\u00f3nuna sem gengur \u00ed kappleik nema hann berjist l\u00f6glega.<a name=\"6\"><span class=\"versanumer\">6<\/span><\/a>Fyrst eftir afsta\u00f0na vinnu \u00e1 jar\u00f0yrkjuma\u00f0urinn a\u00f0 nj\u00f3ta \u00e1vaxtanna.<a name=\"7\"><span class=\"versanumer\">7<\/span><\/a>Tak eftir \u00fev\u00ed sem eg segi, \u00fev\u00ed Drottinn mun gefa \u00fe\u00e9r skilning \u00ed \u00f6llu.<a name=\"8\"><span class=\"versanumer\">8<\/span><\/a>Minnstu Jes\u00fa Krists, \u00e6ttni\u00f0ja Dav\u00ed\u00f0s, sem fr\u00e1 dau\u00f0um er upprisinn eftir m\u00ednum n\u00e1\u00f0arbo\u00f0skap,<a name=\"9\"><span class=\"versanumer\">9<\/span><\/a>vegna hv\u00f6rs eg l\u00ed\u00f0 illt, jafnvel fj\u00f6tur eins og illvirki\u2014en Gu\u00f0s or\u00f0 ver\u00f0ur ekki fj\u00f6tra\u00f0.<a name=\"10\"><span class=\"versanumer\">10<\/span><\/a>\u00deess vegna umber eg allt sakir inna \u00fatv\u00f6ldu svo a\u00f0 \u00feeir hlj\u00f3ti hj\u00e1lpr\u00e6\u00f0i Jes\u00fa Krists me\u00f0 eil\u00edfri d\u00fdr\u00f0.<a name=\"11\"><span class=\"versanumer\">11<\/span><\/a>\u00dea\u00f0 er sannur l\u00e6rd\u00f3mur a\u00f0 ef v\u00e9r me\u00f0 honum deyjum \u00fe\u00e1 munum og me\u00f0 honum lifa,<a name=\"12\"><span class=\"versanumer\">12<\/span><\/a>ef v\u00e9r \u00feolum st\u00f6\u00f0uglega \u00fe\u00e1 munum v\u00e9r og me\u00f0 honum r\u00edkja, ef v\u00e9r afneitum honum mun hann og afneita oss,<a name=\"13\"><span class=\"versanumer\">13<\/span><\/a>ef v\u00e9r ver\u00f0um \u00f3tr\u00fair \u00fe\u00e1 ver\u00f0ur hann samt tr\u00far, sj\u00e1lfum s\u00e9r getur hann ekki afneita\u00f0.<br \/><a name=\"14\"><span class=\"versanumer\">14<\/span><\/a>\u00c1minn \u00fe\u00fa um \u00feetta og vitna fyrir augliti Drottins a\u00f0 \u00feeir ekki gefi sig \u00ed or\u00f0a\u00fer\u00e6tur, sem til einkis gagna en eru til afvegalei\u00f0slu \u00feeim sem \u00e1heyrsla ver\u00f0a.<a name=\"15\"><span class=\"versanumer\">15<\/span><\/a>Legg kapp \u00e1 a\u00f0 au\u00f0s\u00fdna \u00feig Gu\u00f0i vanda\u00f0an verkamann er ekki \u00fearf a\u00f0 skammast s\u00edn og r\u00e9tt fer me\u00f0 sannleiksins l\u00e6rd\u00f3m.<a name=\"16\"><span class=\"versanumer\">16<\/span><\/a>En for\u00f0ast vanheilagt h\u00e9g\u00f3matal, \u00fev\u00ed sl\u00edkir ana lengra og lengra fram \u00ed gu\u00f0leysi<a name=\"17\"><span class=\"versanumer\">17<\/span><\/a>og l\u00e6rd\u00f3mur \u00feeirra etur um sig sem helbruni. \u00cd sl\u00edkra t\u00f6lu eru Hymeneus og Filetus<a name=\"18\"><span class=\"versanumer\">18<\/span><\/a>sem fr\u00e1viknir eru sannleikanum, segja upprisuna \u00feegar skena og hafa umsn\u00fai\u00f0 tr\u00fa sumra.<a name=\"19\"><span class=\"versanumer\">19<\/span><\/a>En Gu\u00f0s bygging stendur st\u00f6\u00f0ug og hefir \u00feessa yfirskrift: \u201eDrottinn \u00feekkir s\u00edna\u201c og \u201eHv\u00f6r sem nefnir Drottins nafn haldi s\u00e9r fr\u00e1 rangl\u00e6ti\u201c.<a name=\"20\"><span class=\"versanumer\">20<\/span><\/a>\u00cd st\u00f3ru h\u00fasi eru ekki einungis ker af gulli og silfri heldur og af tr\u00e9 og leir, sum vegleg, sum \u00f3vegleg.<a name=\"21\"><span class=\"versanumer\">21<\/span><\/a>\u00dear fyrir mun hv\u00f6r sem heldur s\u00e9r hreinum fr\u00e1 \u00feessum ver\u00f0a veglegt ker, helga\u00f0 <span class='VideyAth'>(Drottni)<\/span>, gagnlegt h\u00fasb\u00f3ndanum, tilreitt <span class='VideyAth'>a)<\/span> til s\u00e9rhv\u00f6rs g\u00f3\u00f0s verks.<a name=\"22\"><span class=\"versanumer\">22<\/span><\/a>For\u00f0ast \u00fe\u00fa \u00e6skunnar girndir en kappkosta r\u00e9ttv\u00edsi, tr\u00fa, k\u00e6rleika, fri\u00f0 vi\u00f0 alla \u00fe\u00e1 sem \u00e1kalla Drottin me\u00f0 hreinu hjarta.<a name=\"23\"><span class=\"versanumer\">23<\/span><\/a>For\u00f0ast\u00fa heimskulegar og \u00f3skynsamar spurningar, vitandi a\u00f0 \u00fe\u00e6r lei\u00f0a af s\u00e9r \u00fer\u00e1ttanir,<a name=\"24\"><span class=\"versanumer\">24<\/span><\/a>en Drottins \u00fej\u00f3ni s\u00f3mir ekki a\u00f0 deila heldur vera bl\u00ed\u00f0ur vi\u00f0 alla, laginn a\u00f0 kenna, \u00feolugur vi\u00f0 \u00e1reitingar,<a name=\"25\"><span class=\"versanumer\">25<\/span><\/a>s\u00e1 e\u00f0 me\u00f0 bl\u00ed\u00f0lyndi lei\u00f0r\u00e9tti m\u00f3tst\u00f6\u00f0umenn, ef ske kynni a\u00f0 Gu\u00f0 g\u00e6fi \u00feeim sinnaskipti svo \u00feeir komist til \u00feekkingar \u00e1 sannleikanum<a name=\"26\"><span class=\"versanumer\">26<\/span><\/a>og endurvitkist, lausir vi\u00f0 dj\u00f6fulsins sn\u00f6ru \u00ed hv\u00f6rri \u00feeir hafa af honum fl\u00e6ktir veri\u00f0 til a\u00f0 gj\u00f6ra hans vilja.<\/p>\n<div class=\"footnoteVidey\">V. 2. Kap. 1,13.  V. 5. 1 Kor. 9,25.26. 2 T\u00edm. 4,7.8.  V. 9. hans \u00fatbrei\u00f0sla hindrast ekki fyrir \u00fea\u00f0. Kap. 1,12.  V. 10. sbr. R\u00f3m. 6,23.  V. 11. R\u00f3m. 6,5. 8,17. 2 Kor. 4,10.  V. 12. Opinb.b. 3,21. Matt. 10,33. 24,13.  V. 16. nefnilega \u00feeir sem fara me\u00f0 \u00fev\u00e6tting.  V. 19. S\u00e1lm. 1,6. J\u00f3h. 10,14.27. sbr. Matt. 7,21\u201323. L\u00fak. 13,25.27.  V. 20. Allir sem me\u00f0kenna sig til Krists eru ekki eins g\u00f3\u00f0ir, sbr. Matt. 13,24.47.48. 1 Kor. 11,19.  V. 21. a. L\u00e6tur sig ekki saurga af \u00feeirra \u00f3hreinu kerasaurindum. Kap. 3,17.  V. 26. 1 T\u00edm. 6,9.<\/div>\n","protected":false},"excerpt":{"rendered":"<p>P\u00e1ll \u00e1minnir T\u00edm\u00f3teus til dugs og \u00feolg\u00e6\u00f0is \u00ed hans emb\u00e6tti, \u00fev\u00ed mikil laun s\u00e9u \u00ed v\u00e6ndum, til a\u00f0 setja sig \u00e1 m\u00f3ti \u00feeim sem lei\u00f0a a\u00f0ra afvega. En \u00fe\u00f3 menn s\u00e9u \u00ed Gu\u00f0s s\u00f6fnu\u00f0i misjafnir standi Gu\u00f0s bygging samt st\u00f6\u00f0ug. Varar vi\u00f0 \u00e6skubrestum og \u00f3n\u00fdtum spurningum. Hvetur til h\u00f3gv\u00e6r\u00f0ar. 1Vert\u00fa \u00fear fyrir, son minn, sterkur \u00ed n\u00e1\u00f0 Jes\u00fa Krists.2Og \u00fea\u00f0 sem \u00fe\u00fa heyr\u00f0ir af m\u00e9r \u00ed margra vitna n\u00e6rveru f\u00e1 \u00fea\u00f0 aftur tr\u00faum m\u00f6nnum sem h\u00e6fir eru a\u00f0 kenna \u00f6\u00f0rum.3En \u00feoldu illt sem g\u00f3\u00f0ur str\u00ed\u00f0sma\u00f0ur Jes\u00fa Krists.4Enginn herma\u00f0ur sl\u00e6r s\u00e9r \u00ed a\u00f0rar s\u00fdslanir, svo a\u00f0 hann \u00fe\u00f3knist \u00feeim sem t\u00f3k <a href=\"https:\/\/biblian.is\/videy\/sidara-timoteusarbref-2-kafli\/\"> [&#8230;]<\/a><\/p>\n","protected":false},"author":1,"featured_media":0,"parent":0,"menu_order":0,"comment_status":"open","ping_status":"open","template":"bibliukaflar.php","meta":{"footnotes":""},"class_list":["post-21976","page","type-page","status-publish","hentry"],"_links":{"self":[{"href":"https:\/\/biblian.is\/videy\/wp-json\/wp\/v2\/pages\/21976","targetHints":{"allow":["GET"]}}],"collection":[{"href":"https:\/\/biblian.is\/videy\/wp-json\/wp\/v2\/pages"}],"about":[{"href":"https:\/\/biblian.is\/videy\/wp-json\/wp\/v2\/types\/page"}],"author":[{"embeddable":true,"href":"https:\/\/biblian.is\/videy\/wp-json\/wp\/v2\/users\/1"}],"replies":[{"embeddable":true,"href":"https:\/\/biblian.is\/videy\/wp-json\/wp\/v2\/comments?post=21976"}],"version-history":[{"count":0,"href":"https:\/\/biblian.is\/videy\/wp-json\/wp\/v2\/pages\/21976\/revisions"}],"wp:attachment":[{"href":"https:\/\/biblian.is\/videy\/wp-json\/wp\/v2\/media?parent=21976"}],"curies":[{"name":"wp","href":"https:\/\/api.w.org\/{rel}","templated":true}]}}