{"id":21971,"date":"2018-01-02T01:05:02","date_gmt":"2018-01-02T01:05:02","guid":{"rendered":"http:\/\/biblian.is\/videy\/fyrra-timoteusarbref-3-kafli\/"},"modified":"2018-01-02T01:05:02","modified_gmt":"2018-01-02T01:05:02","slug":"fyrra-timoteusarbref-3-kafli","status":"publish","type":"page","link":"https:\/\/biblian.is\/videy\/fyrra-timoteusarbref-3-kafli\/","title":{"rendered":"Fyrra T\u00edm\u00f3teusarbr\u00e9f 3. kafli"},"content":{"rendered":"<div class=\"fyrirsognVidey\">Reglur, hv\u00edl\u00edkum \u00feeim byrji a\u00f0 vera sem takast til forst\u00f6\u00f0u- og \u00fej\u00f3nustumanna safna\u00f0anna. Minnir T\u00edm\u00f3teus \u00e1 grundv\u00f6ll kristilegrar tr\u00faar.<\/div>\n<p><a name=\"1\"><span class=\"versanumer\">1<\/span><\/a>\u00dea\u00f0 eru sannm\u00e6li a\u00f0 ef nokkur girnist biskupsemb\u00e6tti \u00fe\u00e1 girnist hann \u00e1g\u00e6tan hlut.<a name=\"2\"><span class=\"versanumer\">2<\/span><\/a>\u00dear fyrir byrjar sl\u00edkum tilsj\u00f3narmanni a\u00f0 vera \u00f3lastanlegum, einnar konu eiginmanni, \u00e1rv\u00f6krum, h\u00f3fs\u00f6mum, si\u00f0pr\u00fa\u00f0um, gestrisnum, vel f\u00f6llnum til a\u00f0 kenna,<a name=\"3\"><span class=\"versanumer\">3<\/span><\/a>ekki drykkjuma\u00f0ur n\u00e9 ofstopasamur heldur g\u00e6fur, fr\u00e1sneyddur deilum og \u00f3\u00e1gjarn,<a name=\"4\"><span class=\"versanumer\">4<\/span><\/a>s\u00e1 e\u00f0 veiti s\u00ednu heimili g\u00f3\u00f0a forst\u00f6\u00f0u og me\u00f0 spekt haldi b\u00f6rnum s\u00ednum hl\u00fd\u00f0ugum.<a name=\"5\"><span class=\"versanumer\">5<\/span><\/a>\u00dev\u00ed hv\u00f6r sem ekki hefir vit \u00e1 a\u00f0 veita s\u00ednu heimili forst\u00f6\u00f0u, hv\u00f6rnig m\u00e1 hann umsj\u00f3n veita s\u00f6fnu\u00f0i Gu\u00f0s?<a name=\"6\"><span class=\"versanumer\">6<\/span><\/a>Ekki n\u00fdkristna\u00f0ur, svo a\u00f0 hann ekki upphrokist og ver\u00f0i fyrir r\u00f3gberandans \u00e1felli.<a name=\"7\"><span class=\"versanumer\">7<\/span><\/a>Honum ber einnig a\u00f0 hafa g\u00f3\u00f0an or\u00f0st\u00edr hj\u00e1 \u00feeim sem fyrir utan <span class='VideyAth'>(s\u00f6fnu\u00f0inn)<\/span> eru a\u00f0 hann falli ekki \u00ed fyrirlitningu og t\u00e1lsn\u00f6rur r\u00f3gberandans.<br \/><a name=\"8\"><span class=\"versanumer\">8<\/span><\/a>S\u00f6mulei\u00f0is eiga dj\u00e1knarnir a\u00f0 vera hei\u00f0vir\u00f0ir, ekki tv\u00edm\u00e6lismenn, ekki v\u00ednsvelgjarar, ekki s\u00f3lgnir \u00ed lj\u00f3tan gr\u00f3\u00f0a<a name=\"9\"><span class=\"versanumer\">9<\/span><\/a>heldur var\u00f0veiti tr\u00faarinnar leyndard\u00f3m \u00ed hreinni samvisku.<a name=\"10\"><span class=\"versanumer\">10<\/span><\/a>\u00deessir skulu reynast fyrst og s\u00ed\u00f0an takast til emb\u00e6ttisins ef \u00feeir eru \u00f3lastanlegir.<a name=\"11\"><span class=\"versanumer\">11<\/span><\/a>S\u00f6mulei\u00f0is eiga konur \u00feeirra a\u00f0 vera hei\u00f0vir\u00f0ar, ekki bakm\u00e1lugar, heldur \u00e1rvakrar, tr\u00faar \u00ed \u00f6llu.<a name=\"12\"><span class=\"versanumer\">12<\/span><\/a>Dj\u00e1knarnir s\u00e9u einnar konu eiginmenn, veiti b\u00f6rnum s\u00ednum og heimilum g\u00f3\u00f0a forst\u00f6\u00f0u,<a name=\"13\"><span class=\"versanumer\">13<\/span><\/a>\u00fev\u00ed \u00feeir sem \u00fej\u00f3na vel afla s\u00e9r g\u00f3\u00f0s frama og mikillar dj\u00f6rfungar \u00ed tr\u00fanni \u00e1 Jes\u00fa Kristi.<a name=\"14\"><span class=\"versanumer\">14<\/span><\/a>\u00deetta skrifa eg \u00fe\u00e9r \u00fe\u00f3 eg voni a\u00f0 koma br\u00e1\u00f0um til \u00fe\u00edn<a name=\"15\"><span class=\"versanumer\">15<\/span><\/a>svo a\u00f0 \u00fe\u00fa vitir, ef m\u00e9r seinkar, hv\u00f6rnig \u00fe\u00fa skulir haga \u00fe\u00e9r \u00ed Gu\u00f0s h\u00fasi, sem er s\u00f6fnu\u00f0ur lifanda Gu\u00f0s, st\u00f3lpi og grundv\u00f6llur sannleikans.<a name=\"16\"><span class=\"versanumer\">16<\/span><\/a>Og vafalaust er \u00feessi leyndard\u00f3mur gu\u00f0r\u00e6kninnar mikilv\u00e6gur: Gu\u00f0 birtist \u00ed holdinu, er r\u00e9ttl\u00e6ttur af Andanum, s\u00e9n af englunum, bo\u00f0a\u00f0ur me\u00f0al hei\u00f0inna \u00fej\u00f3\u00f0a, tr\u00faa\u00f0ur \u00ed heiminum, uppnuminn \u00ed d\u00fdr\u00f0.<\/p>\n<div class=\"footnoteVidey\">V. 1. Tilsj\u00f3narmanns \u00ed s\u00f6fnu\u00f0inum. Post.g.b. 20,28.  V. 2. sbr. T\u00edt.1,5\u20139.  V. 3. 3 M\u00f3s.b. 10,9. 2 T\u00edm. 2,4.  V. 8. sj\u00e1 Post.g.b. 6,3. 1 T\u00edm. 3,3.  V. 9. Krists l\u00e6rd\u00f3m er \u00e1\u00f0ur var \u00f3\u00feekktur. Efes. 1,9.10. 3,4.5.9. K\u00f3l. 1,26. 1 Kor. 2,7. Kap. 1,19.  V. 11. T\u00edt. 2,3.  V. 12. v. 2.4.  V. 13. 1 J\u00f3h. 3,21.  V. 16. 1 Kor. 3,11. Efes. 2,20. J\u00f3h. 17,3.6. \u00cd elstu handritum og \u00fatleggingum N\u00fdja testam. stendur: S\u00e1 sem birtist, o.s.frv. J\u00f3h. 1,14. 1 J\u00f3h. 4,2. fl. R\u00f3m. 1,4. Post.g.b. 10,38. samanb. Matt. 3,16. L\u00fak. 2,40. J\u00f3h. 10,36.38 (sj\u00e1 Matt. 12,28. sbr. vi\u00f0 L\u00fak. 11.20). L\u00fak. 24,51. Post.g.b. 1,9.<\/div>\n","protected":false},"excerpt":{"rendered":"<p>Reglur, hv\u00edl\u00edkum \u00feeim byrji a\u00f0 vera sem takast til forst\u00f6\u00f0u- og \u00fej\u00f3nustumanna safna\u00f0anna. Minnir T\u00edm\u00f3teus \u00e1 grundv\u00f6ll kristilegrar tr\u00faar. 1\u00dea\u00f0 eru sannm\u00e6li a\u00f0 ef nokkur girnist biskupsemb\u00e6tti \u00fe\u00e1 girnist hann \u00e1g\u00e6tan hlut.2\u00dear fyrir byrjar sl\u00edkum tilsj\u00f3narmanni a\u00f0 vera \u00f3lastanlegum, einnar konu eiginmanni, \u00e1rv\u00f6krum, h\u00f3fs\u00f6mum, si\u00f0pr\u00fa\u00f0um, gestrisnum, vel f\u00f6llnum til a\u00f0 kenna,3ekki drykkjuma\u00f0ur n\u00e9 ofstopasamur heldur g\u00e6fur, fr\u00e1sneyddur deilum og \u00f3\u00e1gjarn,4s\u00e1 e\u00f0 veiti s\u00ednu heimili g\u00f3\u00f0a forst\u00f6\u00f0u og me\u00f0 spekt haldi b\u00f6rnum s\u00ednum hl\u00fd\u00f0ugum.5\u00dev\u00ed hv\u00f6r sem ekki hefir vit \u00e1 a\u00f0 veita s\u00ednu heimili forst\u00f6\u00f0u, hv\u00f6rnig m\u00e1 hann umsj\u00f3n veita s\u00f6fnu\u00f0i Gu\u00f0s?6Ekki n\u00fdkristna\u00f0ur, svo a\u00f0 hann ekki upphrokist og ver\u00f0i fyrir <a href=\"https:\/\/biblian.is\/videy\/fyrra-timoteusarbref-3-kafli\/\"> [&#8230;]<\/a><\/p>\n","protected":false},"author":1,"featured_media":0,"parent":0,"menu_order":0,"comment_status":"open","ping_status":"open","template":"bibliukaflar.php","meta":{"footnotes":""},"class_list":["post-21971","page","type-page","status-publish","hentry"],"_links":{"self":[{"href":"https:\/\/biblian.is\/videy\/wp-json\/wp\/v2\/pages\/21971","targetHints":{"allow":["GET"]}}],"collection":[{"href":"https:\/\/biblian.is\/videy\/wp-json\/wp\/v2\/pages"}],"about":[{"href":"https:\/\/biblian.is\/videy\/wp-json\/wp\/v2\/types\/page"}],"author":[{"embeddable":true,"href":"https:\/\/biblian.is\/videy\/wp-json\/wp\/v2\/users\/1"}],"replies":[{"embeddable":true,"href":"https:\/\/biblian.is\/videy\/wp-json\/wp\/v2\/comments?post=21971"}],"version-history":[{"count":0,"href":"https:\/\/biblian.is\/videy\/wp-json\/wp\/v2\/pages\/21971\/revisions"}],"wp:attachment":[{"href":"https:\/\/biblian.is\/videy\/wp-json\/wp\/v2\/media?parent=21971"}],"curies":[{"name":"wp","href":"https:\/\/api.w.org\/{rel}","templated":true}]}}