{"id":21966,"date":"2018-01-02T01:04:57","date_gmt":"2018-01-02T01:04:57","guid":{"rendered":"http:\/\/biblian.is\/videy\/sidara-thessalonikubref-1-kafli\/"},"modified":"2018-01-02T01:04:57","modified_gmt":"2018-01-02T01:04:57","slug":"sidara-thessalonikubref-1-kafli","status":"publish","type":"page","link":"https:\/\/biblian.is\/videy\/sidara-thessalonikubref-1-kafli\/","title":{"rendered":"S\u00ed\u00f0ara \u00deessalon\u00edkubr\u00e9f 1. kafli"},"content":{"rendered":"<div class=\"fyrirsognVidey\">G\u00f3\u00f0ar \u00f3skir. P\u00e1ll \u00feakkar Gu\u00f0i fyrir \u00feeirra st\u00f6\u00f0uglyndi og \u00feolinm\u00e6\u00f0i; huggar \u00fe\u00e1 \u00ed \u00feeirra \u00ferengingum og bi\u00f0ur fyrir \u00feeim.<\/div>\n<p><a name=\"1\"><span class=\"versanumer\">1<\/span><\/a>P\u00e1ll, Silvanus og T\u00edm\u00f3teus, \u00f3ska y\u00f0ur Tessalon\u00edkum\u00f6nnum, s\u00f6fnu\u00f0i Gu\u00f0s vors F\u00f6\u00f0urs og Drottins Jes\u00fa Krists,<a name=\"2\"><span class=\"versanumer\">2<\/span><\/a>n\u00e1\u00f0ar og fri\u00f0ar af Gu\u00f0i F\u00f6\u00f0ur vorum og Drottni Jes\u00fa Kristi.<a name=\"3\"><span class=\"versanumer\">3<\/span><\/a>Skylt er \u00fea\u00f0, br\u00e6\u00f0ur, a\u00f0 v\u00e9r \u00e6t\u00ed\u00f0 \u00fe\u00f6kkum Gu\u00f0i fyrir y\u00f0ur, eins og ver\u00f0ugt er; \u00fev\u00ed tr\u00fa y\u00f0ar \u00fer\u00f3ast \u00f3\u00f0um, og elska y\u00f0ar innbyr\u00f0is, hv\u00f6rs fyrir sig og allra saman, s\u00fdnir sig r\u00edkuglega,<a name=\"4\"><span class=\"versanumer\">4<\/span><\/a>svo a\u00f0 v\u00e9r sj\u00e1lfir getum \u00ed \u00f6\u00f0rum Gu\u00f0s s\u00f6fnu\u00f0um st\u00e6rt oss af y\u00f0ur, fyrir y\u00f0ar st\u00f6\u00f0uglyndi og tr\u00fafesti \u00ed \u00f6llum \u00feeim ofs\u00f3knum og \u00ferengingum, er \u00fe\u00e9r eigi\u00f0 undir a\u00f0 b\u00faa.<a name=\"5\"><span class=\"versanumer\">5<\/span><\/a>\u00deetta er r\u00f6ksemd fyrir r\u00e9ttd\u00e6mi Gu\u00f0s, a\u00f0 \u00fe\u00e9r ver\u00f0ugir \u00e1l\u00edtist Gu\u00f0s r\u00edkis, fyrir hv\u00f6rs sakir \u00fe\u00e9r n\u00fa illt l\u00ed\u00f0i\u00f0;<a name=\"6\"><span class=\"versanumer\">6<\/span><\/a>me\u00f0 \u00fev\u00ed Gu\u00f0 \u00e1l\u00edtur \u00fea\u00f0 r\u00e9ttv\u00edst, a\u00f0 endurgjalda \u00feeim \u00ferengingu, er a\u00f0 y\u00f0ur \u00ferengja,<a name=\"7\"><span class=\"versanumer\">7<\/span><\/a>en y\u00f0ur, sem a\u00f0\u00ferengdir eru\u00f0, hv\u00edld me\u00f0 oss, \u00feegar Drottinn Jes\u00fas opinberast, af himni me\u00f0 s\u00ednum veldisenglum, \u00ed loganda eldi,<a name=\"8\"><span class=\"versanumer\">8<\/span><\/a>og l\u00e6tur hegningu ganga yfir \u00fe\u00e1, sem ekki \u00feekkjast og ekki hl\u00fd\u00f0a n\u00e1\u00f0arl\u00e6rd\u00f3mi Drottins vors Jes\u00fa Krists;<a name=\"9\"><span class=\"versanumer\">9<\/span><\/a>hv\u00f6rjir s\u00e6ta munu maklegri hegningu, eil\u00edfri gl\u00f6tun, \u00fatsk\u00fafa\u00f0ir fr\u00e1 augliti Drottins og fr\u00e1 hans veldisd\u00fdr\u00f0,<a name=\"10\"><span class=\"versanumer\">10<\/span><\/a>\u00fe\u00e1 hann kemur til a\u00f0 vegsamast me\u00f0al sinna heil\u00f6gu, og til a\u00f0 s\u00fdna sig d\u00e1samlegan \u00e1 \u00f6llum \u00feeim, sem tr\u00faa; \u00fev\u00ed \u00e1 \u00feeim degi mun \u00fea\u00f0, sem v\u00e9r vottu\u00f0um fyrir y\u00f0ur, satt reynast.<a name=\"11\"><span class=\"versanumer\">11<\/span><\/a>\u00deess vegna bi\u00f0jum v\u00e9r alla t\u00edma fyrir y\u00f0ur, a\u00f0 Gu\u00f0 vor \u00e1l\u00edti y\u00f0ur ver\u00f0uga sinnar kallanar, og kr\u00f6ftuglega fullkomni alla honum vel\u00fe\u00f3knanlegan g\u00f3\u00f0leik og verk tr\u00faarinnar,<a name=\"12\"><span class=\"versanumer\">12<\/span><\/a>svo a\u00f0 nafn Drottins vors Jes\u00fa Krists vegsamist \u00e1 y\u00f0ur, og \u00fe\u00e9r af honum, fyrir n\u00e1\u00f0 Gu\u00f0s vors og Drottins Jes\u00fa Krists.<\/p>\n<div class=\"footnoteVidey\">V. 1. 1 Tess. 1,1.  V. 2. 1 Kor. 1,3. fl.  V. 3. 1 Tess. 1,2. 2 Tess. 2,13. L\u00fak. 17,5. K\u00f3l. 2,7. T\u00edt. 2,2.  V. 4. 2 Kor. 9,2. 1 Tess. 2,19.  V. 5. L\u00fak. 21,36. 1 Tess. 2,14.  V. 6. Jer. 5,24. Sak. 2,12.  V. 7. \u00fe. e. fr\u00edun fr\u00e1 m\u00e6\u00f0u og fars\u00e6lt l\u00edf. 1 Tess. 4,16. 1 P\u00e9t. 4,13. Matt. 25,31.  V. 8. 2 P\u00e9t. 3,7. R\u00f3m. 10,16.  V. 9. Esa. 2,19. Matt. 25,41.  V. 10. Post. gb. 1,11. K\u00f3l. 3,4. Opinb. b. 1,7.  V. 11. 1 Tess. 5,17. 2,12. Ef. 1,5.11.  V. 12. 1 Kor. 1,31.<\/div>\n","protected":false},"excerpt":{"rendered":"<p>G\u00f3\u00f0ar \u00f3skir. P\u00e1ll \u00feakkar Gu\u00f0i fyrir \u00feeirra st\u00f6\u00f0uglyndi og \u00feolinm\u00e6\u00f0i; huggar \u00fe\u00e1 \u00ed \u00feeirra \u00ferengingum og bi\u00f0ur fyrir \u00feeim. 1P\u00e1ll, Silvanus og T\u00edm\u00f3teus, \u00f3ska y\u00f0ur Tessalon\u00edkum\u00f6nnum, s\u00f6fnu\u00f0i Gu\u00f0s vors F\u00f6\u00f0urs og Drottins Jes\u00fa Krists,2n\u00e1\u00f0ar og fri\u00f0ar af Gu\u00f0i F\u00f6\u00f0ur vorum og Drottni Jes\u00fa Kristi.3Skylt er \u00fea\u00f0, br\u00e6\u00f0ur, a\u00f0 v\u00e9r \u00e6t\u00ed\u00f0 \u00fe\u00f6kkum Gu\u00f0i fyrir y\u00f0ur, eins og ver\u00f0ugt er; \u00fev\u00ed tr\u00fa y\u00f0ar \u00fer\u00f3ast \u00f3\u00f0um, og elska y\u00f0ar innbyr\u00f0is, hv\u00f6rs fyrir sig og allra saman, s\u00fdnir sig r\u00edkuglega,4svo a\u00f0 v\u00e9r sj\u00e1lfir getum \u00ed \u00f6\u00f0rum Gu\u00f0s s\u00f6fnu\u00f0um st\u00e6rt oss af y\u00f0ur, fyrir y\u00f0ar st\u00f6\u00f0uglyndi og tr\u00fafesti \u00ed \u00f6llum \u00feeim ofs\u00f3knum og \u00ferengingum, er <a href=\"https:\/\/biblian.is\/videy\/sidara-thessalonikubref-1-kafli\/\"> [&#8230;]<\/a><\/p>\n","protected":false},"author":1,"featured_media":0,"parent":0,"menu_order":0,"comment_status":"open","ping_status":"open","template":"bibliukaflar.php","meta":{"footnotes":""},"class_list":["post-21966","page","type-page","status-publish","hentry"],"_links":{"self":[{"href":"https:\/\/biblian.is\/videy\/wp-json\/wp\/v2\/pages\/21966","targetHints":{"allow":["GET"]}}],"collection":[{"href":"https:\/\/biblian.is\/videy\/wp-json\/wp\/v2\/pages"}],"about":[{"href":"https:\/\/biblian.is\/videy\/wp-json\/wp\/v2\/types\/page"}],"author":[{"embeddable":true,"href":"https:\/\/biblian.is\/videy\/wp-json\/wp\/v2\/users\/1"}],"replies":[{"embeddable":true,"href":"https:\/\/biblian.is\/videy\/wp-json\/wp\/v2\/comments?post=21966"}],"version-history":[{"count":0,"href":"https:\/\/biblian.is\/videy\/wp-json\/wp\/v2\/pages\/21966\/revisions"}],"wp:attachment":[{"href":"https:\/\/biblian.is\/videy\/wp-json\/wp\/v2\/media?parent=21966"}],"curies":[{"name":"wp","href":"https:\/\/api.w.org\/{rel}","templated":true}]}}