{"id":21964,"date":"2018-01-02T01:04:57","date_gmt":"2018-01-02T01:04:57","guid":{"rendered":"http:\/\/biblian.is\/videy\/fyrra-thessalonikubref-4-kafli\/"},"modified":"2018-01-02T01:04:57","modified_gmt":"2018-01-02T01:04:57","slug":"fyrra-thessalonikubref-4-kafli","status":"publish","type":"page","link":"https:\/\/biblian.is\/videy\/fyrra-thessalonikubref-4-kafli\/","title":{"rendered":"Fyrra \u00deessalon\u00edkubr\u00e9f 4. kafli"},"content":{"rendered":"<div class=\"fyrirsognVidey\">P\u00e1ll upphvetur til framfara \u00ed heilagri r\u00e1\u00f0vendni, br\u00f3\u00f0urk\u00e6rleika og g\u00f3\u00f0um si\u00f0um. Talar um a\u00f0 \u00feeir, sem deyja \u00e1\u00f0ur en Kristur kemur til d\u00f3ms, einkis fari \u00e1 mis fyri \u00fea\u00f0.<\/div>\n<p><a name=\"1\"><span class=\"versanumer\">1<\/span><\/a>Enn framar bi\u00f0jum v\u00e9r y\u00f0ur, br\u00e6\u00f0ur! og \u00e1minnum \u00ed umbo\u00f0i Drottins Jes\u00fa, me\u00f0 \u00fev\u00ed \u00fe\u00e9r hafi\u00f0 numi\u00f0 af oss, hv\u00f6rnig y\u00f0ur ber a\u00f0 breyta og \u00fe\u00f3knast Gu\u00f0i, a\u00f0 \u00fe\u00e9r taki\u00f0 h\u00e9r \u00ed meiri og meiri framf\u00f6rum.<a name=\"2\"><span class=\"versanumer\">2<\/span><\/a>\u00de\u00e9r viti\u00f0, hv\u00f6r bo\u00f0or\u00f0 v\u00e9r h\u00f6fum y\u00f0ur gefi\u00f0 \u00ed umbo\u00f0i Drottins Jes\u00fa;<a name=\"3\"><span class=\"versanumer\">3<\/span><\/a>\u00fev\u00ed \u00fea\u00f0 er Gu\u00f0s vilji, a\u00f0 \u00fe\u00e9r heilagir s\u00e9u\u00f0, haldi\u00f0 y\u00f0ur fr\u00e1 frillulifna\u00f0i;<a name=\"4\"><span class=\"versanumer\">4<\/span><\/a>hv\u00f6r og einn hafi vit \u00e1, a\u00f0 halda s\u00ednum l\u00edkama \u00ed heilagleika og hei\u00f0ri,<a name=\"5\"><span class=\"versanumer\">5<\/span><\/a>en ekki lostabruna, eins og hei\u00f0nir menn, er ekki \u00feekkja Gu\u00f0;<a name=\"6\"><span class=\"versanumer\">6<\/span><\/a>veiti ekki yfirgang e\u00f0ur hafi af s\u00ednum br\u00f3\u00f0ur \u00ed nokkru, \u00fev\u00ed a\u00f0 Drottinn er hegnari alls \u00fev\u00edl\u00edks, eins og eg hefi \u00e1\u00f0ur sagt og innilega lagt y\u00f0ur upp \u00e1 hjarta;<a name=\"7\"><span class=\"versanumer\">7<\/span><\/a>\u00fev\u00ed ekki hefir Gu\u00f0 kalla\u00f0 oss til \u00feess, a\u00f0 v\u00e9r skyldum \u00ed saurl\u00edfi lifa, heldur \u00ed heilagleika.<a name=\"8\"><span class=\"versanumer\">8<\/span><\/a>\u00deess vegna hv\u00f6r, sem \u00feetta forsm\u00e1ir, hann forsm\u00e1ir ekki menn, heldur Gu\u00f0, sem og hefir inngefi\u00f0 oss sinn heilaga Anda.<a name=\"9\"><span class=\"versanumer\">9<\/span><\/a>Ekki hafi\u00f0 \u00fe\u00e9r \u00feess \u00fe\u00f6rf, a\u00f0 eg skrifi y\u00f0ur um br\u00f3\u00f0urk\u00e6rleikann, \u00fev\u00ed Gu\u00f0 hefir sj\u00e1lfur y\u00f0ur kennt a\u00f0 elskast innbyr\u00f0is.<a name=\"10\"><span class=\"versanumer\">10<\/span><\/a>J\u00e1, \u00fe\u00e9r au\u00f0s\u00fdni\u00f0 \u00feessa s\u00f6mu elsku jafnvel \u00f6llum br\u00e6\u00f0runum \u00fat um alla Makedon\u00edu. En v\u00e9r \u00e1minnum y\u00f0ur, br\u00e6\u00f0ur! a\u00f0 \u00fe\u00e9r taki\u00f0 h\u00e9r \u00ed meiri og meiri framf\u00f6rum,<a name=\"11\"><span class=\"versanumer\">11<\/span><\/a>og leiti\u00f0 \u00fear \u00ed s\u00e6mdar a\u00f0 lifa r\u00f3s\u00f6mu l\u00edfi og stunda y\u00f0ar eigin i\u00f0n, og vinna me\u00f0 h\u00f6ndum y\u00f0rum, eins og eg hefi y\u00f0ur bo\u00f0i\u00f0,<a name=\"12\"><span class=\"versanumer\">12<\/span><\/a>svo a\u00f0 \u00fe\u00e9r umgangist s\u00f3masamlega \u00fe\u00e1, sem utan<span class='VideyAth'>(safna\u00f0ar)<\/span> eru, og s\u00e9u\u00f0 upp \u00e1 engan komnir.<br \/><a name=\"13\"><span class=\"versanumer\">13<\/span><\/a>Ekki vil eg, br\u00e6\u00f0ur, l\u00e1ta y\u00f0ur vera \u00ed van\u00feekkingu um \u00fe\u00e1 burtsofnu\u00f0u, svo a\u00f0 \u00fe\u00e9r s\u00e9u\u00f0 ekki hryggvir, eins og \u00feeir, sem vonarlausir eru;<a name=\"14\"><span class=\"versanumer\">14<\/span><\/a>\u00fev\u00ed ef v\u00e9r tr\u00faum \u00fev\u00ed, a\u00f0 Jes\u00fas s\u00e9 d\u00e1inn og upp aftur risinn, \u00fe\u00e1 mun Gu\u00f0 s\u00f6mulei\u00f0is fyrir Jes\u00fam lei\u00f0a til s\u00edn \u00fe\u00e1, sem sofna\u00f0ir eru;<a name=\"15\"><span class=\"versanumer\">15<\/span><\/a>\u00fev\u00ed \u00fea\u00f0 segi eg y\u00f0ur \u00ed Drottins or\u00f0a sta\u00f0: a\u00f0 v\u00e9r, sem eftir ver\u00f0um l\u00edfs vi\u00f0 tilkomu Drottins, a\u00f0 v\u00e9r munum ekki fyrri ver\u00f0a, en \u00feeir burtsofnu\u00f0u;<a name=\"16\"><span class=\"versanumer\">16<\/span><\/a>\u00fev\u00ed sj\u00e1lfur Drottinn mun me\u00f0 \u00e1kalli, me\u00f0 h\u00f6fu\u00f0engilsraust og me\u00f0 Gu\u00f0s l\u00fa\u00f0ri af himni ni\u00f0urst\u00edga; og \u00feeir, sem \u00ed Krist\u00f3 eru d\u00e1nir, skulu fyrst upp r\u00edsa;<a name=\"17\"><span class=\"versanumer\">17<\/span><\/a>s\u00ed\u00f0an munum v\u00e9r, sem eftir erum lifandi, ver\u00f0a hrifnir til sk\u00fdja \u00e1samt \u00feeim, til a\u00f0 m\u00e6ta Drottni \u00ed loftinu, og munum v\u00e9r s\u00ed\u00f0an me\u00f0 Drottni vera alla t\u00edma.<a name=\"18\"><span class=\"versanumer\">18<\/span><\/a>Huggi\u00f0 svo hv\u00f6r annan me\u00f0 \u00feessum or\u00f0um.<\/p>\n<div class=\"footnoteVidey\">V. 1. 2 Tess. 3,12. Gal. 5,16. Fil. 1,27.  V. 2. 2 Kor. 5,20.  V. 3. R\u00f3m. 12,2. Esek. 5,17. 1 Kor. 6,15.18.  V. 4. 1 Kor. 6,13.14.  V. 5. K\u00f3l. 3,5. 1 Kor. 15,34. Ef. 2,12. 4,17.18.  V. 6. 1 Kor. 6,8. Gal. 5,21.  V. 7. J\u00f3h. 17,19. 1 Kor. 1,2.  V. 8. \u00fea\u00f0 er: P\u00e1ls a\u00f0varanir. 1 Kor. 7,40.  V. 9. Kap. 3,12. 2 P\u00e9t. 1,7. Esa. 54,13. J\u00f3h. 13,34. 15,12. 1 J\u00f3h. 3,11. fl.  V. 11. 2 Tess. 3,8.12.  V. 12. R\u00f3m. 13,13. \u00fea\u00f0 er: \u00fe\u00e1 sem ekki h\u00f6f\u00f0u kristni teki\u00f0. K\u00f3l. 4,5. 1 P\u00e9t. 2,12.  V. 14. R\u00f3m. 14,9. 2 Kor. 5,15.  V. 15. 1 Kor. 7,10. Kap. 15,23.51\u201353.  V. 16. Matt. 24,30.31. 2 Tess. 1,7.10. 1 Kor. 15,52.  V. 17. Opinb. b. 11,12. Post. g. b. 1,9\u201311. 2 Kor. 5,10. J\u00f3h. 14,3. 17,24. 2 Kor. 5,8.  V. 18. 2 Kor. 13,11.<\/div>\n","protected":false},"excerpt":{"rendered":"<p>P\u00e1ll upphvetur til framfara \u00ed heilagri r\u00e1\u00f0vendni, br\u00f3\u00f0urk\u00e6rleika og g\u00f3\u00f0um si\u00f0um. Talar um a\u00f0 \u00feeir, sem deyja \u00e1\u00f0ur en Kristur kemur til d\u00f3ms, einkis fari \u00e1 mis fyri \u00fea\u00f0. 1Enn framar bi\u00f0jum v\u00e9r y\u00f0ur, br\u00e6\u00f0ur! og \u00e1minnum \u00ed umbo\u00f0i Drottins Jes\u00fa, me\u00f0 \u00fev\u00ed \u00fe\u00e9r hafi\u00f0 numi\u00f0 af oss, hv\u00f6rnig y\u00f0ur ber a\u00f0 breyta og \u00fe\u00f3knast Gu\u00f0i, a\u00f0 \u00fe\u00e9r taki\u00f0 h\u00e9r \u00ed meiri og meiri framf\u00f6rum.2\u00de\u00e9r viti\u00f0, hv\u00f6r bo\u00f0or\u00f0 v\u00e9r h\u00f6fum y\u00f0ur gefi\u00f0 \u00ed umbo\u00f0i Drottins Jes\u00fa;3\u00fev\u00ed \u00fea\u00f0 er Gu\u00f0s vilji, a\u00f0 \u00fe\u00e9r heilagir s\u00e9u\u00f0, haldi\u00f0 y\u00f0ur fr\u00e1 frillulifna\u00f0i;4hv\u00f6r og einn hafi vit \u00e1, a\u00f0 halda s\u00ednum l\u00edkama \u00ed heilagleika og <a href=\"https:\/\/biblian.is\/videy\/fyrra-thessalonikubref-4-kafli\/\"> [&#8230;]<\/a><\/p>\n","protected":false},"author":1,"featured_media":0,"parent":0,"menu_order":0,"comment_status":"open","ping_status":"open","template":"bibliukaflar.php","meta":{"footnotes":""},"class_list":["post-21964","page","type-page","status-publish","hentry"],"_links":{"self":[{"href":"https:\/\/biblian.is\/videy\/wp-json\/wp\/v2\/pages\/21964","targetHints":{"allow":["GET"]}}],"collection":[{"href":"https:\/\/biblian.is\/videy\/wp-json\/wp\/v2\/pages"}],"about":[{"href":"https:\/\/biblian.is\/videy\/wp-json\/wp\/v2\/types\/page"}],"author":[{"embeddable":true,"href":"https:\/\/biblian.is\/videy\/wp-json\/wp\/v2\/users\/1"}],"replies":[{"embeddable":true,"href":"https:\/\/biblian.is\/videy\/wp-json\/wp\/v2\/comments?post=21964"}],"version-history":[{"count":0,"href":"https:\/\/biblian.is\/videy\/wp-json\/wp\/v2\/pages\/21964\/revisions"}],"wp:attachment":[{"href":"https:\/\/biblian.is\/videy\/wp-json\/wp\/v2\/media?parent=21964"}],"curies":[{"name":"wp","href":"https:\/\/api.w.org\/{rel}","templated":true}]}}