{"id":21960,"date":"2018-01-02T01:04:57","date_gmt":"2018-01-02T01:04:57","guid":{"rendered":"http:\/\/biblian.is\/videy\/kolussubrefid-4-kafli\/"},"modified":"2018-01-02T01:04:57","modified_gmt":"2018-01-02T01:04:57","slug":"kolossubrefid-4-kafli","status":"publish","type":"page","link":"https:\/\/biblian.is\/videy\/kolossubrefid-4-kafli\/","title":{"rendered":"K\u00f3lossubr\u00e9fi\u00f0 4. kafli"},"content":{"rendered":"<div class=\"fyrirsognVidey\">Skyldur vi\u00f0 drottna; st\u00f6\u00f0uglyndi \u00ed b\u00e6n, forsj\u00e1lni \u00ed r\u00e6\u00f0u og umgengni; Tykikus og \u00d6nes\u00edmus eiga a\u00f0 segja, hv\u00f6rnig P\u00e1li l\u00ed\u00f0i; heilsanir; br\u00e9fi\u00f0 \u00e1 a\u00f0 lesast af \u00feeim \u00ed La\u00f3d\u00edseu. Arkippus \u00e1minnist. G\u00f3\u00f0ar \u00f3skir.<\/div>\n<p><a name=\"1\"><span class=\"versanumer\">1<\/span><\/a>\u00de\u00e9r drottnarar! veiti\u00f0 \u00fer\u00e6lunum \u00fea\u00f0, sem r\u00e9tt er og sanngjarnlegt, og muni\u00f0 til \u00feess, a\u00f0 \u00fe\u00e9r eigi\u00f0 og Drottinn \u00e1 himni.<br \/><a name=\"2\"><span class=\"versanumer\">2<\/span><\/a>Veri\u00f0 st\u00f6\u00f0ugir \u00ed b\u00e6ninni og kostg\u00e6fnir me\u00f0 \u00feakkargj\u00f6r\u00f0.<a name=\"3\"><span class=\"versanumer\">3<\/span><\/a>Bi\u00f0ji\u00f0 jafnframt fyrir oss, a\u00f0 Gu\u00f0 grei\u00f0i veg vorri kenningu, svo v\u00e9r kennt getum Krists hulda l\u00e6rd\u00f3m, fyrir hv\u00f6rs sakir eg em n\u00fa bundinn,<a name=\"4\"><span class=\"versanumer\">4<\/span><\/a>a\u00f0 eg megi kunngj\u00f6ra hann, eins og m\u00e9r byrjar a\u00f0 tala.<a name=\"5\"><span class=\"versanumer\">5<\/span><\/a>Umgangist v\u00edslega \u00fe\u00e1, sem fyrir utan s\u00f6fnu\u00f0inn eru, og gefi\u00f0 n\u00e1kv\u00e6mlega g\u00e6tur a\u00f0 t\u00ed\u00f0arinnar \u00e1sigkomulagi.<a name=\"6\"><span class=\"versanumer\">6<\/span><\/a>Y\u00f0ar r\u00e6\u00f0a s\u00e9 \u00e6t\u00ed\u00f0 lj\u00fafleg og salti kryddu\u00f0, svo a\u00f0 \u00fe\u00e9r viti\u00f0, hv\u00f6rnig \u00fe\u00e9r skulu\u00f0 s\u00e9rhv\u00f6rjum andsvara. <br \/><a name=\"7\"><span class=\"versanumer\">7<\/span><\/a>Vor elskulegur br\u00f3\u00f0ir Tyk\u00edkus, tr\u00far \u00fe\u00e9nari Krists og minn sam\u00fej\u00f3n, mun l\u00e1ta y\u00f0ur vita allt um mig.<a name=\"8\"><span class=\"versanumer\">8<\/span><\/a>Eg sendi hann til y\u00f0ar einmitt til \u00feess, a\u00f0 eg f\u00e1i fr\u00e9tt af y\u00f0ur, og til \u00feess hann huggi y\u00f0ar hj\u00f6rtu,<a name=\"9\"><span class=\"versanumer\">9<\/span><\/a>og \u00e1samt me\u00f0 honum Ones\u00edmus, tr\u00faan og elskulegan br\u00f3\u00f0ur, landa y\u00f0ar; \u00feeir segja y\u00f0ur allar fr\u00e9ttir h\u00e9\u00f0an.<br \/><a name=\"10\"><span class=\"versanumer\">10<\/span><\/a>Y\u00f0ur heilsar Aristarkus, minn sambandingi, og Mark\u00fas fr\u00e6ndi Barnabasar, um hv\u00f6rn \u00fe\u00e9r hafi\u00f0 bo\u00f0or\u00f0 fengi\u00f0. Ef hann kemur til y\u00f0ar, \u00fe\u00e1 veiti\u00f0 honum g\u00f3\u00f0a m\u00f3tt\u00f6ku.<a name=\"11\"><span class=\"versanumer\">11<\/span><\/a>S\u00f6mulei\u00f0is heilsar y\u00f0ur Jes\u00fas, a\u00f0 vi\u00f0urnefni J\u00fastus. \u00deessir eru umskornir og \u00feeir einustu sem hafa veri\u00f0 m\u00ednir me\u00f0hj\u00e1lparar \u00ed Gu\u00f0s r\u00edkis \u00fatbrei\u00f0slu og m\u00e9r til mikillrar huggunar.<a name=\"12\"><span class=\"versanumer\">12<\/span><\/a>Enn framar heilsar y\u00f0ur Epafras, Krists \u00fej\u00f3n og landi y\u00f0ar. Hann str\u00ed\u00f0ir s\u00edfelldlega fyrir y\u00f0ur me\u00f0 b\u00e6num, a\u00f0 \u00fe\u00e9r megi\u00f0 st\u00f6\u00f0ugir standa, algj\u00f6r\u00f0ir og fullkomnir \u00ed \u00f6llu \u00fev\u00ed, sem Gu\u00f0s vilji er.<a name=\"13\"><span class=\"versanumer\">13<\/span><\/a>\u00dev\u00ed \u00feann vitnisbur\u00f0 gef eg honum, a\u00f0 honum s\u00e9 mj\u00f6g annt um y\u00f0ur og \u00fe\u00e1, sem b\u00faa \u00ed La\u00f3diseu og H\u00eder\u00f3p\u00f3lis.<a name=\"14\"><span class=\"versanumer\">14<\/span><\/a>L\u00e6knirinn L\u00fakas, vor elskanlegur, heilsar y\u00f0ur, og Demas.<br \/><a name=\"15\"><span class=\"versanumer\">15<\/span><\/a>Heilsi\u00f0 \u00fe\u00e9r br\u00e6\u00f0runum \u00ed La\u00f3d\u00edseu, Nymfasi og s\u00f6fnu\u00f0inum, sem kemur saman \u00ed h\u00fasi hans.<a name=\"16\"><span class=\"versanumer\">16<\/span><\/a>\u00deegar \u00fe\u00e9r eru\u00f0 b\u00fanir a\u00f0 lesa br\u00e9f mitt til y\u00f0ar, \u00fe\u00e1 l\u00e1ti\u00f0 l\u00edka lesa \u00fea\u00f0 \u00ed s\u00f6fnu\u00f0inum \u00ed La\u00f3diseu; lesi\u00f0 \u00fe\u00e9r og br\u00e9fi\u00f0 fr\u00e1 La\u00f3d\u00edseu.<a name=\"17\"><span class=\"versanumer\">17<\/span><\/a>Segi\u00f0 Arkippusi: g\u00e6tt\u00fa \u00fej\u00f3nustu Drottins, sem \u00fe\u00fa hefir teki\u00f0 vi\u00f0, a\u00f0 \u00fe\u00fa gj\u00f6rir henni fullnustu. <br \/><a name=\"18\"><span class=\"versanumer\">18<\/span><\/a>Kve\u00f0jan er skrifu\u00f0 me\u00f0 minni, P\u00e1ls, eigin hendi. Minnist fj\u00f6tra minna! N\u00e1\u00f0 s\u00e9 me\u00f0 y\u00f0ur.<\/p>\n<div class=\"footnoteVidey\">V. 2. L\u00fak. 18,1. R\u00f3m. 12,12.  V. 3. Ef. 6,19. 1 Tess. 5,25. 2 Tess. 3,1. Hebr. 13,18. 1 Kor. 2,12. 1 Kor. 4,1.  V. 4. T\u00edt. 1,5.  V. 5. Ef. 5,15. 1 Tess. 4,12. Ef. 4,16.  V. 6. Ef. 4,29. K\u00f3l. 3,16. Mark. 9,50.  V. 7. Ef. 6,21. fl.  V. 9. Filem. v. 10.  V. 10. Filem. v. 24. Post. gb. 19,29. 15,37.39. 2 T\u00edm. 4,11.  V. 11. Post. gb. 11,2.  V. 12. Kap. 1,7. R\u00f3m. 15,30.  V. 13. R\u00f3m. 10,2.  V. 14. L\u00edklegast sami, sem gu\u00f0spjallama\u00f0urinn L\u00fakas. 2 T\u00edm. 4,10.11. Filem. v. 24.  V. 15. R\u00f3m. 16,5.  V. 17. F\u00edlem. v. 2.  V. 18. 1 Kor. 16,21. Hebr. 13,3. 1 T\u00edm. 6,21.<\/div>\n","protected":false},"excerpt":{"rendered":"<p>Skyldur vi\u00f0 drottna; st\u00f6\u00f0uglyndi \u00ed b\u00e6n, forsj\u00e1lni \u00ed r\u00e6\u00f0u og umgengni; Tykikus og \u00d6nes\u00edmus eiga a\u00f0 segja, hv\u00f6rnig P\u00e1li l\u00ed\u00f0i; heilsanir; br\u00e9fi\u00f0 \u00e1 a\u00f0 lesast af \u00feeim \u00ed La\u00f3d\u00edseu. Arkippus \u00e1minnist. G\u00f3\u00f0ar \u00f3skir. 1\u00de\u00e9r drottnarar! veiti\u00f0 \u00fer\u00e6lunum \u00fea\u00f0, sem r\u00e9tt er og sanngjarnlegt, og muni\u00f0 til \u00feess, a\u00f0 \u00fe\u00e9r eigi\u00f0 og Drottinn \u00e1 himni.2Veri\u00f0 st\u00f6\u00f0ugir \u00ed b\u00e6ninni og kostg\u00e6fnir me\u00f0 \u00feakkargj\u00f6r\u00f0.3Bi\u00f0ji\u00f0 jafnframt fyrir oss, a\u00f0 Gu\u00f0 grei\u00f0i veg vorri kenningu, svo v\u00e9r kennt getum Krists hulda l\u00e6rd\u00f3m, fyrir hv\u00f6rs sakir eg em n\u00fa bundinn,4a\u00f0 eg megi kunngj\u00f6ra hann, eins og m\u00e9r byrjar a\u00f0 tala.5Umgangist v\u00edslega \u00fe\u00e1, sem fyrir utan s\u00f6fnu\u00f0inn <a href=\"https:\/\/biblian.is\/videy\/kolossubrefid-4-kafli\/\"> [&#8230;]<\/a><\/p>\n","protected":false},"author":1,"featured_media":0,"parent":0,"menu_order":0,"comment_status":"open","ping_status":"open","template":"bibliukaflar.php","meta":{"footnotes":""},"class_list":["post-21960","page","type-page","status-publish","hentry"],"_links":{"self":[{"href":"https:\/\/biblian.is\/videy\/wp-json\/wp\/v2\/pages\/21960","targetHints":{"allow":["GET"]}}],"collection":[{"href":"https:\/\/biblian.is\/videy\/wp-json\/wp\/v2\/pages"}],"about":[{"href":"https:\/\/biblian.is\/videy\/wp-json\/wp\/v2\/types\/page"}],"author":[{"embeddable":true,"href":"https:\/\/biblian.is\/videy\/wp-json\/wp\/v2\/users\/1"}],"replies":[{"embeddable":true,"href":"https:\/\/biblian.is\/videy\/wp-json\/wp\/v2\/comments?post=21960"}],"version-history":[{"count":0,"href":"https:\/\/biblian.is\/videy\/wp-json\/wp\/v2\/pages\/21960\/revisions"}],"wp:attachment":[{"href":"https:\/\/biblian.is\/videy\/wp-json\/wp\/v2\/media?parent=21960"}],"curies":[{"name":"wp","href":"https:\/\/api.w.org\/{rel}","templated":true}]}}