{"id":21955,"date":"2018-01-02T01:04:57","date_gmt":"2018-01-02T01:04:57","guid":{"rendered":"http:\/\/biblian.is\/videy\/filippibrefid-3-kafli\/"},"modified":"2018-01-02T01:04:57","modified_gmt":"2018-01-02T01:04:57","slug":"filippibrefid-3-kafli","status":"publish","type":"page","link":"https:\/\/biblian.is\/videy\/filippibrefid-3-kafli\/","title":{"rendered":"Filipp\u00edbr\u00e9fi\u00f0 3. kafli"},"content":{"rendered":"<div class=\"fyrirsognVidey\">P\u00e1ll tekur vara fyrir falskennendum; segist einungis hr\u00f3sa s\u00e9r af Jes\u00fa Kristi, og keppast eftir hnossi eil\u00edfrar s\u00e6lu; lastar \u00fe\u00e1 holdlega sinnu\u00f0u.<\/div>\n<p><a name=\"1\"><span class=\"versanumer\">1<\/span><\/a>Framar, br\u00e6\u00f0ur m\u00ednir! gle\u00f0jist \u00ed Drottni. M\u00e9r skal ekki \u00feykja miki\u00f0 fyrir \u00fev\u00ed, a\u00f0 skrifa sama og sama, en y\u00f0ur er \u00fea\u00f0 gagnlegt.<a name=\"2\"><span class=\"versanumer\">2<\/span><\/a>Vari\u00f0 y\u00f0ur \u00e1 <span class='VideyAth'>a)<\/span> hundunum, vari\u00f0 y\u00f0ur \u00e1 \u00feeim vondu verkam\u00f6nnum, vari\u00f0 y\u00f0ur \u00e1 afskurninni;<a name=\"3\"><span class=\"versanumer\">3<\/span><\/a>\u00fev\u00ed v\u00e9r erum \u00feeir r\u00e9ttilega umskornu, v\u00e9r, sem d\u00fdrkum Gu\u00f0 andlega og hr\u00f3sum oss af Jes\u00fa Kristi, en h\u00f6fum ekki traust \u00e1 \u00fev\u00ed holdlega;<a name=\"4\"><span class=\"versanumer\">4<\/span><\/a>jafnvel \u00fe\u00f3 eg og svo \u00ed tilliti til \u00feess holdlega hafi \u00fea\u00f0, hv\u00f6rju eg geti treyst; \u00fev\u00ed ef \u00f6\u00f0rum \u00feykir, a\u00f0 hann geti \u00fev\u00ed holdlega treyst, \u00fe\u00e1 get eg \u00fea\u00f0 miklu fremur;<a name=\"5\"><span class=\"versanumer\">5<\/span><\/a>eg er umskorinn \u00e1 \u00e1ttunda degi, er af kyni \u00cdsraels og Benjam\u00edns \u00e6ttkv\u00edsl, hebreskur \u00ed b\u00e1\u00f0ar \u00e6ttir, og a\u00f0 si\u00f0avendni far\u00edsei.<a name=\"6\"><span class=\"versanumer\">6<\/span><\/a>Af vandl\u00e6ti fyrir tr\u00fa fe\u00f0ra minna ofs\u00f3tti eg s\u00f6fnu\u00f0inn, og \u00ed r\u00e1\u00f0vendni eftir l\u00f6gm\u00e1linu var eg \u00f3straffanlegur.<a name=\"7\"><span class=\"versanumer\">7<\/span><\/a>En \u00fea\u00f0, sem <span class='VideyAth'>(\u00e1\u00f0ur)<\/span> var m\u00e9r \u00e1vinningur, met eg n\u00fa tj\u00f3n sakir Krists;<a name=\"8\"><span class=\"versanumer\">8<\/span><\/a>j\u00e1, eg \u00e1l\u00edt allt fyrir tj\u00f3n, hj\u00e1 \u00fev\u00ed \u00e1g\u00e6ti, a\u00f0 f\u00e1 \u00feekkingu \u00e1 Jes\u00fa Kristi, m\u00ednum Drottni, fyrir hv\u00f6rs sakir eg hefi misst allt, og met \u00fea\u00f0 ekki meir en sorp, svo eg \u00e1vinni Krist,<a name=\"9\"><span class=\"versanumer\">9<\/span><\/a>og s\u00e9 \u00ed sameiningu vi\u00f0 hann, og leiti ekki r\u00e9ttl\u00e6tingar af hl\u00fd\u00f0ninni vi\u00f0 l\u00f6gm\u00e1li\u00f0, heldur \u00feeirrar r\u00e9ttl\u00e6tingar, sem Gu\u00f0 veitir fyrir tr\u00fana \u00e1 Jes\u00fam Krist;<a name=\"10\"><span class=\"versanumer\">10<\/span><\/a>a\u00f0 eg \u00f6\u00f0list \u00feekkingu \u00e1 honum og \u00e1 krafti hans upprisu, og hluttekningu \u00ed hans p\u00edslum, og ver\u00f0i l\u00edkur honum \u00ed dau\u00f0anum,<a name=\"11\"><span class=\"versanumer\">11<\/span><\/a>ef m\u00e9r au\u00f0nast a\u00f0 n\u00e1 <span class='VideyAth'>(lifa til)<\/span> upprisu enna dau\u00f0u, <span class='VideyAth'>(1 Tess. 4,17)<\/span>.<a name=\"12\"><span class=\"versanumer\">12<\/span><\/a>Ekki svo sem eg hafi \u00feegar n\u00e1\u00f0 hnossinu, e\u00f0ur s\u00e9 b\u00fainn a\u00f0 enda skei\u00f0i\u00f0; heldur keppist eg eftir a\u00f0 h\u00f6ndla \u00fea\u00f0, \u00fear Kristur hefir h\u00f6ndla\u00f0 mig.<a name=\"13\"><span class=\"versanumer\">13<\/span><\/a>Br\u00e6\u00f0ur m\u00ednir, ekki \u00e1l\u00edt eg mig enn hnossinu hafa n\u00e1\u00f0;<a name=\"14\"><span class=\"versanumer\">14<\/span><\/a>\u00fea\u00f0 eitt segi eg: eg gleymi \u00fev\u00ed, sem bak vi\u00f0 mig er, en seilist eftir \u00fev\u00ed, sem fyrir framan er, og skunda til takmarksins, til \u00feess himneska <span class='VideyAth'>a)<\/span> hnossins, sem Gu\u00f0 framb\u00fd\u00f0ur m\u00e9r fyrir Jes\u00fam Krist.<a name=\"15\"><span class=\"versanumer\">15<\/span><\/a>\u00deannig skulum v\u00e9r \u00feenkja, sem fullkomnir erum. En ef \u00fe\u00e9r eru\u00f0 nokku\u00f0 annarrar meiningar, \u00fe\u00e1 mun Gu\u00f0 opinbera y\u00f0ur \u00feetta;<a name=\"16\"><span class=\"versanumer\">16<\/span><\/a>einungis a\u00f0 v\u00e9r g\u00f6ngum eftir <span class='VideyAth'>b)<\/span> s\u00f6mu <span class='VideyAth'>(reglu)<\/span>, a\u00f0 svo miklu, sem v\u00e9r h\u00f6fum f\u00f6ng \u00e1.<a name=\"17\"><span class=\"versanumer\">17<\/span><\/a>Br\u00e6\u00f0ur! breyti\u00f0 eftir m\u00e9r og l\u00edti\u00f0 til \u00feeirra, sem breyta eins og v\u00e9r, sem erum y\u00f0ar fyrirmynd;<a name=\"18\"><span class=\"versanumer\">18<\/span><\/a>\u00fev\u00ed margir breyta sem \u00f3vinir Krist\u00ed kross, um hv\u00f6rja eg hefi oftlega tala\u00f0 til y\u00f0ar og enn \u00fe\u00e1 tala gr\u00e1tandi,<a name=\"19\"><span class=\"versanumer\">19<\/span><\/a>hv\u00f6rra endalok er tort\u00fdning, hv\u00f6rjir e\u00f0 hafa magann fyrir sinn Gu\u00f0, og \u00feykir s\u00f3mi a\u00f0 sk\u00f6mmunum, og hugsa einungis um \u00fea\u00f0, sem jar\u00f0neskt er.<a name=\"20\"><span class=\"versanumer\">20<\/span><\/a>En vort f\u00f6\u00f0urland er \u00e1 himni, hva\u00f0an v\u00e9r v\u00e6ntum lausnarans, Drottins Jes\u00fa Krists,<a name=\"21\"><span class=\"versanumer\">21<\/span><\/a>hv\u00f6r me\u00f0 sama krafti, hvar me\u00f0 hann megnar a\u00f0 leggja allt undir sig, mun ummynda l\u00edkama vorrar l\u00e6gingar, a\u00f0 hann l\u00edkur ver\u00f0i hans d\u00fdr\u00f0arl\u00edkama.<\/p>\n<div class=\"footnoteVidey\">V. 1. Kap. 2,18. Jak. 1,2. 1 P\u00e9t. 4,13.  V. 2. 2 Kor. 11,13. a. blyg\u00f0unarlausum kennurum.  V. 3. R\u00f3m. 2,29. K\u00f3l. 2,11. J\u00f3h. 4,24. \u00de. e. umskurninni, sem ske\u00f0i \u00e1 holdinu, og \u00f6\u00f0rum \u00fatvortis yfirbur\u00f0um, sj\u00e1 v. 5, 1 Kor. 1,31.  V. 4. Post. gb. 23,6. 2 Kor. 11,18.  V. 5. 1 M\u00f3s. b. 17,12. 2 Kor. 11,22. Post. g. b. 23,6.  V. 6. Post. g. b. 8,3. Gal. 1,13. fl.  V. 8. J\u00f3h. 17,3.  V. 9. R\u00f3m. 3,21.22. R\u00f3m. 1,17. 10,3.  V. 10. R\u00f3m. 6,1. fl. 8,17. 1 P\u00e9t. 4,13.  V. 12. 1 T\u00edm. 4,8.  V. 14. a. L\u00fak. 9,62. 1 Kor. 9,24. 1 T\u00edm. 6,12. 2 T\u00edm. 4,7. 1 P\u00e9t. 5,10. Hebr. 3,1. \u00de. e. eg gleymi \u00feeim g\u00e6\u00f0um, sem eg sleppti, \u00fe\u00e1 eg gj\u00f6r\u00f0ist kristinn, sj\u00e1 v. 4.5, en keppist eftir a\u00f0 \u00f6\u00f0last \u00feau g\u00e6\u00f0i, sem Krists tr\u00fa framb\u00fd\u00f0ur, nefnilega eil\u00edfa s\u00e6lu.  V. 15. 1 Kor. 2,6. 14,20. K\u00f3l. 2,10. 1 Kor. 14,30.  V. 16. b. Gal. 6,16.  V. 17. 1 Kor. 4,16. 11,1. 2 Tess. 3,9. 1 P\u00e9t. 5,3.  V. 18. R\u00f3m. 16,17.18. Gal. 6,12. Gal. 5,21.  V. 19. Kap. 1,28. R\u00f3m. 16,18. R\u00f3m. 8,5.6. K\u00f3l. 3,2.  V. 20. Efes. 2,6. Hebr. 13,14. 1 Tess. 1,10. 4,16.  V. 21. 1 Kor. 15,22.43.44. 1 J\u00f3h. 3,2. Matt. 17,2.<\/div>\n","protected":false},"excerpt":{"rendered":"<p>P\u00e1ll tekur vara fyrir falskennendum; segist einungis hr\u00f3sa s\u00e9r af Jes\u00fa Kristi, og keppast eftir hnossi eil\u00edfrar s\u00e6lu; lastar \u00fe\u00e1 holdlega sinnu\u00f0u. 1Framar, br\u00e6\u00f0ur m\u00ednir! gle\u00f0jist \u00ed Drottni. M\u00e9r skal ekki \u00feykja miki\u00f0 fyrir \u00fev\u00ed, a\u00f0 skrifa sama og sama, en y\u00f0ur er \u00fea\u00f0 gagnlegt.2Vari\u00f0 y\u00f0ur \u00e1 a) hundunum, vari\u00f0 y\u00f0ur \u00e1 \u00feeim vondu verkam\u00f6nnum, vari\u00f0 y\u00f0ur \u00e1 afskurninni;3\u00fev\u00ed v\u00e9r erum \u00feeir r\u00e9ttilega umskornu, v\u00e9r, sem d\u00fdrkum Gu\u00f0 andlega og hr\u00f3sum oss af Jes\u00fa Kristi, en h\u00f6fum ekki traust \u00e1 \u00fev\u00ed holdlega;4jafnvel \u00fe\u00f3 eg og svo \u00ed tilliti til \u00feess holdlega hafi \u00fea\u00f0, hv\u00f6rju eg geti treyst; \u00fev\u00ed ef \u00f6\u00f0rum <a href=\"https:\/\/biblian.is\/videy\/filippibrefid-3-kafli\/\"> [&#8230;]<\/a><\/p>\n","protected":false},"author":1,"featured_media":0,"parent":0,"menu_order":0,"comment_status":"open","ping_status":"open","template":"bibliukaflar.php","meta":{"footnotes":""},"class_list":["post-21955","page","type-page","status-publish","hentry"],"_links":{"self":[{"href":"https:\/\/biblian.is\/videy\/wp-json\/wp\/v2\/pages\/21955","targetHints":{"allow":["GET"]}}],"collection":[{"href":"https:\/\/biblian.is\/videy\/wp-json\/wp\/v2\/pages"}],"about":[{"href":"https:\/\/biblian.is\/videy\/wp-json\/wp\/v2\/types\/page"}],"author":[{"embeddable":true,"href":"https:\/\/biblian.is\/videy\/wp-json\/wp\/v2\/users\/1"}],"replies":[{"embeddable":true,"href":"https:\/\/biblian.is\/videy\/wp-json\/wp\/v2\/comments?post=21955"}],"version-history":[{"count":0,"href":"https:\/\/biblian.is\/videy\/wp-json\/wp\/v2\/pages\/21955\/revisions"}],"wp:attachment":[{"href":"https:\/\/biblian.is\/videy\/wp-json\/wp\/v2\/media?parent=21955"}],"curies":[{"name":"wp","href":"https:\/\/api.w.org\/{rel}","templated":true}]}}