{"id":21945,"date":"2018-01-02T01:04:52","date_gmt":"2018-01-02T01:04:52","guid":{"rendered":"http:\/\/biblian.is\/videy\/galatabrefid-5-kafli\/"},"modified":"2018-01-02T01:04:52","modified_gmt":"2018-01-02T01:04:52","slug":"galatabrefid-5-kafli","status":"publish","type":"page","link":"https:\/\/biblian.is\/videy\/galatabrefid-5-kafli\/","title":{"rendered":"Galatabr\u00e9fi\u00f0 5. kafli"},"content":{"rendered":"<div class=\"fyrirsognVidey\">P\u00e1ll kennir: a\u00f0 \u00feeir, sem vilji halda l\u00f6gm\u00e1linu, s\u00e9u eigi lengur kristnir; varar \u00fe\u00f3 undir eins vi\u00f0 misbr\u00fakun hins kristilega frelsis.<\/div>\n<p><a name=\"1\"><span class=\"versanumer\">1<\/span><\/a>Haldi\u00f0 st\u00f6\u00f0uglega vi\u00f0 \u00fea\u00f0 frelsi <span class='VideyAth'>a)<\/span>, sem Kristur hefir y\u00f0ur afreka\u00f0 og l\u00e1ti\u00f0 ekki aftur leggja \u00e1 y\u00f0ur \u00e1nau\u00f0arok <span class='VideyAth'>b)<\/span>.<a name=\"2\"><span class=\"versanumer\">2<\/span><\/a>Viti\u00f0, eg P\u00e1ll segi y\u00f0ur \u00fea\u00f0, a\u00f0 ef \u00fe\u00e9r l\u00e1ti\u00f0 y\u00f0ur umskera, <span class='VideyAth'>c)<\/span> \u00fe\u00e1 gagnar Kristur y\u00f0ur ekki.<a name=\"3\"><span class=\"versanumer\">3<\/span><\/a>Enn \u00e1 n\u00fd vitna eg \u00fea\u00f0 fyrir hv\u00f6rjum \u00feeim, sem l\u00e6tur sig umskera, a\u00f0 hann skuldbindur sig til a\u00f0 halda allt l\u00f6gm\u00e1li\u00f0 <span class='VideyAth'>d)<\/span>.<a name=\"4\"><span class=\"versanumer\">4<\/span><\/a>Hv\u00f6rjir helst af y\u00f0ur, sem \u00e6tli\u00f0 a\u00f0 r\u00e9ttl\u00e6tast fyrir l\u00f6gm\u00e1li\u00f0, \u00fe\u00e9r eru\u00f0 or\u00f0nir vi\u00f0skila vi\u00f0 Krist, eru\u00f0 fallnir \u00far n\u00e1\u00f0inni;<a name=\"5\"><span class=\"versanumer\">5<\/span><\/a>v\u00e9r \u00fear \u00e1 m\u00f3t v\u00e6ntum \u00ed anda, a\u00f0 \u00f6\u00f0last af tr\u00fanni \u00fe\u00e1 eftirv\u00e6ntu r\u00e9ttl\u00e6tingu,<a name=\"6\"><span class=\"versanumer\">6<\/span><\/a>\u00fev\u00ed hj\u00e1 Kristi <span class='VideyAth'>e)<\/span> gildir hv\u00f6rki umskurn n\u00e9 yfirh\u00fa\u00f0, heldur tr\u00fa <span class='VideyAth'>f)<\/span>, sem s\u00fdnir sinn kraft \u00ed elskunni.<a name=\"7\"><span class=\"versanumer\">7<\/span><\/a>\u00de\u00e9r h\u00e9ldu\u00f0 vel \u00e1fram, en hv\u00f6r hefir hindra\u00f0 y\u00f0ur, svo a\u00f0 \u00fe\u00e9r tr\u00fai\u00f0 ekki sannleikanum?<a name=\"8\"><span class=\"versanumer\">8<\/span><\/a>sl\u00edk tr\u00fagirni er ekki fr\u00e1 \u00feeim, sem y\u00f0ur hefir kalla\u00f0.<a name=\"9\"><span class=\"versanumer\">9<\/span><\/a>L\u00edti\u00f0 s\u00fardeig s\u00fdrir allt deigi\u00f0.<a name=\"10\"><span class=\"versanumer\">10<\/span><\/a>Eg treysti y\u00f0ur me\u00f0 Drottins hj\u00e1lp til \u00feess, a\u00f0 \u00fe\u00e9r s\u00e9u\u00f0 ekki \u00f6\u00f0ruv\u00edsi \u00feenkjandi, en s\u00e1, sem truflar y\u00f0ur <span class='VideyAth'>g)<\/span> mun f\u00e1 sinn d\u00f3m, hv\u00f6r helst sem hann er.<a name=\"11\"><span class=\"versanumer\">11<\/span><\/a>Ef eg, br\u00e6\u00f0ur m\u00ednir! v\u00e6ri enn \u00fe\u00e1 a\u00f0 halda fram umskurninni, \u00fev\u00ed er eg \u00fe\u00e1 enn ofs\u00f3ttur? \u00fe\u00e1 v\u00e6ri krossins hneyksli burtteki\u00f0,<a name=\"12\"><span class=\"versanumer\">12<\/span><\/a>\u00fea\u00f0 v\u00e6ri betur a\u00f0 \u00feeir v\u00e6ru burtteknir, sem gj\u00f6ra y\u00f0ur \u00f3r\u00f3. <br \/><a name=\"13\"><span class=\"versanumer\">13<\/span><\/a>\u00de\u00e9r eru\u00f0 a\u00f0 v\u00edsu, br\u00e6\u00f0ur! kalla\u00f0ir til frelsis, en \u00e1 \u00fev\u00ed r\u00ed\u00f0ur a\u00f0 frelsi\u00f0 ekki misbr\u00fakist til eftirl\u00e1tsemi vi\u00f0 holdi\u00f0 <span class='VideyAth'>h)<\/span>, heldur a\u00f0 hv\u00f6r y\u00f0ar \u00fej\u00f3ni hv\u00f6r \u00f6\u00f0rum me\u00f0 k\u00e6rleika;<a name=\"14\"><span class=\"versanumer\">14<\/span><\/a>\u00fev\u00ed allt l\u00f6gm\u00e1li\u00f0 <span class='VideyAth'>i)<\/span> innifelst \u00ed \u00feessu eina bo\u00f0or\u00f0i <span class='VideyAth'>k)<\/span>: elska skaltu n\u00e1ungann, sem sj\u00e1lfan \u00feig.<a name=\"15\"><span class=\"versanumer\">15<\/span><\/a>En ef \u00fe\u00e9r t\u00f6nnlist innbyr\u00f0is og \u00e1s\u00e6list hv\u00f6r annan, sj\u00e1i\u00f0 \u00fe\u00e1 vi\u00f0 \u00fev\u00ed a\u00f0 \u00fe\u00e9r tort\u00fdni\u00f0 ekki hv\u00f6r \u00f6\u00f0rum.<a name=\"16\"><span class=\"versanumer\">16<\/span><\/a>En eg \u00e1minni y\u00f0ur, a\u00f0 \u00fe\u00e9r l\u00e1ti\u00f0 y\u00f0ur af andanum lei\u00f0a <span class='VideyAth'>l)<\/span>, en fremji\u00f0 ekki \u00fea\u00f0, sem holdi\u00f0 girnist;<a name=\"17\"><span class=\"versanumer\">17<\/span><\/a>\u00fev\u00ed holdi\u00f0 girnist gegn andanum og andinn gegn holdinu <span class='VideyAth'>m)<\/span>, \u00feau eru hv\u00f6rt gegn \u00f6\u00f0ru, \u00fear af kemur \u00fea\u00f0, a\u00f0 \u00fe\u00e9r gj\u00f6ri\u00f0 ekki \u00fea\u00f0, sem \u00fe\u00e9r vilji\u00f0.<a name=\"18\"><span class=\"versanumer\">18<\/span><\/a>Ef \u00fe\u00e9r lei\u00f0ist af andanum <span class='VideyAth'>n)<\/span>, \u00fe\u00e1 eru\u00f0 \u00fe\u00e9r ekki undir l\u00f6gm\u00e1linu <span class='VideyAth'>o)<\/span>.<a name=\"19\"><span class=\"versanumer\">19<\/span><\/a>Allir vita hv\u00edl\u00edk eru holdsins verk, a\u00f0 \u00fea\u00f0 eru: frillul\u00edfi, saurl\u00edfi, stj\u00f3rnleysi girndanna,<a name=\"20\"><span class=\"versanumer\">20<\/span><\/a>skur\u00f0go\u00f0ad\u00fdrkan, kukl, hatur, deilur, metningur, st\u00f3rlyndi, \u00fer\u00e1ttanir, tv\u00eddr\u00e6gni, flokkadr\u00e1ttur,<a name=\"21\"><span class=\"versanumer\">21<\/span><\/a>\u00f6fund, mor\u00f0, ofdrykkja, \u00f3h\u00f3fsveislur og anna\u00f0 \u00feessu l\u00edkt <span class='VideyAth'>p)<\/span> um hva\u00f0 allt eg segi y\u00f0ur enn \u00fe\u00e1 hi\u00f0 sama, sem eg hefi \u00e1\u00f0ur sagt, a\u00f0 \u00feeir, sem sl\u00edkt gj\u00f6ra, \u00f6\u00f0list ekki Gu\u00f0s r\u00edki.<a name=\"22\"><span class=\"versanumer\">22<\/span><\/a>En \u00e1v\u00f6xtur andans er k\u00e6rleiki, gla\u00f0sinni, fri\u00f0semi, langlundarge\u00f0, lj\u00faflyndi, g\u00f3\u00f0vilji, hreinskilni, h\u00f3gv\u00e6r\u00f0, bindindi,<a name=\"23\"><span class=\"versanumer\">23<\/span><\/a>gegn \u00feessu er ekki l\u00f6gm\u00e1li\u00f0 <span class='VideyAth'>q)<\/span>.<a name=\"24\"><span class=\"versanumer\">24<\/span><\/a>\u00deeir, sem Krists eru, \u00feeir hafa krossfest hold sitt me\u00f0 \u00feess girndum og tilhneigingum.<a name=\"25\"><span class=\"versanumer\">25<\/span><\/a>Ef v\u00e9r lifum \u00ed andanum, \u00fe\u00e1 framg\u00f6ngum \u00ed andanum.<a name=\"26\"><span class=\"versanumer\">26<\/span><\/a>S\u00e6kjumst ekki eftir h\u00e9g\u00f3mlegri vegsemd, \u00e1reitandi hv\u00f6r annan og \u00f6fundandi hv\u00f6r annan.<\/p>\n<div class=\"footnoteVidey\">V. 1. a. J\u00f3h. 8,32. Post. gb. 15,10. b. sbr. Esaj. 9,1. ff.  V. 2. c. Eftir a\u00f0 \u00fe\u00e9r hafi\u00f0 teki\u00f0 kristni, Post. gb. 15,1.  V. 3. d. nl. M\u00f3sis l\u00f6gm\u00e1l.  V. 4. Kap. 2,21. R\u00f3m. 5,5. eftirf. 8,13\u201317.  V. 6. e. 1 Kor. 7,19. Gal. 6,15. f. J\u00f3h. 15,14. 1 Tess. 1,3.  V. 9. 1 Kor. 5,6.  V. 10. g. Kap. 1,7.  V. 13. h. 1 Kor. 8,9. 1 P\u00e9t. 2,16.  V. 14. i. Krists l\u00f6gm\u00e1l. k. Matt. 22,39. 3 M\u00f3s. b. 19,18.  V. 16. l. sbr. R\u00f3m. 6,12. 8,1.5.  V. 17. m. R\u00f3m. 7,15.23.  V. 18. n. R\u00f3m. 8,2.14. o. 6,14.15. lei\u00f0ist af andanum. nl. \u00feeirri sonarlegu elsku, hl\u00fd\u00f0ni og trausti til Gu\u00f0s, og mannelsku, sem Krists l\u00e6rd\u00f3ms andi innprentar.  o. V. 19. 1 Kor. 3,3. 6,9. Efes. 5,3.5.  V. 21. p. L\u00fak. 21,34. 1 Kor. 6,10. Efes. 5,5.  V. 22. Efes. 5,9. Kol. 3,12.13.  V. 23. q. 1 T\u00edm\u00f3t. 1,6.  V. 24. R\u00f3m. 6,9.11. Gal. 2,20.  V. 25. R\u00f3m. 8,5.  V. 26. sbr. Fil. 2,3.<\/div>\n","protected":false},"excerpt":{"rendered":"<p>P\u00e1ll kennir: a\u00f0 \u00feeir, sem vilji halda l\u00f6gm\u00e1linu, s\u00e9u eigi lengur kristnir; varar \u00fe\u00f3 undir eins vi\u00f0 misbr\u00fakun hins kristilega frelsis. 1Haldi\u00f0 st\u00f6\u00f0uglega vi\u00f0 \u00fea\u00f0 frelsi a), sem Kristur hefir y\u00f0ur afreka\u00f0 og l\u00e1ti\u00f0 ekki aftur leggja \u00e1 y\u00f0ur \u00e1nau\u00f0arok b).2Viti\u00f0, eg P\u00e1ll segi y\u00f0ur \u00fea\u00f0, a\u00f0 ef \u00fe\u00e9r l\u00e1ti\u00f0 y\u00f0ur umskera, c) \u00fe\u00e1 gagnar Kristur y\u00f0ur ekki.3Enn \u00e1 n\u00fd vitna eg \u00fea\u00f0 fyrir hv\u00f6rjum \u00feeim, sem l\u00e6tur sig umskera, a\u00f0 hann skuldbindur sig til a\u00f0 halda allt l\u00f6gm\u00e1li\u00f0 d).4Hv\u00f6rjir helst af y\u00f0ur, sem \u00e6tli\u00f0 a\u00f0 r\u00e9ttl\u00e6tast fyrir l\u00f6gm\u00e1li\u00f0, \u00fe\u00e9r eru\u00f0 or\u00f0nir vi\u00f0skila vi\u00f0 Krist, eru\u00f0 fallnir \u00far n\u00e1\u00f0inni;5v\u00e9r \u00fear <a href=\"https:\/\/biblian.is\/videy\/galatabrefid-5-kafli\/\"> [&#8230;]<\/a><\/p>\n","protected":false},"author":1,"featured_media":0,"parent":0,"menu_order":0,"comment_status":"open","ping_status":"open","template":"bibliukaflar.php","meta":{"footnotes":""},"class_list":["post-21945","page","type-page","status-publish","hentry"],"_links":{"self":[{"href":"https:\/\/biblian.is\/videy\/wp-json\/wp\/v2\/pages\/21945","targetHints":{"allow":["GET"]}}],"collection":[{"href":"https:\/\/biblian.is\/videy\/wp-json\/wp\/v2\/pages"}],"about":[{"href":"https:\/\/biblian.is\/videy\/wp-json\/wp\/v2\/types\/page"}],"author":[{"embeddable":true,"href":"https:\/\/biblian.is\/videy\/wp-json\/wp\/v2\/users\/1"}],"replies":[{"embeddable":true,"href":"https:\/\/biblian.is\/videy\/wp-json\/wp\/v2\/comments?post=21945"}],"version-history":[{"count":0,"href":"https:\/\/biblian.is\/videy\/wp-json\/wp\/v2\/pages\/21945\/revisions"}],"wp:attachment":[{"href":"https:\/\/biblian.is\/videy\/wp-json\/wp\/v2\/media?parent=21945"}],"curies":[{"name":"wp","href":"https:\/\/api.w.org\/{rel}","templated":true}]}}