{"id":21944,"date":"2018-01-02T01:04:52","date_gmt":"2018-01-02T01:04:52","guid":{"rendered":"http:\/\/biblian.is\/videy\/galatabrefid-4-kafli\/"},"modified":"2018-01-02T01:04:52","modified_gmt":"2018-01-02T01:04:52","slug":"galatabrefid-4-kafli","status":"publish","type":"page","link":"https:\/\/biblian.is\/videy\/galatabrefid-4-kafli\/","title":{"rendered":"Galatabr\u00e9fi\u00f0 4. kafli"},"content":{"rendered":"<div class=\"fyrirsognVidey\">\u00deeir kristnu eru ekki \u00fer\u00e6lar undir l\u00f6gm\u00e1linu, heldur b\u00f6rn. Postulinn r\u00e6\u00f0ur \u00fev\u00ed fr\u00e1 a\u00f0 hverfa aftur til l\u00f6gm\u00e1lsins. Eftirl\u00edking dregin af Agar og Sara.<\/div>\n<p><a name=\"1\"><span class=\"versanumer\">1<\/span><\/a>H\u00e9r me\u00f0 vil eg sagt hafa a\u00f0 \u00fea\u00f0 s\u00e9 enginn munur \u00e1 \u00fer\u00e6lnum og erfingjanum, \u00e1 me\u00f0an erfinginn er barn, \u00fe\u00f3 hann eigi allar eigurnar,<a name=\"2\"><span class=\"versanumer\">2<\/span><\/a>\u00fev\u00ed hann er undir tilsj\u00f3nar- og r\u00e1\u00f0sm\u00f6nnum, \u00fear til s\u00e1 af f\u00f6\u00f0urnum tiltekni t\u00edmi er kominn.<a name=\"3\"><span class=\"versanumer\">3<\/span><\/a>\u00deannig vorum v\u00e9r me\u00f0an v\u00e9r vorum b\u00f6rn <span class='VideyAth'>b)<\/span>, \u00fer\u00e6lbundnir vi\u00f0 heimsins stafr\u00f3f <span class='VideyAth'>e)<\/span>;<a name=\"4\"><span class=\"versanumer\">4<\/span><\/a>en \u00fe\u00e1 s\u00e1 tilsetti t\u00edmi var kominn, sendi Gu\u00f0 sinn Son f\u00e6ddan af kvinnu, l\u00f6gm\u00e1linu undirgefinn,<a name=\"5\"><span class=\"versanumer\">5<\/span><\/a>svo a\u00f0 hann keypti \u00fe\u00e1 fr\u00eda, sem undir l\u00f6gm\u00e1linu st\u00f3\u00f0u og v\u00e9r fengjum fullt\u00ed\u00f0a barnar\u00e9tt.<a name=\"6\"><span class=\"versanumer\">6<\/span><\/a>En me\u00f0 \u00fev\u00ed \u00fe\u00e9r eru\u00f0 or\u00f0nir fullt\u00ed\u00f0a synir, \u00fe\u00e1 hefir Gu\u00f0 sent s\u00edns Sonar anda \u00ed y\u00f0ar hj\u00f6rtu, sem hr\u00f3par:<a name=\"7\"><span class=\"versanumer\">7<\/span><\/a>Fa\u00f0ir! elskulegi Fa\u00f0ir! \u00fe\u00fa ert \u00feess vegna ekki framar \u00fer\u00e6ll, heldur fullt\u00ed\u00f0a sonur; en ef \u00fe\u00fa ert sonur, \u00fe\u00e1 ertu l\u00edka erfingi Gu\u00f0s vegna Krists.<a name=\"8\"><span class=\"versanumer\">8<\/span><\/a>For\u00f0um d\u00fdrku\u00f0u\u00f0 \u00fe\u00e9r a\u00f0 v\u00edsu, \u00e1 me\u00f0an \u00fe\u00e9r \u00feekktu\u00f0 ekki Gu\u00f0, \u00fe\u00e1 sem \u00ed raun og veru ekki eru Gu\u00f0ir;<a name=\"9\"><span class=\"versanumer\">9<\/span><\/a>en hv\u00f6rnig geti\u00f0 \u00fe\u00e9r n\u00fa, eftir \u00fea\u00f0 \u00fe\u00e9r \u00feekki\u00f0 Gu\u00f0, j\u00e1, eru\u00f0 af Gu\u00f0i \u00feekktir <span class='VideyAth'>a)<\/span>, sn\u00fai\u00f0 aftur til \u00feess kraftlitla og f\u00e1t\u00e6klega barna stafr\u00f3fs <span class='VideyAth'>b)<\/span>, undir hv\u00f6rt \u00fe\u00e9r \u00e1 n\u00fd vilji\u00f0 \u00fer\u00e6lka?<a name=\"10\"><span class=\"versanumer\">10<\/span><\/a>\u00fe\u00e9r haldi\u00f0 upp \u00e1 s\u00e9rlega daga, m\u00e1nu\u00f0i, vissa t\u00edma og \u00e1r.<a name=\"11\"><span class=\"versanumer\">11<\/span><\/a>Eg er hr\u00e6ddur um a\u00f0 eg hafi unni\u00f0 hj\u00e1 y\u00f0ur forgefins.<br \/><a name=\"12\"><span class=\"versanumer\">12<\/span><\/a>Veri\u00f0 eins og eg, \u00fev\u00ed eg var eins og \u00fe\u00e9r eru\u00f0; um \u00feetta bi\u00f0 eg y\u00f0ur, br\u00e6\u00f0ur! me\u00f0 engu hafi\u00f0 \u00fe\u00e9r m\u00f3\u00f0ga\u00f0 mig.<a name=\"13\"><span class=\"versanumer\">13<\/span><\/a>\u00de\u00e9r muni\u00f0, a\u00f0 eg var l\u00edkamlega \u00fejaka\u00f0ur <span class='VideyAth'>c)<\/span> \u00fe\u00e1 eg fyrr bo\u00f0a\u00f0i y\u00f0ur n\u00e1\u00f0arl\u00e6rd\u00f3minn,<a name=\"14\"><span class=\"versanumer\">14<\/span><\/a>samt forsm\u00e1\u00f0u\u00f0 \u00fe\u00e9r mig ekki \u00ed m\u00ednum l\u00edkamlegu b\u00e1gindum, n\u00e9 burtsn\u00f6ru\u00f0u\u00f0 m\u00e9r \u00fear fyrir, heldur me\u00f0t\u00f3ku\u00f0 mig eins og engil Gu\u00f0s, e\u00f0ur Jes\u00fam Krist sj\u00e1lfan <span class='VideyAth'>d)<\/span>.<a name=\"15\"><span class=\"versanumer\">15<\/span><\/a>Hv\u00f6rsu s\u00e6lir \u00fe\u00f3ttust \u00fe\u00e9r \u00fe\u00e1! Eg get bori\u00f0 y\u00f0ur \u00fea\u00f0, a\u00f0 hef\u00f0u\u00f0 \u00fe\u00e9r geta\u00f0, \u00fe\u00e1 hef\u00f0u\u00f0 \u00fe\u00e9r rifi\u00f0 augun \u00far h\u00f6f\u00f0um y\u00f0ar og gefi\u00f0 m\u00e9r.<a name=\"16\"><span class=\"versanumer\">16<\/span><\/a>Er eg \u00fe\u00e1 or\u00f0inn \u00f3vinur y\u00f0ar vegna \u00feess a\u00f0 eg kenni y\u00f0ur sannleikann <span class='VideyAth'>e)<\/span>?<a name=\"17\"><span class=\"versanumer\">17<\/span><\/a>hinir s\u00fdna vandl\u00e6tingu y\u00f0ar vegna, en ekki af g\u00f3\u00f0u, heldur vilja \u00fatiloka y\u00f0ur <span class='VideyAth'>f)<\/span>, svo a\u00f0 \u00fe\u00e9r vandl\u00e6ti\u00f0 \u00feeirra vegna.<a name=\"18\"><span class=\"versanumer\">18<\/span><\/a>A\u00f0 v\u00edsu er \u00fea\u00f0 loflegt, \u00e6t\u00ed\u00f0 a\u00f0 ver\u00f0a fyrir vandl\u00e6tingarsamri velvild \u00ed \u00fev\u00ed, sem gott er, og ekki einungis me\u00f0an eg er hj\u00e1 y\u00f0ur <span class='VideyAth'>g)<\/span>.<a name=\"19\"><span class=\"versanumer\">19<\/span><\/a>B\u00f6rn m\u00edn! sem eg \u00e1 n\u00fd me\u00f0 harmkv\u00e6lum geng me\u00f0, \u00fear til Kristur er mynda\u00f0ur \u00ed y\u00f0ur <span class='VideyAth'>h)<\/span>;<a name=\"20\"><span class=\"versanumer\">20<\/span><\/a>eg vildi eg v\u00e6ri n\u00fa hj\u00e1 y\u00f0ur, svo eg g\u00e6ti breytt r\u00f6ddinni vi\u00f0 y\u00f0ur, \u00fev\u00ed eg er \u00ed vandr\u00e6\u00f0um me\u00f0 y\u00f0ur.<br \/><a name=\"21\"><span class=\"versanumer\">21<\/span><\/a>Segi\u00f0 m\u00e9r, \u00fe\u00e9r, sem vilji\u00f0 vera undir l\u00f6gm\u00e1linu, hafi\u00f0 \u00fe\u00e9r ekki heyrt l\u00f6gm\u00e1li\u00f0?<a name=\"22\"><span class=\"versanumer\">22<\/span><\/a>\u00fear stendur skrifa\u00f0, a\u00f0 Abraham hafi \u00e1tt tvo syni, annan vi\u00f0 amb\u00e1ttinni, en hinn vi\u00f0 \u00feeirri frj\u00e1lsu.<a name=\"23\"><span class=\"versanumer\">23<\/span><\/a>S\u00e1, sem hann \u00e1tti vi\u00f0 amb\u00e1ttinni, var \u00e1 holdlegan h\u00e1tt getinn, en hinn eftir fyrirheiti.<a name=\"24\"><span class=\"versanumer\">24<\/span><\/a>\u00deetta hefir meira a\u00f0 \u00fe\u00fd\u00f0a. \u00deessar tv\u00e6r eru \u00feeir tveir s\u00e1ttm\u00e1lar, annar, sem kom fr\u00e1 S\u00edna\u00edfjalli, getur b\u00f6rn til \u00fer\u00e6ld\u00f3ms;<a name=\"25\"><span class=\"versanumer\">25<\/span><\/a>\u00feessi er Hagar, <span class='VideyAth'>(\u00fev\u00ed S\u00edna\u00edfjall \u00ed Arab\u00edu kallast Hagar)<\/span> og samsvarar \u00feeirri n\u00faverandi Jer\u00fasalem, \u00fev\u00ed h\u00fan er \u00e1samt s\u00ednum b\u00f6rnum <span class='VideyAth'>i)<\/span> \u00ed \u00e1nau\u00f0 <span class='VideyAth'>k)<\/span>.<a name=\"26\"><span class=\"versanumer\">26<\/span><\/a>En s\u00fa himneska Jer\u00fasalem er frj\u00e1ls og h\u00fan er vor m\u00f3\u00f0ir;<a name=\"27\"><span class=\"versanumer\">27<\/span><\/a>\u00fev\u00ed stendur skrifa\u00f0: vertu gl\u00f6\u00f0 \u00f3byrja, sem ekkert barn hefir \u00e1tt, hr\u00f3pa og kalla h\u00e1tt \u00fe\u00fa, sem hefir j\u00f3\u00f0sj\u00fak or\u00f0i\u00f0, \u00fev\u00ed b\u00f6rn \u00feeirrar yfirgefnu eru fleiri, en hinnar, sem manninn hefir.<a name=\"28\"><span class=\"versanumer\">28<\/span><\/a>V\u00e9r, br\u00e6\u00f0ur m\u00ednir! erum fyrirheitisins b\u00f6rn, eins og \u00cdsak.<a name=\"29\"><span class=\"versanumer\">29<\/span><\/a>En eins og for\u00f0um s\u00e1, sem \u00e1 holdlegan h\u00e1tt var getinn, ofs\u00f3tti \u00feann, sem \u00e1 andlegan h\u00e1tt var getinn, eins gengur \u00fea\u00f0 til enn.<a name=\"30\"><span class=\"versanumer\">30<\/span><\/a>En hva\u00f0 segir Ritningin? rek burt amb\u00e1ttina og son hennar; \u00fev\u00ed ekki skal amb\u00e1ttarsonurinn taka arf me\u00f0 syni \u00feeirrar frj\u00e1lsu.<a name=\"31\"><span class=\"versanumer\">31<\/span><\/a>V\u00e9r erum \u00fev\u00ed, br\u00e6\u00f0ur! ekki ni\u00f0jar amb\u00e1ttarinnar heldur hinnar frj\u00e1lsu.<\/p>\n<div class=\"footnoteVidey\">V. 3. b. nl. \u00e1\u00f0ur en v\u00e9r kristnir ur\u00f0um. c. \u00fe. e. \u00f3fullkomnu \u00feekkingu.  V. 4. 1 M\u00f3s. b. 49,10. Mark. 1,15. Efes. 1,10.  V. 7. samanber. R\u00f3m. 8,15\u201317.  V. 8. 1 Kor. 12,2.  V. 9. 1 Kor. 13,12. a. \u00fe. e. Gu\u00f0 kannast vi\u00f0 sem s\u00edna. b. Gal. 4,3.  V. 10. R\u00f3m. 14,5. K\u00f3l. 2,16.  V. 12. Eg matti, \u00e1\u00f0ur en eg var\u00f0 kristinn, eins og \u00fe\u00e9r n\u00fa of mj\u00f6g l\u00f6gm\u00e1l Gy\u00f0inganna, n\u00fa gj\u00f6ri eg \u00fea\u00f0 ekki framar; l\u00edkist m\u00e9r \u00ed \u00fev\u00ed.  V. 13. c. 1 Kor. 2,3. 1 Tess. 2,2. \u00fea\u00f0 er \u00f3v\u00edst til hv\u00f6rs l\u00edfsins \u00f6r\u00f0ugleika postulinn meinar h\u00e9r.  V. 14. d. Malak. 2,7. Matt. 10,40. V. 16. e. sbr. Amos. 5,10.  V. 17. Falskennendurnir. f. nl. fr\u00e1 \u00fev\u00ed kristilega frelsi.  V. 18. g. sj\u00e1 v. 15.  V. 19. h. \u00dear til \u00fe\u00e9r eru\u00f0 or\u00f0nir fullkomnir \u00ed kristilegri \u00feekkingu. sbr. R\u00f3m. 8,29.30.  V. 21. Kap. 3,10.25.  V. 22. 1 M\u00f3s. b. 16,15. 21,2.  V. 23. R\u00f3m. 9,7.8.  V. 24. sbr. Hebr. 8,9.10.  V. 25. i. nl. Gy\u00f0ingunum. k. \u00e1nau\u00f0ug M\u00f3sislagaoki.  V. 26. Krists r\u00edki, Esa. 2,2. Hebr. 12,22. Opinb. b. 3,12.  V. 27. Es. 54,1.  V. 28. v. 23. R\u00f3m. 9,8.  V. 29. 1 M\u00f3s. b. 21,9.  V. 30. 1 M\u00f3s. b. 21,10.12.  V. 31. R\u00f3m. 6,18.<\/div>\n","protected":false},"excerpt":{"rendered":"<p>\u00deeir kristnu eru ekki \u00fer\u00e6lar undir l\u00f6gm\u00e1linu, heldur b\u00f6rn. Postulinn r\u00e6\u00f0ur \u00fev\u00ed fr\u00e1 a\u00f0 hverfa aftur til l\u00f6gm\u00e1lsins. Eftirl\u00edking dregin af Agar og Sara. 1H\u00e9r me\u00f0 vil eg sagt hafa a\u00f0 \u00fea\u00f0 s\u00e9 enginn munur \u00e1 \u00fer\u00e6lnum og erfingjanum, \u00e1 me\u00f0an erfinginn er barn, \u00fe\u00f3 hann eigi allar eigurnar,2\u00fev\u00ed hann er undir tilsj\u00f3nar- og r\u00e1\u00f0sm\u00f6nnum, \u00fear til s\u00e1 af f\u00f6\u00f0urnum tiltekni t\u00edmi er kominn.3\u00deannig vorum v\u00e9r me\u00f0an v\u00e9r vorum b\u00f6rn b), \u00fer\u00e6lbundnir vi\u00f0 heimsins stafr\u00f3f e);4en \u00fe\u00e1 s\u00e1 tilsetti t\u00edmi var kominn, sendi Gu\u00f0 sinn Son f\u00e6ddan af kvinnu, l\u00f6gm\u00e1linu undirgefinn,5svo a\u00f0 hann keypti \u00fe\u00e1 fr\u00eda, sem undir l\u00f6gm\u00e1linu st\u00f3\u00f0u <a href=\"https:\/\/biblian.is\/videy\/galatabrefid-4-kafli\/\"> [&#8230;]<\/a><\/p>\n","protected":false},"author":1,"featured_media":0,"parent":0,"menu_order":0,"comment_status":"open","ping_status":"open","template":"bibliukaflar.php","meta":{"footnotes":""},"class_list":["post-21944","page","type-page","status-publish","hentry"],"_links":{"self":[{"href":"https:\/\/biblian.is\/videy\/wp-json\/wp\/v2\/pages\/21944","targetHints":{"allow":["GET"]}}],"collection":[{"href":"https:\/\/biblian.is\/videy\/wp-json\/wp\/v2\/pages"}],"about":[{"href":"https:\/\/biblian.is\/videy\/wp-json\/wp\/v2\/types\/page"}],"author":[{"embeddable":true,"href":"https:\/\/biblian.is\/videy\/wp-json\/wp\/v2\/users\/1"}],"replies":[{"embeddable":true,"href":"https:\/\/biblian.is\/videy\/wp-json\/wp\/v2\/comments?post=21944"}],"version-history":[{"count":0,"href":"https:\/\/biblian.is\/videy\/wp-json\/wp\/v2\/pages\/21944\/revisions"}],"wp:attachment":[{"href":"https:\/\/biblian.is\/videy\/wp-json\/wp\/v2\/media?parent=21944"}],"curies":[{"name":"wp","href":"https:\/\/api.w.org\/{rel}","templated":true}]}}