{"id":21943,"date":"2018-01-02T01:04:52","date_gmt":"2018-01-02T01:04:52","guid":{"rendered":"http:\/\/biblian.is\/videy\/galatabrefid-3-kafli\/"},"modified":"2018-01-02T01:04:52","modified_gmt":"2018-01-02T01:04:52","slug":"galatabrefid-3-kafli","status":"publish","type":"page","link":"https:\/\/biblian.is\/videy\/galatabrefid-3-kafli\/","title":{"rendered":"Galatabr\u00e9fi\u00f0 3. kafli"},"content":{"rendered":"<div class=\"fyrirsognVidey\">P\u00e1ll lastar Galats\u00edumenn, a\u00f0 \u00feeir aftur hafi sn\u00fai\u00f0 til hl\u00fd\u00f0ni vi\u00f0 l\u00f6gm\u00e1li\u00f0 og sannar af Abrahams d\u00e6mi, a\u00f0 Gu\u00f0s n\u00e1\u00f0 \u00f6\u00f0list fyrir tr\u00fa, en hv\u00f6rki fyrirheiti\u00f0 n\u00e9 l\u00f6ggj\u00f6fin hafi \u00f3n\u00fdst fyrir \u00fea\u00f0.<\/div>\n<p><a name=\"1\"><span class=\"versanumer\">1<\/span><\/a>\u00d3 \u00fe\u00e9r f\u00e1v\u00edsu Galatar! hv\u00f6r hefir villt sj\u00f3nir fyrir y\u00f0ur, fyrir hv\u00f6rra augum Jes\u00fas Kristur er svo sk\u00edrlega afm\u00e1la\u00f0ur, eins og v\u00e6ri hann me\u00f0al y\u00f0ar krossfestur.<a name=\"2\"><span class=\"versanumer\">2<\/span><\/a>Um \u00fea\u00f0 vil eg einungis fr\u00e6\u00f0ast af y\u00f0ur, hv\u00f6rt \u00fe\u00e9r hafi\u00f0 andann \u00f6\u00f0last fyrir verk l\u00f6gm\u00e1lsins ellegar fyrir bo\u00f0skap tr\u00faarinnar?<a name=\"3\"><span class=\"versanumer\">3<\/span><\/a>En hva\u00f0 \u00fe\u00e9r eru\u00f0 heimskir! \u00fe\u00e9r, sem byrju\u00f0u\u00f0 \u00ed andanum <span class='VideyAth'>d)<\/span>, \u00e6tli\u00f0 \u00fe\u00e9r n\u00fa a\u00f0 enda \u00ed holdinu <span class='VideyAth'>e)<\/span>?<a name=\"4\"><span class=\"versanumer\">4<\/span><\/a>\u00c1 \u00fev\u00edl\u00edkt <span class='VideyAth'>f)<\/span> a\u00f0 hafa komi\u00f0 fram vi\u00f0 y\u00f0ur til einkis, ef \u00fea\u00f0 er til einkis?<a name=\"5\"><span class=\"versanumer\">5<\/span><\/a>S\u00e1, sem y\u00f0ur veitir andann og s\u00fdnir sinn kraft \u00e1 y\u00f0ur, er \u00fea\u00f0 l\u00f6gm\u00e1lsverkunum a\u00f0 \u00feakka, e\u00f0ur bo\u00f0un tr\u00faarinnar?<a name=\"6\"><span class=\"versanumer\">6<\/span><\/a>\u00dea\u00f0 a\u00f0 \u201eAbraham treysti Gu\u00f0i var honum til r\u00e9ttl\u00e6tis reikna\u00f0\u201c,<a name=\"7\"><span class=\"versanumer\">7<\/span><\/a>eins megi\u00f0 \u00fe\u00e9r vita, a\u00f0 \u00feeir eru r\u00e9ttir Abrahams synir, sem tr\u00faa\u00f0ir eru.<a name=\"8\"><span class=\"versanumer\">8<\/span><\/a>Ritningin, sem fyrir s\u00e1, a\u00f0 Gu\u00f0 mundi r\u00e9ttl\u00e6ta \u00fej\u00f3\u00f0irnar fyrir tr\u00fana, gaf for\u00f0um Abraham \u00fea\u00f0 fyrirheiti: allar \u00fej\u00f3\u00f0ir skulu af \u00fe\u00e9r blessun hlj\u00f3ta.<a name=\"9\"><span class=\"versanumer\">9<\/span><\/a>Allir tr\u00faa\u00f0ir menn munu \u00fev\u00ed blessun \u00f6\u00f0last me\u00f0 \u00feeim tr\u00faa\u00f0a Abraham.<a name=\"10\"><span class=\"versanumer\">10<\/span><\/a>En svo margir, sem binda sig vi\u00f0 l\u00f6gm\u00e1lsverkin, \u00feeir eru undir b\u00f6lvun, \u00fev\u00ed skrifa\u00f0 er: \u201eb\u00f6lva\u00f0ur s\u00e9 hv\u00f6r s\u00e1, sem ekki heldur s\u00e9r fast vi\u00f0 allt \u00fea\u00f0, sem \u00ed l\u00f6gm\u00e1lsb\u00f3kinni skrifa\u00f0 er til a\u00f0 breyta eftir \u00fev\u00ed.\u201c<a name=\"11\"><span class=\"versanumer\">11<\/span><\/a>En \u00fea\u00f0 er bert a\u00f0 enginn getur fyrir Gu\u00f0i r\u00e9ttl\u00e1tur or\u00f0i\u00f0 af l\u00f6gm\u00e1linu, \u201e\u00fev\u00ed s\u00e1 r\u00e9ttl\u00e1ti mun af tr\u00fanni s\u00e6ll ver\u00f0a\u201c <span class='VideyAth'>g)<\/span>.<a name=\"12\"><span class=\"versanumer\">12<\/span><\/a>En l\u00f6gm\u00e1li\u00f0 \u00e1 ekki skylt vi\u00f0 tr\u00fana, heldur <span class='VideyAth'>(er kve\u00f0i\u00f0 svo a\u00f0 or\u00f0i)<\/span> \u201es\u00e1, sem gj\u00f6rir \u00fea\u00f0 <span class='VideyAth'>h)<\/span>, mun \u00fear fyrir lifa\u201c.<a name=\"13\"><span class=\"versanumer\">13<\/span><\/a>Kristur hefir keypt oss undan b\u00f6lvun l\u00f6gm\u00e1lsins, me\u00f0 \u00fev\u00ed hann var\u00f0 b\u00f6lvan fyrir oss <span class='VideyAth'>i)<\/span>, \u00fev\u00ed skrifa\u00f0 er: \u201eb\u00f6lva\u00f0ur s\u00e9 s\u00e1, sem \u00e1 tr\u00e9 hangir\u201c,<a name=\"14\"><span class=\"versanumer\">14<\/span><\/a>til \u00feess a\u00f0 hei\u00f0num \u00fej\u00f3\u00f0um hlotnast skyldi me\u00f0 Jes\u00fa Kristi blessan Abrahams <span class='VideyAth'>k)<\/span>, svo a\u00f0 v\u00e9r \u00f6\u00f0last skyldum fyrirheit andans <span class='VideyAth'>l)<\/span> fyrir tr\u00fana.<a name=\"15\"><span class=\"versanumer\">15<\/span><\/a>Br\u00e6\u00f0ur m\u00ednir! eg tek d\u00e6mi af daglegu l\u00edfi: enginn \u00f3n\u00fdtir e\u00f0ur b\u00e6tir vi\u00f0 \u00fe\u00e1 r\u00e1\u00f0st\u00f6fun manns, sem sta\u00f0fest er;<a name=\"16\"><span class=\"versanumer\">16<\/span><\/a>en Abraham voru fyrirheitin gefin og hans afkv\u00e6mi; ekki stendur \u00fear afkv\u00e6mum, eins og til margra v\u00e6ri meint, heldur eins og til eins, \u201eog \u00fe\u00ednu afkv\u00e6mi,\u201c sem er Kristur.<a name=\"17\"><span class=\"versanumer\">17<\/span><\/a>Me\u00f0 \u00feessu vil eg sagt hafa a\u00f0 l\u00f6gm\u00e1li\u00f0, sem \u00fat var gefi\u00f0 fj\u00f6gur hundru\u00f0 og \u00ferj\u00e1t\u00edu \u00e1rum s\u00ed\u00f0ar, ekki hafi geta\u00f0 gj\u00f6rt \u00f3gilda og afm\u00e1\u00f0 \u00fe\u00e1 af Gu\u00f0i \u00e1\u00f0ur sta\u00f0festu r\u00e1\u00f0st\u00f6fun um Krist;<a name=\"18\"><span class=\"versanumer\">18<\/span><\/a>\u00fev\u00ed ef arfleif\u00f0in f\u00e6st me\u00f0 l\u00f6gm\u00e1linu, \u00fe\u00e1 f\u00e6st h\u00fan ekki vegna fyrirheitisins; en n\u00fa var Gu\u00f0 Abraham n\u00e1\u00f0ugur vegna fyrirheitisins.<br \/><a name=\"19\"><span class=\"versanumer\">19<\/span><\/a>Til hv\u00f6rs var \u00fe\u00e1 l\u00f6gm\u00e1li\u00f0? \u00fea\u00f0 var gefi\u00f0 vegna afbrotanna, \u00feanga\u00f0 til afkv\u00e6mi\u00f0 k\u00e6mi, upp \u00e1 hv\u00f6rt fyrirheitin hlj\u00f3\u00f0u\u00f0u og kunngj\u00f6rt af englunum fyrir h\u00f6nd me\u00f0alg\u00f6ngumannsins.<a name=\"20\"><span class=\"versanumer\">20<\/span><\/a>En fleiri en einu <span class='VideyAth'>a)<\/span> <span class='VideyAth'>(vi\u00f0kemur)<\/span> me\u00f0algangarinn, en Gu\u00f0 er einn og hinn sami.<a name=\"21\"><span class=\"versanumer\">21<\/span><\/a>Skyldi \u00fe\u00e1 l\u00f6gm\u00e1li\u00f0 vera gegn Gu\u00f0s fyrirheitum? fj\u00e6rri s\u00e9 \u00fev\u00ed! \u00fev\u00ed ef \u00fev\u00edl\u00edkt l\u00f6gm\u00e1l hef\u00f0i gefi\u00f0 veri\u00f0, sem fars\u00e6ld gat veitt, \u00fe\u00e1 er \u00fea\u00f0 v\u00edst, a\u00f0 r\u00e9ttl\u00e6ti\u00f0 hef\u00f0i fengist af l\u00f6gm\u00e1linu.<a name=\"22\"><span class=\"versanumer\">22<\/span><\/a>En Ritningin s\u00fdnir a\u00f0 allir eru sekir, svo a\u00f0 fyrirheiti\u00f0 veitist \u00feeim fyrir tr\u00fana \u00e1 Jes\u00fam Krist.<a name=\"23\"><span class=\"versanumer\">23<\/span><\/a>En \u00e1\u00f0ur en tr\u00fain kom, st\u00f3\u00f0um v\u00e9r undir g\u00e6slu l\u00f6gm\u00e1lsins og v\u00f3rum vi\u00f0 \u00fea\u00f0 bundnir, \u00feanga\u00f0 til s\u00e1 tr\u00faarl\u00e6rd\u00f3mur, sem var \u00ed v\u00e6ndum, opinbera\u00f0ist.<a name=\"24\"><span class=\"versanumer\">24<\/span><\/a>\u00deannig var l\u00f6gm\u00e1li\u00f0 vor tyftunarmeistari \u00feanga\u00f0 til Kristur kom, svo a\u00f0 v\u00e9r af tr\u00fanni r\u00e9ttl\u00e6ttumst.<a name=\"25\"><span class=\"versanumer\">25<\/span><\/a>En n\u00fa, \u00fe\u00e1 \u00feessi tr\u00faarl\u00e6rd\u00f3mur er kominn, st\u00f6ndum v\u00e9r ekki lengur undir tyftunarmeistaranum,<a name=\"26\"><span class=\"versanumer\">26<\/span><\/a>\u00fev\u00ed a\u00f0 \u00fe\u00e9r eru\u00f0 allir or\u00f0nir Gu\u00f0s b\u00f6rn fyrir tr\u00fana \u00e1 Jes\u00fam Krist;<a name=\"27\"><span class=\"versanumer\">27<\/span><\/a>\u00fev\u00ed svo margir af y\u00f0ur, sem eru\u00f0 sk\u00edr\u00f0ir til a\u00f0 tr\u00faa \u00e1 Krist, \u00fe\u00e9r hafi\u00f0 \u00edkl\u00e6\u00f0st Kristi.<a name=\"28\"><span class=\"versanumer\">28<\/span><\/a>Hj\u00e1 honum gildir hi\u00f0 sama Gy\u00f0ingur og Grikki, \u00fer\u00e6ll og hinn frj\u00e1lsi, karl og kona; \u00fev\u00ed \u00fe\u00e9r eru\u00f0 allir eitt \u00ed Jes\u00fa Kristi.<a name=\"29\"><span class=\"versanumer\">29<\/span><\/a>En ef \u00fe\u00e9r eru\u00f0 Krists, \u00fe\u00e1 eru\u00f0 \u00fe\u00e9r og Abrahams ni\u00f0jar og erfingjar eftir fyrirheitinu.<\/p>\n<div class=\"footnoteVidey\">V. 2. Heilags anda gjafir. Post. gb. 2,38.  V. 3. d. \u00fe. e. \u00e1 \u00fev\u00ed fullkomna, nl. a\u00f0 hl\u00fd\u00f0nast Krists l\u00f6gm\u00e1li. e. \u00fe. e. \u00e1 \u00fev\u00ed \u00f3fullkomna, sbr. kap. 4,3.9. K\u00f3l. 2,16.17.  V. 4. f. nl. n\u00e1\u00f0arbo\u00f0skapurinn.  V. 5. R\u00f3m. 10,8.17.  V. 6. 1 M\u00f3s. b. 15,6. sbr. Jak. 2,23.  V. 7. R\u00f3m. 4,11.12.  V. 8. Post. gb. 15,9. 1 M\u00f3s. 12,3.18.  V. 10. 5 M\u00f3s. 27,26. sbr. R\u00f3m. 4,15.  V. 11. Kap. 2,16. g. Habak. 2,4.  V. 12. h. nl. var\u00f0veitir Gu\u00f0s bo\u00f0or\u00f0. 3 M\u00f3s. b. 18,5. Esek. 20,11. R\u00f3m. 10,5.  V. 13. 2 Kor. 5,21. i. l\u00ed\u00f0ur hi\u00f0 \u00feyngsta straff, sem l\u00f6gm\u00e1li\u00f0 tiltekur, 5 M\u00f3s. b. 21,23.  V. 14. 1 M\u00f3s. b. 12,3. 22,18. k. Es. 32,15. 44,3. l. Pgb. 2,17.18.23.  V. 15. Heb. 9,17.  V. 16. 1 M\u00f3s. b. 12,3. 1 M\u00f3s. b. 22,18.  V. 17. 2 M\u00f3s. b. 12,40. Post. gb. 7,6.  V. 19. R\u00f3m. 4,15. 5,26. Post. gb. 7,53. Hebr. 2,2. J\u00f3h. 1,17.  V. 20. a. afsprengi (spermatos) R\u00f3m. 4,9\u201312. Gal. 3,16\u201318.29. sbr. Matt. 3,9.  V. 21. v. 17.18. R\u00f3m. 8,2.4. V. 22. R\u00f3m. 3,9. 11,32.  V. 24. Matt. 5,17. Post. gb. 13,39. R\u00f3m. 10,4.  V. 26. Esa. 55,5. J\u00f3h. 1,12.  V. 27. R\u00f3m. 6,3. 13,14.  V. 28. R\u00f3m. 10,12. 3,22.29. 2,11. K\u00f3l. 3,11. Efes. 2,14.15.  V. 29. R\u00f3m. 9,7. 1 M\u00f3s. b. 21,12.<\/div>\n","protected":false},"excerpt":{"rendered":"<p>P\u00e1ll lastar Galats\u00edumenn, a\u00f0 \u00feeir aftur hafi sn\u00fai\u00f0 til hl\u00fd\u00f0ni vi\u00f0 l\u00f6gm\u00e1li\u00f0 og sannar af Abrahams d\u00e6mi, a\u00f0 Gu\u00f0s n\u00e1\u00f0 \u00f6\u00f0list fyrir tr\u00fa, en hv\u00f6rki fyrirheiti\u00f0 n\u00e9 l\u00f6ggj\u00f6fin hafi \u00f3n\u00fdst fyrir \u00fea\u00f0. 1\u00d3 \u00fe\u00e9r f\u00e1v\u00edsu Galatar! hv\u00f6r hefir villt sj\u00f3nir fyrir y\u00f0ur, fyrir hv\u00f6rra augum Jes\u00fas Kristur er svo sk\u00edrlega afm\u00e1la\u00f0ur, eins og v\u00e6ri hann me\u00f0al y\u00f0ar krossfestur.2Um \u00fea\u00f0 vil eg einungis fr\u00e6\u00f0ast af y\u00f0ur, hv\u00f6rt \u00fe\u00e9r hafi\u00f0 andann \u00f6\u00f0last fyrir verk l\u00f6gm\u00e1lsins ellegar fyrir bo\u00f0skap tr\u00faarinnar?3En hva\u00f0 \u00fe\u00e9r eru\u00f0 heimskir! \u00fe\u00e9r, sem byrju\u00f0u\u00f0 \u00ed andanum d), \u00e6tli\u00f0 \u00fe\u00e9r n\u00fa a\u00f0 enda \u00ed holdinu e)?4\u00c1 \u00fev\u00edl\u00edkt f) a\u00f0 hafa komi\u00f0 <a href=\"https:\/\/biblian.is\/videy\/galatabrefid-3-kafli\/\"> [&#8230;]<\/a><\/p>\n","protected":false},"author":1,"featured_media":0,"parent":0,"menu_order":0,"comment_status":"open","ping_status":"open","template":"bibliukaflar.php","meta":{"footnotes":""},"class_list":["post-21943","page","type-page","status-publish","hentry"],"_links":{"self":[{"href":"https:\/\/biblian.is\/videy\/wp-json\/wp\/v2\/pages\/21943","targetHints":{"allow":["GET"]}}],"collection":[{"href":"https:\/\/biblian.is\/videy\/wp-json\/wp\/v2\/pages"}],"about":[{"href":"https:\/\/biblian.is\/videy\/wp-json\/wp\/v2\/types\/page"}],"author":[{"embeddable":true,"href":"https:\/\/biblian.is\/videy\/wp-json\/wp\/v2\/users\/1"}],"replies":[{"embeddable":true,"href":"https:\/\/biblian.is\/videy\/wp-json\/wp\/v2\/comments?post=21943"}],"version-history":[{"count":0,"href":"https:\/\/biblian.is\/videy\/wp-json\/wp\/v2\/pages\/21943\/revisions"}],"wp:attachment":[{"href":"https:\/\/biblian.is\/videy\/wp-json\/wp\/v2\/media?parent=21943"}],"curies":[{"name":"wp","href":"https:\/\/api.w.org\/{rel}","templated":true}]}}