{"id":21935,"date":"2018-01-02T01:04:52","date_gmt":"2018-01-02T01:04:52","guid":{"rendered":"http:\/\/biblian.is\/videy\/sidara-korintubref-8-kafli\/"},"modified":"2018-01-02T01:04:52","modified_gmt":"2018-01-02T01:04:52","slug":"sidara-korintubref-8-kafli","status":"publish","type":"page","link":"https:\/\/biblian.is\/videy\/sidara-korintubref-8-kafli\/","title":{"rendered":"S\u00ed\u00f0ara Korintubr\u00e9f 8. kafli"},"content":{"rendered":"<div class=\"fyrirsognVidey\">P\u00e1ll hr\u00f3sar \u00f6rl\u00e6ti enna kristnu \u00ed Makedon\u00edu og upphvetur Korintumenn a\u00f0 feta \u00ed \u00feeirra f\u00f3tspor. Hr\u00f3sar T\u00edtus og bi\u00f0ur Korintumenn taka vel \u00e1 m\u00f3ti honum og br\u00e6\u00f0rum \u00feeim, sem me\u00f0 honum sendast.<\/div>\n<p><a name=\"1\"><span class=\"versanumer\">1<\/span><\/a>Enn framar l\u00e6t eg y\u00f0ur vita, br\u00e6\u00f0ur! \u00fe\u00e1 n\u00e1\u00f0 Gu\u00f0s, sem s\u00fdnt hefir sig \u00ed s\u00f6fnu\u00f0unum \u00ed Makedon\u00edu,<a name=\"2\"><span class=\"versanumer\">2<\/span><\/a>a\u00f0 \u00feeir, \u00fer\u00e1tt fyrir \u00fe\u00e6r miklu \u00ferengingar, sem \u00feeir hafa veri\u00f0 reyndir me\u00f0, hafa mikla g\u00f3\u00f0vild s\u00fdnt og \u00ed sinni miklu f\u00e1t\u00e6kt teki\u00f0 \u00f6\u00f0rum fram \u00ed gn\u00e6gu \u00f6rl\u00e6ti.<a name=\"3\"><span class=\"versanumer\">3<\/span><\/a>Eg gef \u00feeim \u00feann vitnisbur\u00f0, a\u00f0 \u00feeir gj\u00f6rt hafa \u00fea\u00f0 af sj\u00e1lfs d\u00e1\u00f0um, eftir efnum, j\u00e1 framyfir efni s\u00edn.<a name=\"4\"><span class=\"versanumer\">4<\/span><\/a>\u00deeir b\u00e1\u00f0u oss innilega fyrir g\u00e1fu \u00feeirra og samlagsgj\u00f6f handa kristnum <span class='VideyAth'>c)<\/span> og \u00feeir gj\u00f6r\u00f0u betur <span class='VideyAth'>d)<\/span> en v\u00e9r h\u00f6f\u00f0um v\u00e6nt,<a name=\"5\"><span class=\"versanumer\">5<\/span><\/a>\u00feeir g\u00e1fu sj\u00e1lfa sig, fyrst Drottni <span class='VideyAth'>e)<\/span> og \u00fear n\u00e6st oss eftir Gu\u00f0s vilja.<a name=\"6\"><span class=\"versanumer\">6<\/span><\/a>\u00dear fyrir ba\u00f0 eg T\u00edtus um, a\u00f0 hann, eins og hann haf\u00f0i byrja\u00f0, fullkomna\u00f0i einnig hj\u00e1 y\u00f0ur \u00feessa gj\u00f6f;<a name=\"7\"><span class=\"versanumer\">7<\/span><\/a>svo a\u00f0 eins og \u00fe\u00e9r \u00ed \u00f6llu eru\u00f0 afbrig\u00f0i, \u00ed tr\u00fa, l\u00e6rd\u00f3mi og \u00feekkingu, alls lags \u00e1stundun og elsku til vor, s\u00e9u\u00f0 \u00fe\u00e9r l\u00edka \u00f6\u00f0rum fremri \u00ed \u00feessari gjafmildi;<a name=\"8\"><span class=\"versanumer\">8<\/span><\/a>\u00feetta megi\u00f0 \u00fe\u00e9r ekki taka fyrir skipun, heldur segi eg \u00fea\u00f0 vegna \u00feess, a\u00f0 a\u00f0rir eru svo kappsamir og til \u00feess eg reyni hv\u00f6rt elska y\u00f0ar er einl\u00e6g.<a name=\"9\"><span class=\"versanumer\">9<\/span><\/a>\u00de\u00e9r \u00feekki\u00f0 g\u00e6sku Drottins vors Jes\u00fa Krists, a\u00f0 hann gj\u00f6r\u00f0ist f\u00e1t\u00e6kur y\u00f0ar vegna, \u00fe\u00f3 hann r\u00edkur v\u00e6ri, svo a\u00f0 \u00fe\u00e9r af hans f\u00e1t\u00e6kt au\u00f0gu\u00f0ust.<a name=\"10\"><span class=\"versanumer\">10<\/span><\/a>Eg segi m\u00edna meiningu h\u00e9r um: \u00fea\u00f0 gagnar y\u00f0ur, sem \u00feegar \u00ed fyrra byrju\u00f0u\u00f0, ekki einungis a\u00f0 gj\u00f6ra, heldur og a\u00f0 vilja <span class='VideyAth'>f)<\/span>.<a name=\"11\"><span class=\"versanumer\">11<\/span><\/a>Fullkomni\u00f0 n\u00fa og verki\u00f0 sj\u00e1lft, svo a\u00f0 eins og viljinn er f\u00fas, eins s\u00e9 og framkv\u00e6mdin eftir efnunum;<a name=\"12\"><span class=\"versanumer\">12<\/span><\/a>\u00fev\u00ed ef viljinn er g\u00f3\u00f0ur, \u00fe\u00e1 er hv\u00f6r \u00feakkn\u00e6mur eftir \u00fev\u00ed, sem efni hans leyfa, en ekki fram yfir \u00fea\u00f0.<a name=\"13\"><span class=\"versanumer\">13<\/span><\/a>Ekki er \u00fea\u00f0 meining m\u00edn, a\u00f0 a\u00f0rir skuli hafa h\u00e6g\u00f0, en \u00fe\u00e9r \u00fer\u00f6ng,<a name=\"14\"><span class=\"versanumer\">14<\/span><\/a>heldur a\u00f0 j\u00f6fnu\u00f0ur \u00e1 ver\u00f0i og gn\u00e6g\u00f0 y\u00f0ar \u00e1 n\u00e6rverandi t\u00edma, b\u00e6ti \u00far hinna skorti, svo hinna gn\u00e6g\u00f0 aftur b\u00e6ti \u00far y\u00f0ar skorti og \u00feannig ver\u00f0i j\u00f6fnu\u00f0ur,<a name=\"15\"><span class=\"versanumer\">15<\/span><\/a>eins og skrifa\u00f0 er: s\u00e1, sem meira safna\u00f0i, haf\u00f0i ekki afgangs og s\u00e1, sem minna safna\u00f0i haf\u00f0i ekki skort. <br \/><a name=\"16\"><span class=\"versanumer\">16<\/span><\/a>En \u00feakkir s\u00e9u Gu\u00f0i, er gefi\u00f0 hefir T\u00edt\u00ed hjarta \u00fev\u00edl\u00edka umhyggju fyrir y\u00f0ur,<a name=\"17\"><span class=\"versanumer\">17<\/span><\/a>a\u00f0 hann ekki einungis l\u00e9t eftir vorum tilm\u00e6lum, heldur er sj\u00e1lfur mj\u00f6g \u00e1kafur og fer sj\u00e1lfviljuglega til y\u00f0ar.<a name=\"18\"><span class=\"versanumer\">18<\/span><\/a>Me\u00f0 honum sendum v\u00e9r \u00feann br\u00f3\u00f0ur, er v\u00ed\u00f0fr\u00e6gur er \u00ed \u00f6llum s\u00f6fnu\u00f0um fyrir n\u00e1\u00f0arbo\u00f0skapinn;<a name=\"19\"><span class=\"versanumer\">19<\/span><\/a>en ekki einungis \u00fea\u00f0, heldur er hann og \u00fatvalinn af s\u00f6fnu\u00f0unum, til a\u00f0 fara me\u00f0 oss me\u00f0 \u00feessa g\u00e1fu, er v\u00e9r h\u00f6fum samandregi\u00f0, Drottni sj\u00e1lfum til d\u00fdr\u00f0ar og til merkis upp \u00e1 vorn f\u00fasa vilja \u00fear til.<a name=\"20\"><span class=\"versanumer\">20<\/span><\/a>V\u00e9r h\u00f6gum \u00fev\u00ed svo til \u00feess enginn geti lasta\u00f0 me\u00f0fer\u00f0 vora \u00e1 \u00feessari r\u00edkuglegu g\u00e1fu, er v\u00e9r h\u00f6fum komi\u00f0 til lei\u00f0ar.<a name=\"21\"><span class=\"versanumer\">21<\/span><\/a>V\u00e9r stundum \u00fea\u00f0, sem gott er, ekki einungis fyrir Drottni, heldur og fyrir m\u00f6nnum.<a name=\"22\"><span class=\"versanumer\">22<\/span><\/a>Me\u00f0 \u00feessum sendum v\u00e9r annan br\u00f3\u00f0ur vorn, er v\u00e9r \u00ed m\u00f6rgu og oftsinnis h\u00f6fum reynt kostg\u00e6finn, og n\u00fa enn framar kostg\u00e6finn, vegna \u00feess mikla trausts, er hann hefir til y\u00f0ar.<a name=\"23\"><span class=\"versanumer\">23<\/span><\/a>Hva\u00f0 T\u00edtus \u00e1hr\u00e6rir, er hann vor me\u00f0br\u00f3\u00f0ir, og me\u00f0hj\u00e1lpari hj\u00e1 y\u00f0ur og hva\u00f0 hina br\u00e6\u00f0ur vora snertir, \u00fe\u00e1 eru \u00feeir safna\u00f0anna postular og kristninnar s\u00f3mi.<a name=\"24\"><span class=\"versanumer\">24<\/span><\/a>Au\u00f0s\u00fdni\u00f0 \u00feessum fyrir safna\u00f0anna augs\u00fdn merki upp \u00e1 elsku y\u00f0ar og \u00feann lofst\u00edr, er v\u00e9r h\u00f6fum gefi\u00f0 y\u00f0ur.<\/p>\n<div class=\"footnoteVidey\">V. 2. 1 Tess. 2,14. 2 Tess. 1,4.5. Fil. 4,15. og f.  V. 4. c. nl. b\u00e1\u00f0u oss fara me\u00f0 \u00feessa g\u00e1fu til Gy\u00f0ingalands. d. \u00fe. e. g\u00e1fu meira. samanb. Post. g. b. 11,28.29.  V. 5. e. \u00fe. e. Kristi.  V. 9. L\u00fak. 9,58. Fil. 2,7. Hebr. 12,2. sbr. 9,10. \u00fe. e. \u00ed \u00feekkingu, dygg\u00f0 og fars\u00e6ld.  V. 10. f. nl. me\u00f0 f\u00fasu ge\u00f0i. Kap. 9,2.  V. 11. Jak. 2,15.16. Or\u00f0sk. b. 3,28.  V. 12. 1 J\u00f3h. 3,17. samanb. Mark. 12,43. L\u00fak. 3,11. 5 M\u00f3s. b. 15,7.  V. 15. 2 M\u00f3s. b. 16,18.  V. 20. \u00fe. e. leitt \u00ed grun, a\u00f0 v\u00e9r h\u00f6fum dregi\u00f0 nokku\u00f0 af henni undir sj\u00e1lfa oss.  V. 21. Filipp. 4,8. 1 P\u00e9t. 2,12.<\/div>\n","protected":false},"excerpt":{"rendered":"<p>P\u00e1ll hr\u00f3sar \u00f6rl\u00e6ti enna kristnu \u00ed Makedon\u00edu og upphvetur Korintumenn a\u00f0 feta \u00ed \u00feeirra f\u00f3tspor. Hr\u00f3sar T\u00edtus og bi\u00f0ur Korintumenn taka vel \u00e1 m\u00f3ti honum og br\u00e6\u00f0rum \u00feeim, sem me\u00f0 honum sendast. 1Enn framar l\u00e6t eg y\u00f0ur vita, br\u00e6\u00f0ur! \u00fe\u00e1 n\u00e1\u00f0 Gu\u00f0s, sem s\u00fdnt hefir sig \u00ed s\u00f6fnu\u00f0unum \u00ed Makedon\u00edu,2a\u00f0 \u00feeir, \u00fer\u00e1tt fyrir \u00fe\u00e6r miklu \u00ferengingar, sem \u00feeir hafa veri\u00f0 reyndir me\u00f0, hafa mikla g\u00f3\u00f0vild s\u00fdnt og \u00ed sinni miklu f\u00e1t\u00e6kt teki\u00f0 \u00f6\u00f0rum fram \u00ed gn\u00e6gu \u00f6rl\u00e6ti.3Eg gef \u00feeim \u00feann vitnisbur\u00f0, a\u00f0 \u00feeir gj\u00f6rt hafa \u00fea\u00f0 af sj\u00e1lfs d\u00e1\u00f0um, eftir efnum, j\u00e1 framyfir efni s\u00edn.4\u00deeir b\u00e1\u00f0u oss innilega fyrir g\u00e1fu <a href=\"https:\/\/biblian.is\/videy\/sidara-korintubref-8-kafli\/\"> [&#8230;]<\/a><\/p>\n","protected":false},"author":1,"featured_media":0,"parent":0,"menu_order":0,"comment_status":"open","ping_status":"open","template":"bibliukaflar.php","meta":{"footnotes":""},"class_list":["post-21935","page","type-page","status-publish","hentry"],"_links":{"self":[{"href":"https:\/\/biblian.is\/videy\/wp-json\/wp\/v2\/pages\/21935","targetHints":{"allow":["GET"]}}],"collection":[{"href":"https:\/\/biblian.is\/videy\/wp-json\/wp\/v2\/pages"}],"about":[{"href":"https:\/\/biblian.is\/videy\/wp-json\/wp\/v2\/types\/page"}],"author":[{"embeddable":true,"href":"https:\/\/biblian.is\/videy\/wp-json\/wp\/v2\/users\/1"}],"replies":[{"embeddable":true,"href":"https:\/\/biblian.is\/videy\/wp-json\/wp\/v2\/comments?post=21935"}],"version-history":[{"count":0,"href":"https:\/\/biblian.is\/videy\/wp-json\/wp\/v2\/pages\/21935\/revisions"}],"wp:attachment":[{"href":"https:\/\/biblian.is\/videy\/wp-json\/wp\/v2\/media?parent=21935"}],"curies":[{"name":"wp","href":"https:\/\/api.w.org\/{rel}","templated":true}]}}