{"id":21930,"date":"2018-01-02T01:04:52","date_gmt":"2018-01-02T01:04:52","guid":{"rendered":"http:\/\/biblian.is\/videy\/sidara-korintubref-3-kafli\/"},"modified":"2018-01-02T01:04:52","modified_gmt":"2018-01-02T01:04:52","slug":"sidara-korintubref-3-kafli","status":"publish","type":"page","link":"https:\/\/biblian.is\/videy\/sidara-korintubref-3-kafli\/","title":{"rendered":"S\u00ed\u00f0ara Korintubr\u00e9f 3. kafli"},"content":{"rendered":"<div class=\"fyrirsognVidey\">P\u00e1ll talar um vegsemd kristnibo\u00f0araemb\u00e6ttisins og um \u00fe\u00e1 dj\u00f6rfung er \u00fev\u00ed fylgi.<\/div>\n<p><a name=\"1\"><span class=\"versanumer\">1<\/span><\/a>Munum v\u00e9r aftur vera farnir a\u00f0 h\u00e6la oss sj\u00e1lfum? e\u00f0ur munum v\u00e9r \u00feess vi\u00f0\u00feurfa eins og sumir, a\u00f0 f\u00e1 h\u00f3lsbr\u00e9f til y\u00f0ar e\u00f0ur fr\u00e1 y\u00f0ur til annarra?<a name=\"2\"><span class=\"versanumer\">2<\/span><\/a>\u00de\u00e9r eru\u00f0 vort br\u00e9f skrifa\u00f0 \u00ed vor hj\u00f6rtu, lesi\u00f0 og alkunnugt \u00f6llum m\u00f6nnum;<a name=\"3\"><span class=\"versanumer\">3<\/span><\/a>\u00fev\u00ed alkunnugt er, a\u00f0 \u00fe\u00e9r eru\u00f0 Krists br\u00e9f af oss rita\u00f0, ekki me\u00f0 bleki, heldur lifanda Gu\u00f0s anda, ekki \u00e1 steinspj\u00f6ld, heldur hjartans holdspj\u00f6ld.<a name=\"4\"><span class=\"versanumer\">4<\/span><\/a>\u00deetta traust h\u00f6fum v\u00e9r til Gu\u00f0s vegna Krists.<a name=\"5\"><span class=\"versanumer\">5<\/span><\/a>Ekki svo, a\u00f0 v\u00e9r af sj\u00e1lfum oss h\u00e6fir s\u00e9um a\u00f0 huglei\u00f0a svo sem af sj\u00e1lfum oss, heldur er vor h\u00e6filegleiki fr\u00e1 Gu\u00f0i;<a name=\"6\"><span class=\"versanumer\">6<\/span><\/a>hann hefir gj\u00f6rt oss h\u00e6fa til a\u00f0 vera \u00fej\u00f3na \u00feess n\u00fdja s\u00e1ttm\u00e1la, ekki b\u00f3kstafsins, heldur andans; \u00fev\u00ed b\u00f3kstafurinn dey\u00f0ir, en andinn l\u00edfgar.<a name=\"7\"><span class=\"versanumer\">7<\/span><\/a>En ef \u00fej\u00f3nusta, sem \u00e1 steina var kl\u00f6ppu\u00f0 var svo d\u00fdr\u00f0leg, a\u00f0 \u00cdsraelssynir ekki \u00feoldu a\u00f0 horfa \u00e1 M\u00f3sis andlit fyrir bjartleiks sakir, er \u00fe\u00f3 \u00e1tti a\u00f0 \u00feverra;<a name=\"8\"><span class=\"versanumer\">8<\/span><\/a>hv\u00f6rsu miklu d\u00fdr\u00f0legri mun \u00fe\u00e1 ver\u00f0a \u00fej\u00f3nusta andans?<a name=\"9\"><span class=\"versanumer\">9<\/span><\/a>Ef \u00fej\u00f3nusta \u00feess, sem ford\u00e6mir, var svona d\u00fdr\u00f0leg, \u00fe\u00e1 mun \u00fej\u00f3nusta \u00feess, sem r\u00e9ttl\u00e6tinguna bo\u00f0ar, miklu d\u00fdr\u00f0legri vera,<a name=\"10\"><span class=\"versanumer\">10<\/span><\/a>svo a\u00f0 hi\u00f0 d\u00fdr\u00f0lega er a\u00f0 \u00feessu leyti ekki d\u00fdr\u00f0legt \u00ed samanbur\u00f0i vi\u00f0 hins yfirgn\u00e6fandi d\u00fdr\u00f0.<a name=\"11\"><span class=\"versanumer\">11<\/span><\/a>Ef \u00fea\u00f0, sem afm\u00e1st \u00e1tti, var d\u00fdr\u00f0legt, hv\u00f6rsu miklu framar \u00fe\u00e1 \u00fea\u00f0, sem varanlegt er.<a name=\"12\"><span class=\"versanumer\">12<\/span><\/a>Me\u00f0 \u00fev\u00ed v\u00e9r h\u00f6fum \u00feessa von, svo t\u00f6lum v\u00e9r alldjarflega,<a name=\"13\"><span class=\"versanumer\">13<\/span><\/a>og ekki eins og M\u00f3ses, er hengdi sk\u00fdlu fyrir andlit sitt, svo a\u00f0 \u00cdsraelssynir skyldu ekki sj\u00e1 endalok ens forgengilega.<a name=\"14\"><span class=\"versanumer\">14<\/span><\/a>Enda hefir skilningur \u00feeirra slj\u00f3vskyggn veri\u00f0, \u00fev\u00ed allt til \u00feessa dags vi\u00f0varir hin sama sk\u00fdla \u00f3burttekin undir gamla s\u00e1ttm\u00e1lans letri, \u00fev\u00ed einungis me\u00f0 Kristi <span class='VideyAth'>a)<\/span> ver\u00f0ur h\u00fan burttekin.<a name=\"15\"><span class=\"versanumer\">15<\/span><\/a>En allt til \u00feessa dags hv\u00edlir sk\u00fdla yfir skilningi \u00feeirra, \u00feegar M\u00f3ses l\u00f6gm\u00e1l er lesi\u00f0;<a name=\"16\"><span class=\"versanumer\">16<\/span><\/a>en ef a\u00f0 \u00feeir sneru s\u00e9r til Drottins mundi sk\u00fdlan burttakast.<a name=\"17\"><span class=\"versanumer\">17<\/span><\/a>Drottinn er andi, en hvar hans andi er, \u00fear er frelsi.<a name=\"18\"><span class=\"versanumer\">18<\/span><\/a>En v\u00e9r allir er sko\u00f0um, svo sem \u00ed spegli <span class='VideyAth'>a)<\/span> me\u00f0 beru andliti <span class='VideyAth'>b)<\/span> Drottins d\u00fdr\u00f0 <span class='VideyAth'>c)<\/span>, ummyndustum <span class='VideyAth'>d)<\/span>, svo sem af Drottins anda, eftir \u00feessari s\u00f6mu mynd til meiri og meiri d\u00fdr\u00f0ar.<\/p>\n<div class=\"footnoteVidey\">V. 2. 1 Kor. 1 Kor. 9,2.  V. 3. 2 M\u00f3s. b. 24,12. Esekk. 11,19.  V. 6. sbr. R\u00f3m. 4,15. 3,20.21. 7,7\u201311.  V. 7. 2 M\u00f3s. b. 34,29\u201335.  V. 10. M\u00f3sis tr\u00fa, ennar kristilegu tr\u00faar.  V. 11. Hebr. 12,25\u201328.  V. 13. 2 M\u00f3s. b. 34,33.35.  V. 14. a. \u00fe. e. \u00feekkingu hans l\u00e6rd\u00f3ms.  V. 16. 1 Kor. 2,14\u201316.  V. 17. J\u00f3h. 4,24.  V. 18. a. nl. \u00ed \u00f3fullkomlegleika. 1 Kor. 13,12. b. sj\u00e1 v. 14. c. \u00fe. e. Gu\u00f0s. d. 1 J\u00f3h. 3,2. 6,9. R\u00f3m. 8,29.<\/div>\n","protected":false},"excerpt":{"rendered":"<p>P\u00e1ll talar um vegsemd kristnibo\u00f0araemb\u00e6ttisins og um \u00fe\u00e1 dj\u00f6rfung er \u00fev\u00ed fylgi. 1Munum v\u00e9r aftur vera farnir a\u00f0 h\u00e6la oss sj\u00e1lfum? e\u00f0ur munum v\u00e9r \u00feess vi\u00f0\u00feurfa eins og sumir, a\u00f0 f\u00e1 h\u00f3lsbr\u00e9f til y\u00f0ar e\u00f0ur fr\u00e1 y\u00f0ur til annarra?2\u00de\u00e9r eru\u00f0 vort br\u00e9f skrifa\u00f0 \u00ed vor hj\u00f6rtu, lesi\u00f0 og alkunnugt \u00f6llum m\u00f6nnum;3\u00fev\u00ed alkunnugt er, a\u00f0 \u00fe\u00e9r eru\u00f0 Krists br\u00e9f af oss rita\u00f0, ekki me\u00f0 bleki, heldur lifanda Gu\u00f0s anda, ekki \u00e1 steinspj\u00f6ld, heldur hjartans holdspj\u00f6ld.4\u00deetta traust h\u00f6fum v\u00e9r til Gu\u00f0s vegna Krists.5Ekki svo, a\u00f0 v\u00e9r af sj\u00e1lfum oss h\u00e6fir s\u00e9um a\u00f0 huglei\u00f0a svo sem af sj\u00e1lfum oss, heldur er vor h\u00e6filegleiki <a href=\"https:\/\/biblian.is\/videy\/sidara-korintubref-3-kafli\/\"> [&#8230;]<\/a><\/p>\n","protected":false},"author":1,"featured_media":0,"parent":0,"menu_order":0,"comment_status":"open","ping_status":"open","template":"bibliukaflar.php","meta":{"footnotes":""},"class_list":["post-21930","page","type-page","status-publish","hentry"],"_links":{"self":[{"href":"https:\/\/biblian.is\/videy\/wp-json\/wp\/v2\/pages\/21930","targetHints":{"allow":["GET"]}}],"collection":[{"href":"https:\/\/biblian.is\/videy\/wp-json\/wp\/v2\/pages"}],"about":[{"href":"https:\/\/biblian.is\/videy\/wp-json\/wp\/v2\/types\/page"}],"author":[{"embeddable":true,"href":"https:\/\/biblian.is\/videy\/wp-json\/wp\/v2\/users\/1"}],"replies":[{"embeddable":true,"href":"https:\/\/biblian.is\/videy\/wp-json\/wp\/v2\/comments?post=21930"}],"version-history":[{"count":0,"href":"https:\/\/biblian.is\/videy\/wp-json\/wp\/v2\/pages\/21930\/revisions"}],"wp:attachment":[{"href":"https:\/\/biblian.is\/videy\/wp-json\/wp\/v2\/media?parent=21930"}],"curies":[{"name":"wp","href":"https:\/\/api.w.org\/{rel}","templated":true}]}}