{"id":21903,"date":"2018-01-02T01:04:40","date_gmt":"2018-01-02T01:04:40","guid":{"rendered":"http:\/\/biblian.is\/videy\/romverjabrefid-8-kafli\/"},"modified":"2018-01-02T01:04:40","modified_gmt":"2018-01-02T01:04:40","slug":"romverjabrefid-8-kafli","status":"publish","type":"page","link":"https:\/\/biblian.is\/videy\/romverjabrefid-8-kafli\/","title":{"rendered":"R\u00f3mverjabr\u00e9fi\u00f0 8. kafli"},"content":{"rendered":"<div class=\"fyrirsognVidey\">Ford\u00e6mingin n\u00e6r ekki til kristinna, ef andinn Krists og ekki holdi\u00f0 stj\u00f3rnar \u00feeim. S\u00e1 sami andi gj\u00f6rir \u00fe\u00e1 vissa um barnar\u00e9ttinn, veitir \u00feeim gle\u00f0i \u00ed m\u00f3tgangi, hughreystir \u00fe\u00e1 me\u00f0 Gu\u00f0s elsku, fr\u00e1 hv\u00f6rri enginn hlutur f\u00e6r \u00fe\u00e1 skili\u00f0.<\/div>\n<p><a name=\"1\"><span class=\"versanumer\">1<\/span><\/a>Svo er n\u00fa engin fyrird\u00e6ming yfir \u00feeim, sem eru \u00ed Kristi Jes\u00fa, hv\u00f6rjir ei ganga eftir holdinu, heldur eftir andanum;<a name=\"2\"><span class=\"versanumer\">2<\/span><\/a>\u00fev\u00ed a\u00f0 l\u00f6gm\u00e1li\u00f0 l\u00edfgunar andans \u00ed Krist\u00f3 hefir frelsa\u00f0 mig fr\u00e1 l\u00f6gm\u00e1li syndarinnar og dau\u00f0ans;<a name=\"3\"><span class=\"versanumer\">3<\/span><\/a>\u00fev\u00ed hva\u00f0 <span class='VideyAth'>a)<\/span> l\u00f6gm\u00e1linu var \u00f3m\u00f6gulegt, af \u00fev\u00ed \u00fea\u00f0 var\u00f0 <span class='VideyAth'>b)<\/span> vanm\u00e1ttugt vegna holdsins, \u00fea\u00f0 gj\u00f6r\u00f0i Gu\u00f0, \u00feegar hann me\u00f0 a\u00f0 senda sinn Son \u00ed l\u00edkingu syndugs holds og <span class='VideyAth'>c)<\/span> til syndaf\u00f3rnar ford\u00e6mdi <span class='VideyAth'>(straffa\u00f0i)<\/span> syndina \u00e1 holdinu,<a name=\"4\"><span class=\"versanumer\">4<\/span><\/a>svo a\u00f0 r\u00e9ttl\u00e6ti l\u00f6gm\u00e1lsins uppfylltist \u00ed oss, sem ekki g\u00f6ngum eftir holdinu, heldur eftir andanum;<a name=\"5\"><span class=\"versanumer\">5<\/span><\/a>\u00fev\u00ed a\u00f0 \u00feeir, sem eru eftir holdinu, hugsa um \u00fea\u00f0 sem holdsins er, en hinir sem eru eftir andanum, \u00fea\u00f0 sem andlegt er;<a name=\"6\"><span class=\"versanumer\">6<\/span><\/a>\u00fev\u00ed holdsins sinna er dau\u00f0i, en andans sinna er l\u00edf og fri\u00f0ur,<a name=\"7\"><span class=\"versanumer\">7<\/span><\/a>vegna \u00feess a\u00f0 sinna holdsins er fjandskapur \u00ed gegn Gu\u00f0i, \u00fev\u00ed a\u00f0 hv\u00f6rki skipast h\u00fan undir Gu\u00f0s l\u00f6gm\u00e1l, n\u00e9 getur \u00fea\u00f0.<a name=\"8\"><span class=\"versanumer\">8<\/span><\/a>En \u00feeir e\u00f0 \u00ed holdinu eru, geta ekki Gu\u00f0i \u00fe\u00f3knast.<a name=\"9\"><span class=\"versanumer\">9<\/span><\/a>En \u00fe\u00e9r eru\u00f0 ekki \u00ed holdinu heldur \u00ed andanum, svo framt andi Gu\u00f0s b\u00fdr \u00ed y\u00f0ur; en ef nokkur ekki hefir anda Krists, s\u00e1 er ekki hans.<a name=\"10\"><span class=\"versanumer\">10<\/span><\/a>En ef Kristur er \u00ed y\u00f0ur, \u00fe\u00e1 er a\u00f0 s\u00f6nnu l\u00edkaminn dau\u00f0ur vegna syndarinnar, en andinn er l\u00edf fyrir r\u00e9ttl\u00e6tis sakir;<a name=\"11\"><span class=\"versanumer\">11<\/span><\/a>en ef andi hans, sem <span class='VideyAth'>d)<\/span> uppvakti Jes\u00fam fr\u00e1 dau\u00f0um <span class='VideyAth'>e)<\/span> b\u00fdr \u00ed y\u00f0ur, \u00fe\u00e1 mun hann, sem uppvakti Krist fr\u00e1 dau\u00f0um, <span class='VideyAth'>f)<\/span> lifandi gj\u00f6ra einnin y\u00f0ar dau\u00f0legu l\u00edkami fyrir \u00feann hans anda, sem b\u00fdr \u00ed y\u00f0ur.<a name=\"12\"><span class=\"versanumer\">12<\/span><\/a>\u00dear fyrir, br\u00e6\u00f0ur! erum v\u00e9r ekki skuldunautar vi\u00f0 holdi\u00f0, til a\u00f0 lifa eftir holdinu,<a name=\"13\"><span class=\"versanumer\">13<\/span><\/a>\u00fev\u00ed a\u00f0 ef \u00fe\u00e9r lifi\u00f0 eftir holdinu, munu\u00f0 \u00fe\u00e9r deyja, en ef \u00fe\u00e9r dey\u00f0i\u00f0 fyrir andann l\u00edkamans gj\u00f6r\u00f0ir, munu\u00f0 \u00fe\u00e9r lifa. <br \/><a name=\"14\"><span class=\"versanumer\">14<\/span><\/a>\u00dev\u00ed, svo margir, sem lei\u00f0ast af Gu\u00f0s anda, \u00feeir eru Gu\u00f0s b\u00f6rn;<a name=\"15\"><span class=\"versanumer\">15<\/span><\/a>\u00fev\u00ed a\u00f0 \u00fe\u00e9r hafi\u00f0 ekki me\u00f0teki\u00f0 \u00fer\u00e6ld\u00f3msanda aftur til hr\u00e6\u00f0slu, heldur hafi\u00f0 \u00fe\u00e9r me\u00f0teki\u00f0 sona\u00fatvalningaranda, \u00ed hv\u00f6rjum v\u00e9r k\u00f6llum Abba! Fa\u00f0ir!<a name=\"16\"><span class=\"versanumer\">16<\/span><\/a>s\u00e1 sami andi ber vitnisbur\u00f0 vorum anda, a\u00f0 v\u00e9r erum Gu\u00f0s b\u00f6rn,<a name=\"17\"><span class=\"versanumer\">17<\/span><\/a>en ef b\u00f6rn, \u00fe\u00e1 og svo erfingjar, j\u00e1, erfingjar Gu\u00f0s en samarfar Krists, ef v\u00e9r l\u00ed\u00f0um me\u00f0 honum, a\u00f0 v\u00e9r ver\u00f0um einninn me\u00f0 honum vegsamlegir gj\u00f6r\u00f0ir.<a name=\"18\"><span class=\"versanumer\">18<\/span><\/a>\u00dev\u00ed a\u00f0 eg reikna, a\u00f0 m\u00f3tl\u00e6tingar n\u00faveranda t\u00edma s\u00e9u ekki ver\u00f0ar \u00feeirrar d\u00fdr\u00f0ar, sem vi\u00f0 oss mun opinber ver\u00f0a;<a name=\"19\"><span class=\"versanumer\">19<\/span><\/a>\u00fev\u00ed a\u00f0 eftirl\u00f6ngun skepnunnar b\u00ed\u00f0ur eftir opinberun Gu\u00f0s barna,\u2014<a name=\"20\"><span class=\"versanumer\">20<\/span><\/a>\u00fev\u00ed a\u00f0 skepnan er undirorpin h\u00e9g\u00f3manum, ekki viljug, heldur fyrir hans sakir, sem hana hefir undirlagt\u2014<a name=\"21\"><span class=\"versanumer\">21<\/span><\/a>\u00ed von um, a\u00f0 og svo skepnan sj\u00e1lf muni fr\u00edu\u00f0 ver\u00f0a fr\u00e1 ves\u00e6lum \u00fer\u00e6ld\u00f3mi til d\u00fdr\u00f0arlegs frelsis Gu\u00f0s barna.<a name=\"22\"><span class=\"versanumer\">22<\/span><\/a>\u00dev\u00ed v\u00e9r vitum a\u00f0 \u00f6ll skepnan til samans stynur og ber f\u00e6\u00f0ingarharmkv\u00e6li allt til \u00feessa;<a name=\"23\"><span class=\"versanumer\">23<\/span><\/a>og ekki einungis h\u00fan, heldur og \u00feeir, sem hafa andans frumv\u00f6xt og svo v\u00e9r sj\u00e1lfir skynjum me\u00f0 oss, b\u00ed\u00f0andi eftir sona\u00fatvalningunni, endurlausn vors l\u00edkama.<a name=\"24\"><span class=\"versanumer\">24<\/span><\/a>\u00dev\u00ed a\u00f0 \u00ed voninni erum v\u00e9r frelsa\u00f0ir, en von, sem s\u00e9st, er ekki von, \u00fev\u00ed a\u00f0 hva\u00f0 einn s\u00e9r, hv\u00f6rninn skyldi hann undir eins v\u00e6nta \u00feess?<a name=\"25\"><span class=\"versanumer\">25<\/span><\/a>en ef v\u00e9r v\u00e6ntum \u00feess, sem v\u00e9r ekki sj\u00e1um, \u00fe\u00e1 b\u00ed\u00f0um v\u00e9r \u00feess me\u00f0 \u00feolinm\u00e6\u00f0i.<a name=\"26\"><span class=\"versanumer\">26<\/span><\/a>En s\u00f6mulei\u00f0is andinn kemur og svo vorum \u00f3styrkleika til hj\u00e1lpar, \u00fev\u00ed hva\u00f0 v\u00e9r skulum um bi\u00f0ja, svo sem ber, vitum v\u00e9r ekki, \u00fe\u00e1 gengur sami andi \u00ed milli fyrir oss me\u00f0 or\u00f0lausum andv\u00f6rpunum;<a name=\"27\"><span class=\"versanumer\">27<\/span><\/a>en hann, sem rannsakar hj\u00f6rtun, veit hv\u00f6r er andans sinna, \u00fev\u00ed hann gengur \u00ed milli eftir Gu\u00f0s vilja fyrir heilaga.<br \/><a name=\"28\"><span class=\"versanumer\">28<\/span><\/a>En v\u00e9r vitum a\u00f0 \u00feeim, sem <span class='VideyAth'>a)<\/span> Gu\u00f0 elska, \u00fe\u00e9nar allt til g\u00f3\u00f0s, \u00feeim, sem <span class='VideyAth'>b)<\/span> eftir fyrir\u00e6tlun kalla\u00f0ir eru;<a name=\"29\"><span class=\"versanumer\">29<\/span><\/a>\u00fev\u00ed a\u00f0 hv\u00f6rja hann fyrirfram \u00feekkti, hefir hann og <span class='VideyAth'>c)<\/span> fyrirfram til\u00e6tla\u00f0 a\u00f0 \u00feeir skyldu ver\u00f0a saml\u00edkir mynd s\u00edns Sonar, svo a\u00f0 hann s\u00e9 <span class='VideyAth'>d)<\/span> frumbur\u00f0ur milli margra br\u00e6\u00f0ra.<a name=\"30\"><span class=\"versanumer\">30<\/span><\/a>En hv\u00f6rja hann fyrirfram til\u00e6tla\u00f0i, \u00fe\u00e1 hefir hann og kalla\u00f0, en hv\u00f6rja hann kalla\u00f0i, \u00fe\u00e1 hefir hann og r\u00e9ttl\u00e6tt, en hv\u00f6rja hann r\u00e9ttl\u00e6tti, \u00fe\u00e1 hefir hann einninn vegsamlega gj\u00f6rt.<a name=\"31\"><span class=\"versanumer\">31<\/span><\/a>Hva\u00f0 skulum v\u00e9r til \u00feessa segja? ef Gu\u00f0 er me\u00f0 oss, hv\u00f6r megnar \u00fe\u00e1 m\u00f3ti oss?<a name=\"32\"><span class=\"versanumer\">32<\/span><\/a>hann, sem ekki \u00feyrmdi s\u00ednum eigin Syni, heldur gaf hann \u00fat fyrir oss alla, hv\u00ed skyldi hann ekki og svo gefa oss allt me\u00f0 honum?<a name=\"33\"><span class=\"versanumer\">33<\/span><\/a>Hv\u00f6r vill \u00e1saka Gu\u00f0s \u00fatvalda? Gu\u00f0 er s\u00e1, sem r\u00e9ttl\u00e6tir;<a name=\"34\"><span class=\"versanumer\">34<\/span><\/a>hv\u00f6r er, <span class='VideyAth'>e)<\/span> sem ford\u00e6mir? Kristur er s\u00e1, sem d\u00e1inn er, j\u00e1, miklu meira, sem l\u00edka er upprisinn, hv\u00f6r og er \u00e1 <span class='VideyAth'>f)<\/span> h\u00e6gri h\u00f6nd Gu\u00f0i, hv\u00f6r e\u00f0 einninn er <span class='VideyAth'>g)<\/span> me\u00f0algangari fyrir oss.<a name=\"35\"><span class=\"versanumer\">35<\/span><\/a>Hv\u00f6r mun skilja oss vi\u00f0 k\u00e6rleikann til Krists? \u00dej\u00e1ning e\u00f0a \u00ferenging? e\u00f0a ofs\u00f3kn? e\u00f0a hungur? e\u00f0a nekt? e\u00f0a h\u00e1ski? e\u00f0a sver\u00f0?<a name=\"36\"><span class=\"versanumer\">36<\/span><\/a>svo sem skrifa\u00f0 er: \u00fe\u00edn vegna ver\u00f0um v\u00e9r deyddir allan daginn, v\u00e9r reikna\u00f0ir sem sl\u00e1trunarf\u00e9.<a name=\"37\"><span class=\"versanumer\">37<\/span><\/a>En \u00ed \u00f6llu \u00feessu meir en sigrum v\u00e9r fyrir a\u00f0sto\u00f0 hans, sem elska\u00f0i oss.<a name=\"38\"><span class=\"versanumer\">38<\/span><\/a>\u00dev\u00ed eg er \u00feess fullviss, a\u00f0 hv\u00f6rki dau\u00f0i n\u00e9 l\u00edf, hv\u00f6rki englar n\u00e9 h\u00f6f\u00f0ingjad\u00e6mi n\u00e9 v\u00f6ld, hv\u00f6rki hi\u00f0 n\u00e6rveranda n\u00e9 eftirkomanda,<a name=\"39\"><span class=\"versanumer\">39<\/span><\/a>hv\u00f6rki h\u00e6\u00f0 n\u00e9 d\u00fdpt e\u00f0a nokkur \u00f6nnur skepna mun geta skili\u00f0 oss vi\u00f0 Gu\u00f0s k\u00e6rleika, sem er \u00ed Krist\u00f3 Jes\u00fa vorum Drottni.<\/p>\n<div class=\"footnoteVidey\">V. 1. Kap. 10,4. 2 Kor. 5,17. Gal. 5,16.  V. 2. J\u00f3h. 8,36. Gal. 5,1. Kap. 7,23.  V. 3. a. Post. g. b. 15,10. R\u00f3m. 7,14. b. Hebr. 7,18. c. 2 Kor. 5,21. Gal. 3,13. til syndaf\u00f3rnar e\u00f0a: vegna syndarinnar.  V. 4. svo a\u00f0 r\u00e9ttl\u00e6ti\u2014a\u00f0rir: svo a\u00f0 kr\u00f6fu l\u00f6gm\u00e1lsins yr\u00f0i fulln\u00e6gt \u00e1 oss.  V. 5. sbr. V. 8. 1 Kor. 2,14.  V. 6. Kap. 6,21. Gal. 6,8.  V. 7. K\u00f3l. 1,21.  V. 8. sbr. V. 5. Hebr. 11,6.  V. 9. 1 Kor. 2,12. 3,16. 2 Kor. 13,5. Gal. 4,6. Fil. 1,11. 1 J\u00f3h. 3,24.  V. 11. d. Kap. 6,4. Post. g. b. 2,24. e. sbr. V. 9. f. Kap. 6,5. 1 Kor. 6,14. 2 Kor. 4,14. Ef. 2,5.  V. 12. Kap. 6,7.18.  V. 13. Ezech. 18,21. Ef. 4,22. Kol. 3,5.6.  V. 14. 1 J\u00f3h. 3,24. Gal. 5,18.   V. 15. 1 Kor. 2,12. 2 T\u00edm. 1,7.  V. 16. Gal. 3,26. 4,6. Mark. 14,36. V. 26.27. 2 Kor. 1,22. 5,5. Ef. 1,13. 4,30.  V. 17. Spek. b. 5,5. Gal. 4,7. Post. g. b. 14,22. 2 T\u00edm. 2,11.12. 1 P\u00e9t. 5,9. 4,13.  V. 18. Matth. 5,12. 2 Kor. 4,17. Filipp. 3,10.21. 1 P\u00e9t. 1,6. 1 J\u00f3h. 3,12.  V. 21. Opinb. b. 21,5.  V. 23. Gal. 4,5. Ef. 1,5. L\u00fak. 21,28. 2 Kor. 2,4.5. 1 J\u00f3h. 3,2.  V. 24. 2 Kor. 5,7.  V. 25. 2 Kor. 4,18. Hebr. 11,1.  V. 26. l\u00e9ttir undir. Matt. 20,22. Jak. 4,3. Sakk. 12,10.  V. 27. 1 Kron. 28,9. S\u00e1lm. 7,10. Jer. 11,20. 17,10. Post. g. b. 1,24.  V. 28. a) Jak. 1,12. 2,5. b) Kap. 9,11. Ef. 1,11. 3,11. 2 T\u00edm. 1,9.  V. 29. c. Ef. 1,5.11. Fil. 3,10.21. 1 J\u00f3h. 3,2. d. K\u00f3l. 1,15.18.  V. 31. 4 M\u00f3s. b. 14,9. S\u00e1lm. 56,12. 118,6.  V. 32. 1 M\u00f3s. b. 22,16. Es. 53,5. J\u00f3h. 3,16. R\u00f3m. 4,25. 5,6.9.  V. 33. Esa. 50,8.  V. 34. e. Job. 34,29. Esa. 50,9. f. S\u00e1lm. 110,1. 1 P\u00e9t. 3,22. Hebr. 1,3. 8,1. 12,2. g. 1 J\u00f3h. 2,1. Hebr. 7,25. 9,24.  V. 35. Sal. lofkv. 8,6.7.  V. 36. S\u00e1lm. 44,23. 1 Kor. 4,9. 2 Kor. 4,11.  V. 37. 1 Kor. 15,27. 2 Kor. 2,14. 1 J\u00f3h. 4,4. 5,4.5. Opinb. b. 12,11.  V. 38. Fil. 1,5. 2 T\u00edm. 1,12. Ef. 1,21. 6,12. K\u00f3l. 2,15. 1 P\u00e9t. 3,22.<\/div>\n","protected":false},"excerpt":{"rendered":"<p>Ford\u00e6mingin n\u00e6r ekki til kristinna, ef andinn Krists og ekki holdi\u00f0 stj\u00f3rnar \u00feeim. S\u00e1 sami andi gj\u00f6rir \u00fe\u00e1 vissa um barnar\u00e9ttinn, veitir \u00feeim gle\u00f0i \u00ed m\u00f3tgangi, hughreystir \u00fe\u00e1 me\u00f0 Gu\u00f0s elsku, fr\u00e1 hv\u00f6rri enginn hlutur f\u00e6r \u00fe\u00e1 skili\u00f0. 1Svo er n\u00fa engin fyrird\u00e6ming yfir \u00feeim, sem eru \u00ed Kristi Jes\u00fa, hv\u00f6rjir ei ganga eftir holdinu, heldur eftir andanum;2\u00fev\u00ed a\u00f0 l\u00f6gm\u00e1li\u00f0 l\u00edfgunar andans \u00ed Krist\u00f3 hefir frelsa\u00f0 mig fr\u00e1 l\u00f6gm\u00e1li syndarinnar og dau\u00f0ans;3\u00fev\u00ed hva\u00f0 a) l\u00f6gm\u00e1linu var \u00f3m\u00f6gulegt, af \u00fev\u00ed \u00fea\u00f0 var\u00f0 b) vanm\u00e1ttugt vegna holdsins, \u00fea\u00f0 gj\u00f6r\u00f0i Gu\u00f0, \u00feegar hann me\u00f0 a\u00f0 senda sinn Son \u00ed l\u00edkingu syndugs holds og <a href=\"https:\/\/biblian.is\/videy\/romverjabrefid-8-kafli\/\"> [&#8230;]<\/a><\/p>\n","protected":false},"author":1,"featured_media":0,"parent":0,"menu_order":0,"comment_status":"open","ping_status":"open","template":"bibliukaflar.php","meta":{"footnotes":""},"class_list":["post-21903","page","type-page","status-publish","hentry"],"_links":{"self":[{"href":"https:\/\/biblian.is\/videy\/wp-json\/wp\/v2\/pages\/21903","targetHints":{"allow":["GET"]}}],"collection":[{"href":"https:\/\/biblian.is\/videy\/wp-json\/wp\/v2\/pages"}],"about":[{"href":"https:\/\/biblian.is\/videy\/wp-json\/wp\/v2\/types\/page"}],"author":[{"embeddable":true,"href":"https:\/\/biblian.is\/videy\/wp-json\/wp\/v2\/users\/1"}],"replies":[{"embeddable":true,"href":"https:\/\/biblian.is\/videy\/wp-json\/wp\/v2\/comments?post=21903"}],"version-history":[{"count":0,"href":"https:\/\/biblian.is\/videy\/wp-json\/wp\/v2\/pages\/21903\/revisions"}],"wp:attachment":[{"href":"https:\/\/biblian.is\/videy\/wp-json\/wp\/v2\/media?parent=21903"}],"curies":[{"name":"wp","href":"https:\/\/api.w.org\/{rel}","templated":true}]}}