{"id":21902,"date":"2018-01-02T01:04:40","date_gmt":"2018-01-02T01:04:40","guid":{"rendered":"http:\/\/biblian.is\/videy\/romverjabrefid-7-kafli\/"},"modified":"2018-01-02T01:04:40","modified_gmt":"2018-01-02T01:04:40","slug":"romverjabrefid-7-kafli","status":"publish","type":"page","link":"https:\/\/biblian.is\/videy\/romverjabrefid-7-kafli\/","title":{"rendered":"R\u00f3mverjabr\u00e9fi\u00f0 7. kafli"},"content":{"rendered":"<div class=\"fyrirsognVidey\">Um dau\u00f0a tr\u00faa\u00f0ra fr\u00e1 l\u00f6gm\u00e1linu vegna Krists dau\u00f0a. Verkun og gagn l\u00f6gm\u00e1lsins. Str\u00ed\u00f0 holdsins og andans hj\u00e1 \u00feeim r\u00e9ttl\u00e6ttu.<\/div>\n<p><a name=\"1\"><span class=\"versanumer\">1<\/span><\/a>Viti\u00f0 \u00fe\u00e9r ekki, br\u00e6\u00f0ur!\u2014\u00fev\u00ed a\u00f0 vi\u00f0 \u00fe\u00e1, sem l\u00f6gm\u00e1li\u00f0 \u00feekkja, tala eg\u2014a\u00f0 l\u00f6gm\u00e1li\u00f0 drottnar yfir manninum, svo lengi hann lifir?<a name=\"2\"><span class=\"versanumer\">2<\/span><\/a>\u00fev\u00ed a\u00f0 gift kona er a\u00f0 l\u00f6gum bundin vi\u00f0 manninn, me\u00f0an hann lifir, en \u00fe\u00e1 ma\u00f0urinn deyr, er h\u00fan laus vi\u00f0 mannsins l\u00f6gm\u00e1l.<a name=\"3\"><span class=\"versanumer\">3<\/span><\/a>\u00deess vegna mun h\u00fan h\u00f3rkona kallast, ef h\u00fan ver\u00f0ur annars manns <span class='VideyAth'>(kona)<\/span> a\u00f0 manninum lifenda, en \u00fe\u00e1 ma\u00f0urinn deyr, er h\u00fan fr\u00ed vi\u00f0 l\u00f6gm\u00e1li\u00f0, svo a\u00f0 h\u00fan er ei h\u00f3rkona, \u00fe\u00f3tt h\u00fan ver\u00f0i annars manns.<a name=\"4\"><span class=\"versanumer\">4<\/span><\/a>Svo eru\u00f0 og \u00fe\u00e9r, br\u00e6\u00f0ur m\u00ednir! <span class='VideyAth'>a)<\/span> dau\u00f0ir l\u00f6gm\u00e1linu fyrir <span class='VideyAth'>b)<\/span> l\u00edkamann Krists, a\u00f0 \u00fe\u00e9r yr\u00f0u\u00f0 annars, hans sem fr\u00e1 dau\u00f0um er upprisinn, til \u00feess v\u00e9r skyldum Gu\u00f0i \u00e1v\u00f6xt f\u00e6ra;<a name=\"5\"><span class=\"versanumer\">5<\/span><\/a>\u00fev\u00ed \u00fe\u00e1 v\u00e9r vorum \u00ed holdinu <span class='VideyAth'>c)<\/span> verku\u00f0u syndsamlegar tilhneigingar \u00fe\u00e6r, sem <span class='VideyAth'>d)<\/span> <span class='VideyAth'>(\u00feekktust)<\/span> af l\u00f6gm\u00e1linu \u00ed vorum limum, til a\u00f0 <span class='VideyAth'>e)<\/span> f\u00e6ra \u00e1v\u00f6xt dau\u00f0anum.<a name=\"6\"><span class=\"versanumer\">6<\/span><\/a>En n\u00fa erum v\u00e9r, <span class='VideyAth'>f)<\/span> sem dau\u00f0ir, lausir fr\u00e1 l\u00f6gm\u00e1linu, vi\u00f0 hv\u00f6rt v\u00e9r vorum bundnir, svo a\u00f0 v\u00e9r \u00fej\u00f3num \u00ed n\u00fdjungu andans, en ekki \u00ed <span class='VideyAth'>g)<\/span> fyrnsku b\u00f3kstafsins.<a name=\"7\"><span class=\"versanumer\">7<\/span><\/a>Hva\u00f0 viljum v\u00e9r \u00fe\u00e1 segja? er l\u00f6gm\u00e1li\u00f0 synd? fj\u00e6rri s\u00e9 \u00fev\u00ed! heldur \u00feekkta eg ekki syndina, nema af l\u00f6gm\u00e1linu; \u00fev\u00ed a\u00f0 um girndina hef\u00f0i eg ekki vita\u00f0, nema l\u00f6gm\u00e1li\u00f0 hef\u00f0i sagt: \u00fe\u00fa skalt ekki girnast!<a name=\"8\"><span class=\"versanumer\">8<\/span><\/a>En syndin t\u00f3k s\u00e9r tilefni af bo\u00f0or\u00f0inu og \u00f3l upp \u00ed m\u00e9r alla girnd; \u00fev\u00ed a\u00f0 \u00e1n l\u00f6gm\u00e1ls er synd dau\u00f0.<a name=\"9\"><span class=\"versanumer\">9<\/span><\/a>Eg lif\u00f0i um nokkurn t\u00edma \u00e1n l\u00f6gm\u00e1ls, en \u00feegar bo\u00f0or\u00f0i\u00f0 kom endurlifna\u00f0i syndin;<a name=\"10\"><span class=\"versanumer\">10<\/span><\/a>en eg d\u00f3, og komst eg a\u00f0 raun um a\u00f0 bo\u00f0or\u00f0i\u00f0 <span class='VideyAth'>(gefi\u00f0)<\/span> til l\u00edfs var\u00f0 til dau\u00f0a;<a name=\"11\"><span class=\"versanumer\">11<\/span><\/a>\u00fev\u00ed a\u00f0 syndin, sem t\u00f3k tilefni af bo\u00f0or\u00f0inu, dr\u00f3 mig \u00e1 t\u00e1lar og deyddi me\u00f0 \u00fev\u00ed sama <span class='VideyAth'>(bo\u00f0or\u00f0i)<\/span>;<a name=\"12\"><span class=\"versanumer\">12<\/span><\/a>l\u00f6gm\u00e1li\u00f0 er a\u00f0 v\u00edsu heilagt og bo\u00f0or\u00f0i\u00f0 heilagt og r\u00e9ttv\u00edst og gott. <br \/><a name=\"13\"><span class=\"versanumer\">13<\/span><\/a>Er \u00fe\u00e1 hi\u00f0 g\u00f3\u00f0a <span class='VideyAth'>(bo\u00f0or\u00f0)<\/span> or\u00f0i\u00f0 m\u00e9r dau\u00f0i? fj\u00e6rri s\u00e9 \u00fev\u00ed! heldur syndin; svo a\u00f0 opinbert yr\u00f0i, a\u00f0 h\u00fan v\u00e6ri synd, \u00fear e\u00f0 h\u00fan fyrir hi\u00f0 g\u00f3\u00f0a ollir m\u00e9r dau\u00f0a, svo a\u00f0 syndin yr\u00f0i yfirm\u00e1ta <span class='VideyAth'>h)<\/span> syndug fyrir bo\u00f0or\u00f0i\u00f0.<br \/><a name=\"14\"><span class=\"versanumer\">14<\/span><\/a>V\u00e9r vitum \u00fev\u00ed a\u00f0 l\u00f6gm\u00e1li\u00f0 er andlegt, en eg er holdlegur, seldur undir syndina;<a name=\"15\"><span class=\"versanumer\">15<\/span><\/a>\u00fev\u00ed a\u00f0 \u00fea\u00f0, sem eg a\u00f0hefst, <span class='VideyAth'>i)<\/span> veit eg ekki, \u00fev\u00ed a\u00f0 \u00fea\u00f0, sem eg vil, <span class='VideyAth'>k)<\/span> gj\u00f6ri eg ekki, en \u00fea\u00f0, sem eg hata, gj\u00f6ri eg;<a name=\"16\"><span class=\"versanumer\">16<\/span><\/a>en ef eg gj\u00f6ri \u00fea\u00f0, sem eg ekki vil, \u00fe\u00e1 samsinni eg l\u00f6gm\u00e1linu, a\u00f0 \u00fea\u00f0 s\u00e9 gott;<a name=\"17\"><span class=\"versanumer\">17<\/span><\/a>svo a\u00f0hefst eg \u00fea\u00f0 \u00fe\u00e1 ekki, heldur s\u00fa synd, sem b\u00fdr \u00ed m\u00e9r;<a name=\"18\"><span class=\"versanumer\">18<\/span><\/a>\u00fev\u00ed eg veit, a\u00f0 ekki b\u00fdr gott \u00ed m\u00e9r, \u00fea\u00f0 er \u00ed m\u00ednu holdi; \u00fev\u00ed <span class='VideyAth'>l)<\/span> a\u00f0 vilja er til rei\u00f0u hj\u00e1 m\u00e9r, en a\u00f0 framkv\u00e6ma \u00fea\u00f0 g\u00f3\u00f0a <span class='VideyAth'>m)<\/span> finn eg ekki,<a name=\"19\"><span class=\"versanumer\">19<\/span><\/a>\u00fev\u00ed \u00fea\u00f0 g\u00f3\u00f0a, sem eg vil, gj\u00f6ri eg ekki, en \u00fea\u00f0 vonda, sem eg vil ekki, \u00fea\u00f0 gj\u00f6ri eg.<a name=\"20\"><span class=\"versanumer\">20<\/span><\/a>En ef eg gj\u00f6ri \u00fea\u00f0 eg vil ekki, \u00fe\u00e1 er eg ekki framar s\u00e1, sem a\u00f0hefst \u00fea\u00f0, heldur syndin, sem \u00ed m\u00e9r b\u00fdr.<a name=\"21\"><span class=\"versanumer\">21<\/span><\/a>Svo finn eg \u00fe\u00e1 l\u00f6gm\u00e1li\u00f0, \u00feegar eg vil gj\u00f6ra hi\u00f0 g\u00f3\u00f0a, af \u00fev\u00ed \u00fea\u00f0 vonda er til rei\u00f0u hj\u00e1 m\u00e9r,<a name=\"22\"><span class=\"versanumer\">22<\/span><\/a>\u00fev\u00ed a\u00f0 mig lystir til Gu\u00f0s l\u00f6gm\u00e1ls eftir enum innra manni,<a name=\"23\"><span class=\"versanumer\">23<\/span><\/a>en eg s\u00e9 anna\u00f0 l\u00f6gm\u00e1l \u00ed m\u00ednum limum, sem str\u00ed\u00f0ir \u00ed m\u00f3ti l\u00f6gm\u00e1li m\u00edns hugskots, og hertekur mig undir l\u00f6gm\u00e1l syndarinnar, hv\u00f6rt e\u00f0 er \u00ed m\u00ednum limum.<a name=\"24\"><span class=\"versanumer\">24<\/span><\/a>Eg ves\u00e6l manneskja! hv\u00f6r mun frelsa mig fr\u00e1 l\u00edkama \u00feessa dau\u00f0a?<a name=\"25\"><span class=\"versanumer\">25<\/span><\/a>Eg \u00feakka Gu\u00f0i fyrir Jes\u00fam Krist vorn Drottin. Svo \u00fej\u00f3na eg \u00fe\u00e1 a\u00f0 s\u00f6nnu sami <span class='VideyAth'>(ma\u00f0urinn)<\/span> me\u00f0 hugskotinu l\u00f6gm\u00e1li Gu\u00f0s, en me\u00f0 holdinu l\u00f6gm\u00e1li syndarinnar.<\/p>\n<div class=\"footnoteVidey\">V. 1. \u00de. e. hj\u00f3nabandsl\u00f6gin gilda me\u00f0an makinn lifir.  V. 2. 1 Kor. 7,10.39.9. Gal. 5,4.  V. 3. Matt. 5,32.  V. 4. a. Kap. 8,2. Gal. 2,19. b. \u00ed hverjum hann er d\u00e1inn og \u00fe\u00e9r me\u00f0 honum. Samanb. Kap. 6,4.5.8.10.  V. 5. c. \u00f3umvendrir. d. V. 7. e. Kap. 6,21.  V. 6. f. Kap. 6,2. g. Kap. 2,29. V. 7. Kap. 3,20. 4,15. M\u00f3s. b. 20,17.  V. 8. V. 5. Kap. 5,20. Gal. 3,19.  V. 10. 3 M\u00f3s. b. 18,5.  V. 12. 1 T\u00edm. 1,8.  V. 13. h. sakn\u00e6m.  V. 14. Kap. 8,3.  V. 15. i. l\u00edkar m\u00e9r ekki. k. V. 23. Gal. 5,17.  V. 16. sbr. V. 12. V. 17. V. 20. 1 M\u00f3s. 6,5. 8,21.  V. 18. l. Gal. 5,17. m. megna eg ekki.  V. 20. sbr. V. 17.  V. 21. a\u00f0r: eg finn \u00feess vegna hj\u00e1 m\u00e9r, \u00feegar eg vil gj\u00f6ra hi\u00f0 g\u00f3\u00f0a, \u00fea\u00f0 l\u00f6gm\u00e1l, a\u00f0 \u00fea\u00f0 vonda vill lo\u00f0a vi\u00f0 mig.  V. 23. Kap. 8,2.  V. 25. 1 Kor. 1,4.<\/div>\n","protected":false},"excerpt":{"rendered":"<p>Um dau\u00f0a tr\u00faa\u00f0ra fr\u00e1 l\u00f6gm\u00e1linu vegna Krists dau\u00f0a. Verkun og gagn l\u00f6gm\u00e1lsins. Str\u00ed\u00f0 holdsins og andans hj\u00e1 \u00feeim r\u00e9ttl\u00e6ttu. 1Viti\u00f0 \u00fe\u00e9r ekki, br\u00e6\u00f0ur!\u2014\u00fev\u00ed a\u00f0 vi\u00f0 \u00fe\u00e1, sem l\u00f6gm\u00e1li\u00f0 \u00feekkja, tala eg\u2014a\u00f0 l\u00f6gm\u00e1li\u00f0 drottnar yfir manninum, svo lengi hann lifir?2\u00fev\u00ed a\u00f0 gift kona er a\u00f0 l\u00f6gum bundin vi\u00f0 manninn, me\u00f0an hann lifir, en \u00fe\u00e1 ma\u00f0urinn deyr, er h\u00fan laus vi\u00f0 mannsins l\u00f6gm\u00e1l.3\u00deess vegna mun h\u00fan h\u00f3rkona kallast, ef h\u00fan ver\u00f0ur annars manns (kona) a\u00f0 manninum lifenda, en \u00fe\u00e1 ma\u00f0urinn deyr, er h\u00fan fr\u00ed vi\u00f0 l\u00f6gm\u00e1li\u00f0, svo a\u00f0 h\u00fan er ei h\u00f3rkona, \u00fe\u00f3tt h\u00fan ver\u00f0i annars manns.4Svo eru\u00f0 og \u00fe\u00e9r, br\u00e6\u00f0ur m\u00ednir! <a href=\"https:\/\/biblian.is\/videy\/romverjabrefid-7-kafli\/\"> [&#8230;]<\/a><\/p>\n","protected":false},"author":1,"featured_media":0,"parent":0,"menu_order":0,"comment_status":"open","ping_status":"open","template":"bibliukaflar.php","meta":{"footnotes":""},"class_list":["post-21902","page","type-page","status-publish","hentry"],"_links":{"self":[{"href":"https:\/\/biblian.is\/videy\/wp-json\/wp\/v2\/pages\/21902","targetHints":{"allow":["GET"]}}],"collection":[{"href":"https:\/\/biblian.is\/videy\/wp-json\/wp\/v2\/pages"}],"about":[{"href":"https:\/\/biblian.is\/videy\/wp-json\/wp\/v2\/types\/page"}],"author":[{"embeddable":true,"href":"https:\/\/biblian.is\/videy\/wp-json\/wp\/v2\/users\/1"}],"replies":[{"embeddable":true,"href":"https:\/\/biblian.is\/videy\/wp-json\/wp\/v2\/comments?post=21902"}],"version-history":[{"count":0,"href":"https:\/\/biblian.is\/videy\/wp-json\/wp\/v2\/pages\/21902\/revisions"}],"wp:attachment":[{"href":"https:\/\/biblian.is\/videy\/wp-json\/wp\/v2\/media?parent=21902"}],"curies":[{"name":"wp","href":"https:\/\/api.w.org\/{rel}","templated":true}]}}