{"id":21896,"date":"2018-01-02T01:04:40","date_gmt":"2018-01-02T01:04:40","guid":{"rendered":"http:\/\/biblian.is\/videy\/romverjabrefid-1-kafli\/"},"modified":"2018-01-02T01:04:40","modified_gmt":"2018-01-02T01:04:40","slug":"romverjabrefid-1-kafli","status":"publish","type":"page","link":"https:\/\/biblian.is\/videy\/romverjabrefid-1-kafli\/","title":{"rendered":"R\u00f3mverjabr\u00e9fi\u00f0 1. kafli"},"content":{"rendered":"<div class=\"fyrirsognVidey\">Postulinn heilsar \u00feeim kristnu \u00ed R\u00f3maborg; vitnar um s\u00edna l\u00f6ngun a\u00f0 koma til \u00feeirra og a\u00f0 bo\u00f0a \u00feeim Krists l\u00e6rd\u00f3m. Talar um hei\u00f0ingjanna r\u00f6ngu gu\u00f0sd\u00fdrkun, illt ath\u00e6fi og ver\u00f0skulda\u00f0 dau\u00f0astraff.<\/div>\n<p><a name=\"1\"><span class=\"versanumer\">1<\/span><\/a>P\u00e1ll, \u00fej\u00f3n Jes\u00fa Krists, kalla\u00f0ur til postula <span class='VideyAth'>a)<\/span>, fr\u00e1skilinn til <span class='VideyAth'>(a\u00f0 bo\u00f0a)<\/span> Gu\u00f0s fagna\u00f0arerindi,<a name=\"2\"><span class=\"versanumer\">2<\/span><\/a>hv\u00f6rju hann haf\u00f0i \u00e1\u00f0ur lofa\u00f0 <span class='VideyAth'>b)<\/span> fyrir sp\u00e1menn s\u00edna \u00ed heil\u00f6gum Ritningum,<a name=\"3\"><span class=\"versanumer\">3<\/span><\/a>um sinn Son, f\u00e6ddan af <span class='VideyAth'>c)<\/span> s\u00e6\u00f0i Dav\u00ed\u00f0s eftir holdinu,<a name=\"4\"><span class=\"versanumer\">4<\/span><\/a>kr\u00f6ftulega augl\u00fdstan <span class='VideyAth'>d)<\/span> Gu\u00f0s Son eftir anda heilagleikans, me\u00f0 upprisunni fr\u00e1 dau\u00f0um, Jes\u00fam Krist vorn Drottin,<a name=\"5\"><span class=\"versanumer\">5<\/span><\/a>af hv\u00f6rjum v\u00e9r me\u00f0teki\u00f0 h\u00f6fum <span class='VideyAth'>e)<\/span> n\u00e1\u00f0 og postula d\u00e6mi, til \u00feess hl\u00fdtt yr\u00f0i tr\u00fanni, honum til d\u00fdr\u00f0ar, me\u00f0al allra \u00fej\u00f3\u00f0a,<a name=\"6\"><span class=\"versanumer\">6<\/span><\/a>\u00ed hv\u00f6rra t\u00f6lu \u00fe\u00e9r og svo eru\u00f0 af Jes\u00fa Kristi kalla\u00f0ir,<a name=\"7\"><span class=\"versanumer\">7<\/span><\/a><span class='VideyAth'>(\u00f3skar)<\/span> \u00f6llum, sem eru \u00ed R\u00f3m, elskulegum Gu\u00f0s <span class='VideyAth'>f)<\/span> k\u00f6llu\u00f0um heil\u00f6gum: N\u00e1\u00f0 og fri\u00f0ur af Gu\u00f0i vorum F\u00f6\u00f0ur og Drottni Jes\u00fa Krist\u00ed s\u00e9 me\u00f0 y\u00f0ur.<br \/><a name=\"8\"><span class=\"versanumer\">8<\/span><\/a>Fyrst <span class='VideyAth'>g)<\/span> \u00feakka eg Gu\u00f0i m\u00ednum fyrir Jes\u00fam Krist, allra y\u00f0ar vegna, a\u00f0 y\u00f0ar tr\u00fa er kunn or\u00f0in um allan heiminn;<a name=\"9\"><span class=\"versanumer\">9<\/span><\/a>\u00fev\u00ed a\u00f0 <span class='VideyAth'>h)<\/span> minn vottur er Gu\u00f0, hv\u00f6rjum eg \u00fej\u00f3na me\u00f0 m\u00ednum anda, \u00ed <span class='VideyAth'>(a\u00f0 bo\u00f0a)<\/span> fagna\u00f0arerindi hans Sonar, hv\u00f6rsu eg \u00e1n afl\u00e1ts minnist y\u00f0ar;<a name=\"10\"><span class=\"versanumer\">10<\/span><\/a>jafnan \u00ed m\u00ednum b\u00e6num bi\u00f0jandi, a\u00f0 eg ef Gu\u00f0 vill, einhv\u00f6rn t\u00edma f\u00e1i gott f\u00e6ri, a\u00f0 koma til y\u00f0ar <span class='VideyAth'>i)<\/span>;<a name=\"11\"><span class=\"versanumer\">11<\/span><\/a>\u00fev\u00ed a\u00f0 <span class='VideyAth'>k)<\/span> mig langar til a\u00f0 sj\u00e1 y\u00f0ur, svo a\u00f0 eg me\u00f0deili y\u00f0ur nokkra andlega gj\u00f6f, til \u00feess, a\u00f0 \u00fe\u00e9r styrkist;<a name=\"12\"><span class=\"versanumer\">12<\/span><\/a>\u00fea\u00f0 er: a\u00f0 hv\u00f6r af oss hughreysti annan me\u00f0al y\u00f0ar, me\u00f0 <span class='VideyAth'>l)<\/span> sameiginlegri tr\u00fa, y\u00f0varri og minni.<a name=\"13\"><span class=\"versanumer\">13<\/span><\/a>En eg vil ekki dylja fyrir y\u00f0ur, br\u00e6\u00f0ur! a\u00f0 eg <span class='VideyAth'>m)<\/span> oftsinnis \u00e1setti eg m\u00e9r a\u00f0 koma til y\u00f0ar <span class='VideyAth'>(en eg hefi hindra\u00f0ur veri\u00f0 allt til \u00feessa)<\/span> svo a\u00f0 eg g\u00e6ti haft nokkurn \u00e1v\u00f6xt og svo me\u00f0al y\u00f0ar, eins og me\u00f0al annarra \u00fej\u00f3\u00f0a.<a name=\"14\"><span class=\"versanumer\">14<\/span><\/a>Eg er \u00ed skuld vi\u00f0 b\u00e6\u00f0i gr\u00edska og ei gr\u00edska, b\u00e6\u00f0i vitra <span class='VideyAth'>a)<\/span> og vankunnandi,<a name=\"15\"><span class=\"versanumer\">15<\/span><\/a>svo l\u00edka\u2014hva\u00f0 mig snertir f\u00faslega\u2014einnin vi\u00f0 y\u00f0ur, sem eru\u00f0 \u00ed R\u00f3m, a\u00f0 eg bo\u00f0i fagna\u00f0arerindi,<a name=\"16\"><span class=\"versanumer\">16<\/span><\/a>\u00fear e\u00f0 eg <span class='VideyAth'>b)<\/span> skammast m\u00edn ekki fyrir Krists fagna\u00f0areyrindi\u00f0; \u00fev\u00ed \u00fea\u00f0 er kraftur Gu\u00f0s til s\u00e1luhj\u00e1lpar s\u00e9rhv\u00f6rjum tr\u00fau\u00f0um, Gy\u00f0ingi fyrst og gr\u00edskum einnin;<a name=\"17\"><span class=\"versanumer\">17<\/span><\/a>\u00fev\u00ed a\u00f0 r\u00e9ttl\u00e6ti Gu\u00f0s opinberast \u00ed \u00fev\u00ed fagna\u00f0areyrindi af tr\u00fa til tr\u00faar <span class='VideyAth'>c)<\/span> svo sem skrifa\u00f0 er: en hinn r\u00e9ttl\u00e1ti af tr\u00fa, mun lifa <span class='VideyAth'>d)<\/span>. <br \/><a name=\"18\"><span class=\"versanumer\">18<\/span><\/a>En rei\u00f0i Gu\u00f0s er opinberu\u00f0 af himni yfir \u00f6llum \u00f3gu\u00f0legleika og \u00f3r\u00e9ttv\u00edsi manna, \u00feeirra, sem sannleikanum me\u00f0 \u00f3r\u00e9ttv\u00edsi ni\u00f0ur\u00ferykkja;<a name=\"19\"><span class=\"versanumer\">19<\/span><\/a>\u00fear e\u00f0 \u00fea\u00f0, sem vitanlegt er um Gu\u00f0, \u00fea\u00f0 <span class='VideyAth'>e)<\/span> er \u00feeim auglj\u00f3st, \u00fev\u00ed a\u00f0 Gu\u00f0 hefir \u00feeim \u00fea\u00f0 augl\u00fdst,<a name=\"20\"><span class=\"versanumer\">20<\/span><\/a>me\u00f0 \u00fev\u00ed, a\u00f0 hans \u00f3s\u00fdnilegu eiginlegleikar, hans enn eil\u00edfi kraftur og gu\u00f0d\u00f3mur, fr\u00e1 veraldarinnar sk\u00f6pun, skiljanlegir af verkunum, eru bers\u00fdnilegir, svo a\u00f0 mennirnir hafa enga afs\u00f6kun;<a name=\"21\"><span class=\"versanumer\">21<\/span><\/a>\u00fev\u00ed \u00fe\u00f3tt \u00feeir vissu af Gu\u00f0i, \u00fe\u00e1 vegs\u00f6mu\u00f0u \u00feeir hann ekki, sem Gu\u00f0, n\u00e9 voru \u00feakkl\u00e1tir, heldur ur\u00f0u h\u00e9g\u00f3mlegir \u00ed \u00feeirra \u00fe\u00f6nkum, og <span class='VideyAth'>f)<\/span> \u00feeirra skilningslausa hjarta formyrkva\u00f0ist;<a name=\"22\"><span class=\"versanumer\">22<\/span><\/a>\u00fe\u00e1 \u00feeir <span class='VideyAth'>g)<\/span> \u00fe\u00f3ttust vitrir vera, eru \u00feeir heimskingjar or\u00f0nir,<a name=\"23\"><span class=\"versanumer\">23<\/span><\/a>og sneru d\u00fdr\u00f0 ens \u00f3dau\u00f0lega Gu\u00f0s \u00ed l\u00edkneski dau\u00f0legs manns, fugla og ferf\u00e6tlinga og skri\u00f0kvikinda;<a name=\"24\"><span class=\"versanumer\">24<\/span><\/a>\u00feess vegna hefir Gu\u00f0 ofurselt \u00fe\u00e1 \u00feeirra hjartans girndum til saurlifna\u00f0ar, a\u00f0 \u00feeir sm\u00e1nu\u00f0u s\u00edna l\u00edkami hv\u00f6r \u00e1 \u00f6\u00f0rum,<a name=\"25\"><span class=\"versanumer\">25<\/span><\/a>\u00feeir skiptu um sannleika Gu\u00f0s fyrir lygina <span class='VideyAth'>h)<\/span> og g\u00f6fgu\u00f0u og d\u00fdrku\u00f0u skepnuna fram yfir Skaparann sem er blessa\u00f0ur um eil\u00edf\u00f0ir, Amen! <span class='VideyAth'>i)<\/span><a name=\"26\"><span class=\"versanumer\">26<\/span><\/a>\u00dear fyrir hefir Gu\u00f0 ofurselt \u00fe\u00e1 sv\u00edvir\u00f0ilegri lostasemi, \u00fev\u00ed a\u00f0 b\u00e6\u00f0i umskipti \u00feeirra kvenf\u00f3lk n\u00e1tt\u00farlegri heg\u00f0un \u00ed \u00f3n\u00e1tt\u00faru<a name=\"27\"><span class=\"versanumer\">27<\/span><\/a>og l\u00edka h\u00e6ttu karlmennirnir n\u00e1tt\u00farlegum samf\u00f6rum vi\u00f0 kvenf\u00f3lki\u00f0, og brunnu af lostagirnd hv\u00f6r til annars, svo karlmenn fr\u00f6mdu sk\u00f6mm me\u00f0 karlm\u00f6nnum, og t\u00f3ku svo \u00fat \u00e1 sj\u00e1lfum s\u00e9r endurgjald \u00fea\u00f0, sem maklegt var fyrir villu \u00feeirra,<a name=\"28\"><span class=\"versanumer\">28<\/span><\/a>og svo sem \u00feeir sinntu \u00fev\u00ed ekki a\u00f0 hafa Gu\u00f0 \u00feekktan, svo hefir Gu\u00f0 ofurselt \u00fe\u00e1 fr\u00e1leitu sinnislagi, svo a\u00f0 \u00feeir gj\u00f6ra \u00fea\u00f0, sem er \u00f3h\u00e6fa,<a name=\"29\"><span class=\"versanumer\">29<\/span><\/a>eru fullir allrar \u00f3r\u00e9ttv\u00edsi, saurl\u00edfis, hrekkv\u00edsi, \u00e1girndar, vonsku, fullir \u00f6fundar, v\u00edghugar, \u00fer\u00e6tugirni, svika, \u00f3si\u00f0semi;<a name=\"30\"><span class=\"versanumer\">30<\/span><\/a>eru kvissamir, bakm\u00e1lugir, gu\u00f0shatendur, h\u00e1\u00f0gjarnir, drambsamir, sj\u00e1lfh\u00e6lnir, illt uppfinnandi, foreldrum \u00f3hl\u00fd\u00f0ugir, samviskulausir,<a name=\"31\"><span class=\"versanumer\">31<\/span><\/a>trygg\u00f0rofar, r\u00e6ktarlausir, \u00f3s\u00e1ttgjarnir, \u00f3miskunnsamir;<a name=\"32\"><span class=\"versanumer\">32<\/span><\/a>hv\u00f6rjir, \u00fe\u00f3tt \u00feeir \u00feekki Gu\u00f0s r\u00e9ttd\u00e6mi, a\u00f0 \u00feeir, sem \u00fev\u00edl\u00edkt gj\u00f6ra, s\u00e9u dau\u00f0aver\u00f0ir, gj\u00f6ra \u00feeir \u00fea\u00f0 samt ei a\u00f0eins, heldur hafa og \u00fe\u00f3knun \u00e1 \u00feeim, sem \u00fea\u00f0 gj\u00f6ra.<\/p>\n<div class=\"footnoteVidey\">V. 1. a. Post. g. b. 9,15. 13,2. Gal. 1,15. 3 M\u00f3s. 20,26.  V. 2. b. 1 M\u00f3s. b. 3,15. 22,18. 5 M\u00f3s. 18,15.18. 2 Sam. b. 7,12. f. S\u00e1lm. 22,23. f. 40,7. f. 132,11. Ef. 4,1. 7,14. 9,5.6. 11,1. o. s. frv. Jer. 23,5.6. o. s. frv. Esech. 34,23. Dan. 9,24. M\u00edkk. 7,20. Post. g. b. 26,6.  V. 3. c. 2 Sam. 7,12. Matt. 1,1. 2 T\u00edm. 2,8.  V. 4. d. Hebr. 1,5. 5,8. Post. g. b. 13,32. f. J\u00f3h. 10,30.  V. 5. e. kap. 12,3. 15,15. 1 Cor. 15,10. Ef. 3,8. 1 T\u00edm. 2,7. Post. g. b. 9,15. 22,15.21.  V. 7. f. 1 Kor. 1,2,3. V. 8. g. 1 Kor. 1,14.  V. 10. i. 1 Tess. 3,10.  V. 11. k. Kap. 15,23.29. L\u00fak. 22,32. 1 Tess. 3,2.13. 2 Tess. 2,17.  V. 12. l. 2 P\u00e9t. 1,1. V. 13. m. 1 Tess. 2,18.  V. 14. a. 1 Kor. 9,16.  V. 16. b. 2 T\u00edm. 1,8.12.  V. 17. c. e\u00f0a: r\u00e9ttl\u00e6ti sem Gu\u00f0 veitir vegna tr\u00faar \u00feeirra tr\u00fau\u00f0u, opinberast \u00ed \u00fev\u00ed fagna\u00f0areyrindi. Kap. 3,21.22. Phil. 3,9. d. Hab. 2,4. Gal. 3,11. J\u00f3h. 3,36.  V. 19. e. Post. g. b. 14,15. 17,24, f.  V. 21. f. 5 M\u00f3s. 28,28. Ef. 4,17.18.  V. 22. g. 1 Kor. 1,20. V. 23.  V. 23. Spek. b. 11,16. 14,15. 5 M\u00f3s. b. 4,15. f. 2 K\u00f3ng. b. 17,16.29. S\u00e1lm. 106,20. Esa. 40,18. Jer. 2,8.  V. 24. S\u00e1lm. 81,13. 2 Tess. 2,11.12. Es. 9,9.10. Post. g. b. 14,16.  V. 25. h. Es. 44,20. Jer. 13,25. i. Kap. 9,5.  V. 26. 3 M\u00f3s. 18,23. Ef. 5,11.12.  V. 27. 3 M\u00f3s. 18,22. 20,13. 1 Kor. 6,9.  V. 28. S\u00e1lm. 81,13.<\/div>\n","protected":false},"excerpt":{"rendered":"<p>Postulinn heilsar \u00feeim kristnu \u00ed R\u00f3maborg; vitnar um s\u00edna l\u00f6ngun a\u00f0 koma til \u00feeirra og a\u00f0 bo\u00f0a \u00feeim Krists l\u00e6rd\u00f3m. Talar um hei\u00f0ingjanna r\u00f6ngu gu\u00f0sd\u00fdrkun, illt ath\u00e6fi og ver\u00f0skulda\u00f0 dau\u00f0astraff. 1P\u00e1ll, \u00fej\u00f3n Jes\u00fa Krists, kalla\u00f0ur til postula a), fr\u00e1skilinn til (a\u00f0 bo\u00f0a) Gu\u00f0s fagna\u00f0arerindi,2hv\u00f6rju hann haf\u00f0i \u00e1\u00f0ur lofa\u00f0 b) fyrir sp\u00e1menn s\u00edna \u00ed heil\u00f6gum Ritningum,3um sinn Son, f\u00e6ddan af c) s\u00e6\u00f0i Dav\u00ed\u00f0s eftir holdinu,4kr\u00f6ftulega augl\u00fdstan d) Gu\u00f0s Son eftir anda heilagleikans, me\u00f0 upprisunni fr\u00e1 dau\u00f0um, Jes\u00fam Krist vorn Drottin,5af hv\u00f6rjum v\u00e9r me\u00f0teki\u00f0 h\u00f6fum e) n\u00e1\u00f0 og postula d\u00e6mi, til \u00feess hl\u00fdtt yr\u00f0i tr\u00fanni, honum til d\u00fdr\u00f0ar, me\u00f0al allra \u00fej\u00f3\u00f0a,6\u00ed hv\u00f6rra <a href=\"https:\/\/biblian.is\/videy\/romverjabrefid-1-kafli\/\"> [&#8230;]<\/a><\/p>\n","protected":false},"author":1,"featured_media":0,"parent":0,"menu_order":0,"comment_status":"open","ping_status":"open","template":"bibliukaflar.php","meta":{"footnotes":""},"class_list":["post-21896","page","type-page","status-publish","hentry"],"_links":{"self":[{"href":"https:\/\/biblian.is\/videy\/wp-json\/wp\/v2\/pages\/21896","targetHints":{"allow":["GET"]}}],"collection":[{"href":"https:\/\/biblian.is\/videy\/wp-json\/wp\/v2\/pages"}],"about":[{"href":"https:\/\/biblian.is\/videy\/wp-json\/wp\/v2\/types\/page"}],"author":[{"embeddable":true,"href":"https:\/\/biblian.is\/videy\/wp-json\/wp\/v2\/users\/1"}],"replies":[{"embeddable":true,"href":"https:\/\/biblian.is\/videy\/wp-json\/wp\/v2\/comments?post=21896"}],"version-history":[{"count":0,"href":"https:\/\/biblian.is\/videy\/wp-json\/wp\/v2\/pages\/21896\/revisions"}],"wp:attachment":[{"href":"https:\/\/biblian.is\/videy\/wp-json\/wp\/v2\/media?parent=21896"}],"curies":[{"name":"wp","href":"https:\/\/api.w.org\/{rel}","templated":true}]}}