{"id":21895,"date":"2018-01-02T01:04:40","date_gmt":"2018-01-02T01:04:40","guid":{"rendered":"http:\/\/biblian.is\/videy\/postulasagan-28-kafli\/"},"modified":"2018-01-02T01:04:40","modified_gmt":"2018-01-02T01:04:40","slug":"postulasagan-28-kafli","status":"publish","type":"page","link":"https:\/\/biblian.is\/videy\/postulasagan-28-kafli\/","title":{"rendered":"Postulasagan 28. kafli"},"content":{"rendered":"<div class=\"fyrirsognVidey\">F\u00f3lki\u00f0 \u00e1 Mel\u00edte au\u00f0s\u00fdnir P\u00e1li mikinn vingjarnleika; P\u00e1ll ska\u00f0ast ekki af n\u00f6\u00f0runni; hann l\u00e6knar f\u00f6\u00f0ur Publ\u00edusar og fleiri; siglir \u00fea\u00f0an til S\u00fdrak\u00fasa og P\u00faet\u00f3li og kemur til R\u00f3m; heldur r\u00e6\u00f0u fyrir Gy\u00f0ingunum \u00ed R\u00f3m; kennir \u00fear hindrunarlaust \u00ed tv\u00f6 \u00e1r.<\/div>\n<p><a name=\"1\"><span class=\"versanumer\">1<\/span><\/a>\u00de\u00e1 menn \u00feannig h\u00f6f\u00f0u af komist, fengu \u00feeir a\u00f0 vita, a\u00f0 eyjan h\u00e9t Mel\u00edte <span class='VideyAth'>a)<\/span>.<a name=\"2\"><span class=\"versanumer\">2<\/span><\/a>\u00deeir \u00fatlendu <span class='VideyAth'>b)<\/span> sem \u00fear bjuggu, au\u00f0s\u00fdndu oss ekki algenga mannelsku, kveiktu eld og t\u00f3ku m\u00f3ti oss \u00f6llum, \u00fev\u00ed \u00f3ve\u00f0ur var og kuldi.<a name=\"3\"><span class=\"versanumer\">3<\/span><\/a>En er P\u00e1ll haf\u00f0i safna\u00f0 s\u00e9r hr\u00edsvendli og lagt \u00e1 eldinn, \u00fe\u00e1 skrei\u00f0 na\u00f0ra undan hitanum og festi sig \u00e1 hendi hans.<a name=\"4\"><span class=\"versanumer\">4<\/span><\/a>\u00deegar eyjarmennirnir s\u00e1u \u00feetta illyrmi lo\u00f0a vi\u00f0 h\u00f6nd hans, s\u00f6g\u00f0u \u00feeir s\u00edn \u00e1 milli: vissulega er \u00feessi ma\u00f0ur manndr\u00e1pari, fyrst hefndin lofar honum ekki a\u00f0 lifa, \u00fe\u00e1 hann er sloppinn \u00far sj\u00e1varh\u00e1skanum.<a name=\"5\"><span class=\"versanumer\">5<\/span><\/a>P\u00e1ll hristi \u00fe\u00e1 af s\u00e9r kvikindi\u00f0 \u00fat \u00ed eldinn, og var\u00f0 ekkert meint vi\u00f0.<a name=\"6\"><span class=\"versanumer\">6<\/span><\/a>En \u00feeir v\u00e6ntu eftir a\u00f0 hann mundi \u00fer\u00fatna upp e\u00f0ur detta sviplega dau\u00f0ur ni\u00f0ur. En er \u00feeir h\u00f6f\u00f0u bi\u00f0leika\u00f0 lengi og s\u00e1u ekkert fr\u00e1brug\u00f0i\u00f0 \u00e1 honum, breyttu \u00feeir meiningu sinni, og s\u00f6g\u00f0u hann Gu\u00f0 vera.<br \/><a name=\"7\"><span class=\"versanumer\">7<\/span><\/a>\u00cd grennd vi\u00f0 \u00feetta pl\u00e1ss \u00e1tti helsti ma\u00f0ur \u00e1 eyjunni, a\u00f0 nafni P\u00fabl\u00edus, b\u00fagar\u00f0. Hann bau\u00f0 oss heim og h\u00fdsti oss \u00ed \u00ferj\u00e1 daga vingjarnlega.<a name=\"8\"><span class=\"versanumer\">8<\/span><\/a>En \u00fea\u00f0 vildi svo til, a\u00f0 fa\u00f0ir hans l\u00e1 \u00feunglega haldinn af s\u00f3ttveiki og ni\u00f0urgangi. P\u00e1ll gekk til hans, ba\u00f0st fyrir, lag\u00f0i s\u00ednar hendur yfir hann og l\u00e6kna\u00f0i hann.<a name=\"9\"><span class=\"versanumer\">9<\/span><\/a>Eftir \u00feenna vi\u00f0bur\u00f0 komu a\u00f0rir eyjarmenn, \u00feeir e\u00f0 krankir voru, og l\u00e9tu sig l\u00e6kna.<a name=\"10\"><span class=\"versanumer\">10<\/span><\/a>\u00deeir h\u00f6f\u00f0u oss l\u00edka \u00ed h\u00e1vegum, og veittu oss a\u00f0 skilna\u00f0i \u00fea\u00f0 sem v\u00e9r me\u00f0\u00feurftum \u00e1 fer\u00f0inni. <br \/><a name=\"11\"><span class=\"versanumer\">11<\/span><\/a>Eftir \u00ferj\u00e1 m\u00e1nu\u00f0i h\u00e9ldum v\u00e9r \u00fea\u00f0an \u00e1 skipi fr\u00e1 Alexandr\u00edu, sem legi\u00f0 haf\u00f0i \u00fear um veturinn og marka\u00f0 var Tv\u00edburunum <span class='VideyAth'>a)<\/span>.<a name=\"12\"><span class=\"versanumer\">12<\/span><\/a>V\u00e9r sigldum n\u00fa til S\u00fdrak\u00fasu og dv\u00f6ldum \u00fear \u00ferj\u00e1 daga.<a name=\"13\"><span class=\"versanumer\">13<\/span><\/a>\u00dea\u00f0an sigldum v\u00e9r \u00ed kring <span class='VideyAth'>b)<\/span> og komum yfir til Reg\u00edum; fengum \u00fe\u00e1 eftir einn dag byr \u00e1 sunnan og komum n\u00e6sta dag til P\u00faet\u00f3li.<a name=\"14\"><span class=\"versanumer\">14<\/span><\/a>\u00dear fundum v\u00e9r br\u00e6\u00f0urna, sem b\u00e1\u00f0u oss a\u00f0 dvelja hj\u00e1 s\u00e9r sj\u00f6 daga, og svo komumst v\u00e9r til R\u00f3m.<a name=\"15\"><span class=\"versanumer\">15<\/span><\/a>Undir eins og br\u00e6\u00f0urnir \u00fear heyr\u00f0u vor geti\u00f0, gengu \u00feeir \u00fat \u00e1 m\u00f3ti oss til App\u00ed\u00edtorgs og svo nefndra \u00deriggja b\u00fa\u00f0a. \u00deegar P\u00e1ll s\u00e1 \u00fe\u00e1, gj\u00f6r\u00f0i hann Gu\u00f0i \u00feakkir og hresstist \u00ed huga.<a name=\"16\"><span class=\"versanumer\">16<\/span><\/a>En er v\u00e9r komum til R\u00f3maborgar, afhenti hundra\u00f0sh\u00f6f\u00f0inginn bandingjana hir\u00f0stj\u00f3ranum, en P\u00e1li var leyft a\u00f0 vera \u00ed h\u00fasi s\u00e9r, undir g\u00e6slu eins str\u00ed\u00f0smanns. <br \/><a name=\"17\"><span class=\"versanumer\">17<\/span><\/a>\u00dea\u00f0 ske\u00f0i eftir \u00ferj\u00e1 daga, a\u00f0 P\u00e1ll samankalla\u00f0i helstu menn Gy\u00f0inga, og \u00fe\u00e1 \u00feeir voru komnir, m\u00e6lti hann: g\u00f3\u00f0ir menn og br\u00e6\u00f0ur! jafnvel \u00fe\u00f3tt eg ekkert bryti m\u00f3ti \u00fej\u00f3\u00f0 vorri, e\u00f0ur si\u00f0um fe\u00f0ra vorra, var eg <span class='VideyAth'>(samt)<\/span> \u00ed Jer\u00fasalem bundinn og ofurseldur R\u00f3mverjum,<a name=\"18\"><span class=\"versanumer\">18<\/span><\/a>hverjir, eftir haldi\u00f0 rannsak, vildu l\u00e1ta mig lausan, \u00fear e\u00f0 engin misgj\u00f6r\u00f0, sem dau\u00f0a v\u00e6ri ver\u00f0, fannst hj\u00e1 m\u00e9r.<a name=\"19\"><span class=\"versanumer\">19<\/span><\/a>En er Gy\u00f0ingar \u00fevert\u00f3ku \u00fea\u00f0, neyddist eg til a\u00f0 skj\u00f3ta m\u00e9r fyrir keisarann, \u00fe\u00f3 ekki \u00ed \u00feeirri veru, a\u00f0 eg hef\u00f0i nokku\u00f0 a\u00f0 klaga \u00fej\u00f3\u00f0 m\u00edna fyrir.<a name=\"20\"><span class=\"versanumer\">20<\/span><\/a>Af \u00feessari ors\u00f6k hefi eg l\u00e1ti\u00f0 kalla y\u00f0ur, svo eg m\u00e6tti sj\u00e1 og tala vi\u00f0 y\u00f0ur; \u00fev\u00ed s\u00f6kum \u00cdsraels vonar <span class='VideyAth'>c)<\/span> ber eg \u00feessa hlekki.<a name=\"21\"><span class=\"versanumer\">21<\/span><\/a>\u00deeir sv\u00f6ru\u00f0u: engin br\u00e9f h\u00f6fum v\u00e9r fengi\u00f0 fr\u00e1 Gy\u00f0ingalandi \u00feig \u00e1hr\u00e6randi og enginn landi vor er kominn, sem bori\u00f0 hafi e\u00f0ur tala\u00f0 nokku\u00f0 illt um \u00feig.<a name=\"22\"><span class=\"versanumer\">22<\/span><\/a>Allt a\u00f0 einu \u00f3skum v\u00e9r a\u00f0 heyra hva\u00f0 \u00fe\u00e9r s\u00fdnist; \u00fev\u00ed \u00fea\u00f0 er oss kunnugt, a\u00f0 \u00feessi tr\u00faarflokkur f\u00e6r allssta\u00f0ar m\u00f3tm\u00e6li.<a name=\"23\"><span class=\"versanumer\">23<\/span><\/a>\u00c1 tilteknum degi, sem \u00feeir h\u00f6f\u00f0u \u00e1kve\u00f0i\u00f0 vi\u00f0 hann, komu mj\u00f6g margir \u00ed hans herbergi, og fr\u00e1 \u00fev\u00ed \u00e1rla um morguninn til kv\u00f6lds, setti hann \u00feeim fyrir sj\u00f3nir og \u00fat\u00fe\u00fdddi \u00feeim l\u00e6rd\u00f3minn um Gu\u00f0s r\u00edki og leita\u00f0ist vi\u00f0 af M\u00f3sisl\u00f6gm\u00e1li og sp\u00e1m\u00f6nnunum, a\u00f0 sanna \u00fea\u00f0 allt, er snerti Jes\u00fam.<a name=\"24\"><span class=\"versanumer\">24<\/span><\/a>Nokkrir f\u00e9llust \u00e1 \u00fea\u00f0 sem hann sag\u00f0i, en sumir l\u00e9tu sig ekki sannf\u00e6ra.<a name=\"25\"><span class=\"versanumer\">25<\/span><\/a>\u00de\u00e1 \u00feeir n\u00fa skildust a\u00f0 sundur\u00feykkir s\u00edn \u00e1 milli, b\u00e6tti P\u00e1ll \u00feessu eina vi\u00f0: \u00e1g\u00e6tlega hefir heilagur Andi fyrir munn Esa\u00edasar sp\u00e1manns a\u00f0 or\u00f0i kve\u00f0i\u00f0 vi\u00f0 fe\u00f0ur vora:<a name=\"26\"><span class=\"versanumer\">26<\/span><\/a>\u201efar til \u00feessa f\u00f3lks og seg: me\u00f0 eyrunum munu\u00f0 \u00fe\u00e9r heyra og ekki skilja; sj\u00e1andi munu\u00f0 \u00fe\u00e9r horfa \u00e1, og samt ekki sj\u00e1;<a name=\"27\"><span class=\"versanumer\">27<\/span><\/a>\u00fev\u00ed tilfinningarlaust er or\u00f0i\u00f0 hjarta \u00feessa f\u00f3lks; \u00feungheyr\u00f0ar eru hlustir \u00feess; augunum heldur \u00fea\u00f0 fast aftur, svo \u00fea\u00f0 f\u00e1i ekki s\u00e9\u00f0 me\u00f0 augunum, n\u00e9 heyrt me\u00f0 eyrunum, n\u00e9 skynja\u00f0 me\u00f0 hjartanu, e\u00f0ur sn\u00fai s\u00e9r, svo eg geti\u00f0 l\u00e6kna\u00f0 \u00fea\u00f0\u201c.<a name=\"28\"><span class=\"versanumer\">28<\/span><\/a>Y\u00f0ur s\u00e9 \u00fev\u00ed vitanlegt: a\u00f0 Gu\u00f0s hj\u00e1lpr\u00e6\u00f0i er burt sent til hei\u00f0inna \u00fej\u00f3\u00f0a, sem \u00fev\u00ed munu sinna.<a name=\"29\"><span class=\"versanumer\">29<\/span><\/a>\u00deegar hann haf\u00f0i svo tala\u00f0, gengu Gy\u00f0ingarnir burtu og h\u00f6f\u00f0u mikla \u00fer\u00e1ttun innbyr\u00f0is.<a name=\"30\"><span class=\"versanumer\">30<\/span><\/a>P\u00e1ll bj\u00f3 full tv\u00f6 \u00e1r \u00ed herbergi \u00fev\u00ed er hann haf\u00f0i til leigu, t\u00f3k \u00e1 m\u00f3ti \u00f6llum, er til hans komu, bo\u00f0a\u00f0i Gu\u00f0s r\u00edki og kenndi um Herrann Jes\u00fam me\u00f0 allri dj\u00f6rfung, og banna\u00f0i honum \u00fea\u00f0 enginn.<\/p>\n<div class=\"footnoteVidey\">V. 1. a. L\u00edklega s\u00fa ey, sem n\u00fa kallast Malta.  V. 2. b. \u00datlenda k\u00f6llu\u00f0u Grikkir og R\u00f3mverjar alla \u00fe\u00e1 sem voru annarrar \u00fej\u00f3\u00f0ar. \u00deeir \u00e1 Malta voru \u00e6tta\u00f0ir fr\u00e1 Kartag\u00f3, \u00f3vinaborg R\u00f3mverja, en \u00e1 skipinu voru r\u00f3mverskir menn.  V. 11. a. \u00deessir hei\u00f0nu gu\u00f0ir nefndust annar Kastor en annar Poll\u00fax, og d\u00fdrku\u00f0ust s\u00e9r\u00edlagi af sj\u00f3farendum.  V. 13. b. \u00cd kring, anna\u00f0hv\u00f6rt \u00ed kring um \u00cdtal\u00eduodda, e\u00f0a nes \u00fea\u00f0, \u00e1 Sikiley, sem er fyrir nor\u00f0an S\u00fdrak\u00fasu. V. 15. Appiitorg var l\u00edtil borg, sem l\u00e1 43 r\u00f3mverskar m\u00edlur fr\u00e1 R\u00f3m vi\u00f0 Appii \u00fej\u00f3\u00f0braut. \u00de\u00e6r \u00derj\u00e1r b\u00fa\u00f0ir var gestgjafah\u00fas, 10 m\u00edlur n\u00e6r R\u00f3maborg.  V. 20. c. \u00cdsraels vonar um komu Frelsarans.  V. 26. Es. 6,9.10.<\/div>\n","protected":false},"excerpt":{"rendered":"<p>F\u00f3lki\u00f0 \u00e1 Mel\u00edte au\u00f0s\u00fdnir P\u00e1li mikinn vingjarnleika; P\u00e1ll ska\u00f0ast ekki af n\u00f6\u00f0runni; hann l\u00e6knar f\u00f6\u00f0ur Publ\u00edusar og fleiri; siglir \u00fea\u00f0an til S\u00fdrak\u00fasa og P\u00faet\u00f3li og kemur til R\u00f3m; heldur r\u00e6\u00f0u fyrir Gy\u00f0ingunum \u00ed R\u00f3m; kennir \u00fear hindrunarlaust \u00ed tv\u00f6 \u00e1r. 1\u00de\u00e1 menn \u00feannig h\u00f6f\u00f0u af komist, fengu \u00feeir a\u00f0 vita, a\u00f0 eyjan h\u00e9t Mel\u00edte a).2\u00deeir \u00fatlendu b) sem \u00fear bjuggu, au\u00f0s\u00fdndu oss ekki algenga mannelsku, kveiktu eld og t\u00f3ku m\u00f3ti oss \u00f6llum, \u00fev\u00ed \u00f3ve\u00f0ur var og kuldi.3En er P\u00e1ll haf\u00f0i safna\u00f0 s\u00e9r hr\u00edsvendli og lagt \u00e1 eldinn, \u00fe\u00e1 skrei\u00f0 na\u00f0ra undan hitanum og festi sig \u00e1 hendi hans.4\u00deegar eyjarmennirnir s\u00e1u <a href=\"https:\/\/biblian.is\/videy\/postulasagan-28-kafli\/\"> [&#8230;]<\/a><\/p>\n","protected":false},"author":1,"featured_media":0,"parent":0,"menu_order":0,"comment_status":"open","ping_status":"open","template":"bibliukaflar.php","meta":{"footnotes":""},"class_list":["post-21895","page","type-page","status-publish","hentry"],"_links":{"self":[{"href":"https:\/\/biblian.is\/videy\/wp-json\/wp\/v2\/pages\/21895","targetHints":{"allow":["GET"]}}],"collection":[{"href":"https:\/\/biblian.is\/videy\/wp-json\/wp\/v2\/pages"}],"about":[{"href":"https:\/\/biblian.is\/videy\/wp-json\/wp\/v2\/types\/page"}],"author":[{"embeddable":true,"href":"https:\/\/biblian.is\/videy\/wp-json\/wp\/v2\/users\/1"}],"replies":[{"embeddable":true,"href":"https:\/\/biblian.is\/videy\/wp-json\/wp\/v2\/comments?post=21895"}],"version-history":[{"count":0,"href":"https:\/\/biblian.is\/videy\/wp-json\/wp\/v2\/pages\/21895\/revisions"}],"wp:attachment":[{"href":"https:\/\/biblian.is\/videy\/wp-json\/wp\/v2\/media?parent=21895"}],"curies":[{"name":"wp","href":"https:\/\/api.w.org\/{rel}","templated":true}]}}