{"id":21887,"date":"2018-01-02T01:04:35","date_gmt":"2018-01-02T01:04:35","guid":{"rendered":"http:\/\/biblian.is\/videy\/postulasagan-20-kafli\/"},"modified":"2018-01-02T01:04:35","modified_gmt":"2018-01-02T01:04:35","slug":"postulasagan-20-kafli","status":"publish","type":"page","link":"https:\/\/biblian.is\/videy\/postulasagan-20-kafli\/","title":{"rendered":"Postulasagan 20. kafli"},"content":{"rendered":"<div class=\"fyrirsognVidey\">P\u00e1ll fer til Measedon\u00edu og Grikklands og \u00fea\u00f0an aftur til Tr\u00f3as, hvar hann kennir og endurl\u00edfgar Evtykus; heldur \u00e1fram til Assus og Miletus; h\u00e9r kve\u00f0ur hann \u00f6ldungana \u00ed Efesus me\u00f0 hr\u00e6r\u00f0u hjarta.<\/div>\n<p><a name=\"1\"><span class=\"versanumer\">1<\/span><\/a>Eftir a\u00f0 \u00feessi \u00f3r\u00f3i var st\u00f6\u00f0va\u00f0ur, kalla\u00f0i P\u00e1ll l\u00e6risveinana saman, kvaddi \u00fe\u00e1 og f\u00f3r af sta\u00f0 til Masedon\u00edu.<a name=\"2\"><span class=\"versanumer\">2<\/span><\/a>Og er hann haf\u00f0i fari\u00f0 um \u00feau landspl\u00e1ss og me\u00f0 m\u00f6rgum or\u00f0um \u00e1minnt br\u00e6\u00f0urna, kom hann til Grikklands.<a name=\"3\"><span class=\"versanumer\">3<\/span><\/a>\u00dear dvaldi hann \u00ferj\u00e1 m\u00e1nu\u00f0i; en er honum v\u00f3ru veitt ums\u00e1tur af Gy\u00f0ingum, \u00fe\u00e1 hann \u00e6tla\u00f0i til S\u00fdrlands, var\u00f0 hann \u00feess sinnis a\u00f0 sn\u00faa aftur um Masedon\u00edu.<a name=\"4\"><span class=\"versanumer\">4<\/span><\/a>Fylgdu honum \u00fe\u00e1 \u00e1 veg allt til As\u00edu, S\u00f3pater fr\u00e1 Ber\u00f3ea, Aristarkus og Sek\u00fandus fr\u00e1 Tessalon\u00edku, Gajus fr\u00e1 Derbe og T\u00edm\u00f3teus; en af Austur\u00e1lfu m\u00f6nnum Tyk\u00edkus og Tr\u00f3f\u00edmus.<a name=\"5\"><span class=\"versanumer\">5<\/span><\/a>\u00deessir f\u00f3ru \u00e1 undan oss og bi\u00f0u vor \u00ed Tr\u00f3as.<a name=\"6\"><span class=\"versanumer\">6<\/span><\/a>En v\u00e9r sigldum eftir daga hinna \u00f3s\u00fdr\u00f0u brau\u00f0anna fr\u00e1 Filipp\u00ed, og hittum \u00fe\u00e1 \u00e1 fimmta degi \u00ed Tr\u00f3as, hvar v\u00e9r t\u00f6f\u00f0um sj\u00f6 daga.<a name=\"7\"><span class=\"versanumer\">7<\/span><\/a>En \u00e1 fyrsta degi vikunnar, \u00fe\u00e1 v\u00e9r v\u00f3rum samankomnir til a\u00f0 brj\u00f3ta brau\u00f0i\u00f0 <span class='VideyAth'>a)<\/span>, h\u00e9lt P\u00e1ll r\u00e6\u00f0u, \u00fev\u00ed hann \u00e6tla\u00f0i a\u00f0 fer\u00f0ast morguninn eftir og teyg\u00f0i r\u00e6\u00f0una til mi\u00f0n\u00e6ttis.<a name=\"8\"><span class=\"versanumer\">8<\/span><\/a>Samkoman var \u00e1 loftsal, hvar m\u00f6rg lj\u00f3s brunnu;<a name=\"9\"><span class=\"versanumer\">9<\/span><\/a>en \u00ed glugganum sat eitt ungmenni a\u00f0 nafni Evtykus, \u00e1 hann f\u00e9ll \u00feungur svefn, \u00fe\u00e1 P\u00e1ll r\u00e6ddi svo lengi, og yfirkominn af svefninum datt hann ofan \u00far \u00feri\u00f0ja lofti ni\u00f0ur \u00e1 jafnsl\u00e9ttu, og var tekinn upp andvana.<a name=\"10\"><span class=\"versanumer\">10<\/span><\/a>P\u00e1ll gekk \u00fe\u00e1 ofan, lag\u00f0ist ni\u00f0ur a\u00f0 honum, umfa\u00f0ma\u00f0i hann, og sag\u00f0i: gj\u00f6ri\u00f0 engan h\u00e1va\u00f0a!<a name=\"11\"><span class=\"versanumer\">11<\/span><\/a>hann er me\u00f0 l\u00edfi; st\u00e9 s\u00ed\u00f0an upp aftur, brau\u00f0 brau\u00f0i\u00f0 og neytti, tala\u00f0i vi\u00f0 \u00fe\u00e1 lengi, allt \u00fear til dagur lj\u00f3ma\u00f0i og f\u00f3r svo sinn veg;<a name=\"12\"><span class=\"versanumer\">12<\/span><\/a>en \u00feeir f\u00f3ru burt me\u00f0 sveininn lifanda, og ur\u00f0u n\u00e6sta gla\u00f0ir.<a name=\"13\"><span class=\"versanumer\">13<\/span><\/a>V\u00e9r stigum n\u00fa \u00e1 skip og f\u00f3rum \u00e1 undan til Assus, hvar P\u00e1ll \u00e1tti a\u00f0 takast \u00e1 skip, \u00fev\u00ed svo haf\u00f0i hann r\u00e1\u00f0 fyrir gj\u00f6rt, en \u00e6tla\u00f0i a\u00f0 fara sj\u00e1lfur \u00feanga\u00f0 f\u00f3tgangandi.<a name=\"14\"><span class=\"versanumer\">14<\/span><\/a>\u00de\u00e1 fundum vorum haf\u00f0i bori\u00f0 saman \u00ed Assus og v\u00e9r h\u00f6f\u00f0um teki\u00f0 vi\u00f0 honum, komum vi\u00f0 til Mitylene.<a name=\"15\"><span class=\"versanumer\">15<\/span><\/a>\u00dea\u00f0an sigldum v\u00e9r og komumst annars dags gagnvart K\u00edos. Daginn eftir l\u00f6g\u00f0um v\u00e9r a\u00f0 Samus, og st\u00f6ldru\u00f0um vi\u00f0 \u00ed Tr\u00f3gill\u00edon, og komum n\u00e6sta dag til M\u00edletus.<a name=\"16\"><span class=\"versanumer\">16<\/span><\/a>P\u00e1ll \u00e6tla\u00f0i a\u00f0 sigla framhj\u00e1 Efes\u00fas, svo hann tef\u00f0i sem skemmst \u00ed As\u00edu, \u00fev\u00ed hann fl\u00fdtti s\u00e9r, svo a\u00f0 hann, ef m\u00f6gulegt yr\u00f0i, g\u00e6ti veri\u00f0 \u00e1 hv\u00edtasunnuh\u00e1t\u00ed\u00f0inni \u00ed Jer\u00fasalem. <br \/><a name=\"17\"><span class=\"versanumer\">17<\/span><\/a>Fr\u00e1 M\u00edletus sendi hann til Efesus, a\u00f0 kalla \u00e1 \u00f6ldunga safna\u00f0arins;<a name=\"18\"><span class=\"versanumer\">18<\/span><\/a>og sem \u00feeir voru til hans komnir, \u00e1varpa\u00f0i hann \u00fe\u00e1 \u00feannig: \u00fe\u00e9r viti\u00f0 hv\u00f6rnig eg, einl\u00e6gt fr\u00e1 \u00feeim fyrsta degi eg kom \u00ed As\u00edu, hefi haga\u00f0 m\u00e9r me\u00f0al y\u00f0ar,<a name=\"19\"><span class=\"versanumer\">19<\/span><\/a>\u00ed erindum Drottins, \u00e1n yfirgirndar og st\u00f3rl\u00e6tis, oft me\u00f0 t\u00e1rum og \u00ed vandr\u00e6\u00f0um, sem Gy\u00f0inganna v\u00e9lr\u00e6\u00f0i hafa baka\u00f0 m\u00e9r;<a name=\"20\"><span class=\"versanumer\">20<\/span><\/a>hv\u00f6rsu eg hefi ekkert undanfellt, \u00fea\u00f0 y\u00f0ur v\u00e6ri til nytsemdar, heldur birt \u00fea\u00f0 og kennt, b\u00e6\u00f0i opinberlega og \u00ed heimah\u00fasum,<a name=\"21\"><span class=\"versanumer\">21<\/span><\/a>\u00e1minnandi svo vel Gy\u00f0inga sem Grikki, a\u00f0 sn\u00faa s\u00e9r til Gu\u00f0s og til tr\u00faarinnar \u00e1 Drottin vorn Jes\u00fam Krist;<a name=\"22\"><span class=\"versanumer\">22<\/span><\/a>og sj\u00e1i\u00f0! n\u00fa em eg bundinn \u00ed anda <span class='VideyAth'>a)<\/span> a\u00f0 fara upp til Jer\u00fasalem, \u00f3viss um, hva\u00f0 \u00fear muni m\u00e6ta m\u00e9r,<a name=\"23\"><span class=\"versanumer\">23<\/span><\/a>nema hva\u00f0 heilagur Andi \u00ed s\u00e9rhv\u00f6rri borg birtir m\u00e9r og segir m\u00e9r, a\u00f0 fj\u00f6tur og harmkv\u00e6li b\u00ed\u00f0i m\u00edn.<a name=\"24\"><span class=\"versanumer\">24<\/span><\/a>En eg set \u00fea\u00f0 ekkert fyrir mig, met og ekki d\u00fdrt l\u00edf mitt, svo a\u00f0 eg me\u00f0 gle\u00f0i fullendi mitt skei\u00f0 og emb\u00e6tti, sem eg hefi teki\u00f0 vi\u00f0 af Herranum Jes\u00fa, a\u00f0 augl\u00fdsa h\u00e1t\u00ed\u00f0lega fagna\u00f0arbo\u00f0skap gu\u00f0legrar n\u00e1\u00f0ar.<a name=\"25\"><span class=\"versanumer\">25<\/span><\/a>Og taki\u00f0 n\u00fa eftir! eg veit a\u00f0 enginn af y\u00f0ur \u00f6llum, me\u00f0al hv\u00f6rra eg hefi gengi\u00f0 og kennt um Gu\u00f0s r\u00edki, muni framar sj\u00e1 mitt auglit.<a name=\"26\"><span class=\"versanumer\">26<\/span><\/a>\u00dev\u00ed vitna eg n\u00fa fyrir y\u00f0ur \u00ed dag, a\u00f0 eg em hreinn af bl\u00f3\u00f0i <span class='VideyAth'>b)<\/span> allra;<a name=\"27\"><span class=\"versanumer\">27<\/span><\/a>\u00fev\u00ed eg hefi ekki hl\u00edft vi\u00f0 a\u00f0 opinbera y\u00f0ur allt Gu\u00f0s r\u00e1\u00f0.<a name=\"28\"><span class=\"versanumer\">28<\/span><\/a>Hafi\u00f0 n\u00fa g\u00e1t \u00e1 sj\u00e1lfum y\u00f0ur og \u00e1 allri hj\u00f6r\u00f0inni, yfir hv\u00f6rja heilagur Andi setti y\u00f0ur tilsj\u00f3narmenn, a\u00f0 annast s\u00f6fnu\u00f0 Drottins, hv\u00f6rn hann \u00fatvega\u00f0 hefir me\u00f0 sj\u00e1lfs s\u00edns bl\u00f3\u00f0i;<a name=\"29\"><span class=\"versanumer\">29<\/span><\/a>\u00fev\u00ed \u00feetta veit eg, a\u00f0 eftir burtf\u00f6r m\u00edna munu grimmir vargar smeygja s\u00e9r inn \u00e1 milli y\u00f0ar, \u00feeir e\u00f0 ekki munu \u00feyrma hj\u00f6r\u00f0inni;<a name=\"30\"><span class=\"versanumer\">30<\/span><\/a>og me\u00f0al sj\u00e1lfra y\u00f0ar munu r\u00edsa upp menn, og fara me\u00f0 rangsn\u00fana l\u00e6rd\u00f3ma, til a\u00f0 lei\u00f0a l\u00e6risveinana afvega me\u00f0 s\u00e9r.<a name=\"31\"><span class=\"versanumer\">31<\/span><\/a>Vaki\u00f0 \u00feess vegna og veri\u00f0 \u00feess minnugir, a\u00f0 eg hefi \u00ed \u00ferj\u00fa \u00e1r n\u00f3tt og dag, ekki afl\u00e1ti\u00f0, me\u00f0 gr\u00e1tandi t\u00e1rum, a\u00f0 \u00e1minna hv\u00f6rn og einn.<a name=\"32\"><span class=\"versanumer\">32<\/span><\/a>Og n\u00fa fel eg y\u00f0ur, br\u00e6\u00f0ur! Gu\u00f0i og or\u00f0i hans n\u00e1\u00f0ar, hv\u00f6rt m\u00e1ttugt er enn betur a\u00f0 efla y\u00f0ur og veita y\u00f0ur arft\u00f6ku me\u00f0al allra helga\u00f0ra.<a name=\"33\"><span class=\"versanumer\">33<\/span><\/a>Einkis silfur e\u00f0a gull, e\u00f0ur kl\u00e6\u00f0i hefi eg girnst.<a name=\"34\"><span class=\"versanumer\">34<\/span><\/a>Sj\u00e1lfir viti\u00f0 \u00fe\u00e9r, a\u00f0 hendur \u00feessar hafa unni\u00f0 fyrir m\u00ednum nau\u00f0\u00feurftum og \u00feeirra, sem me\u00f0 m\u00e9r voru.<a name=\"35\"><span class=\"versanumer\">35<\/span><\/a>\u00cd \u00f6llu s\u00fdnda eg y\u00f0ur, a\u00f0 oss byrja\u00f0i \u00feannig a\u00f0 vinna, og a\u00f0sto\u00f0a hj\u00e1lpar\u00feurfendur, og minnast or\u00f0a Drottins Jes\u00fa, \u00fev\u00ed hann sag\u00f0i: \u201es\u00e6lla er a\u00f0 gefa, en a\u00f0 \u00feiggja\u201c.<a name=\"36\"><span class=\"versanumer\">36<\/span><\/a>A\u00f0 svo m\u00e6ltu f\u00e9ll hann \u00e1 kn\u00e9 og bau\u00f0st fyrir, \u00e1samt \u00feeim \u00f6llum,<a name=\"37\"><span class=\"versanumer\">37<\/span><\/a>og \u00feeir gr\u00e9tu allir h\u00e1st\u00f6fum, l\u00f6g\u00f0u hendur um h\u00e1ls P\u00e1li og kysstu hann,<a name=\"38\"><span class=\"versanumer\">38<\/span><\/a>mest sorgbitnir af \u00fev\u00ed or\u00f0i, er hann haf\u00f0i sagt, a\u00f0 \u00feeir aldrei framar mundu sj\u00e1 hans auglit; og \u00feeir fylgdu honum til skips.<\/p>\n<div class=\"footnoteVidey\">V. 7. a. \u00de. e. a\u00f0 halda k\u00e6rleiksm\u00e1lt\u00ed\u00f0, sem \u00ed enni fyrstu kristni fylgdi kv\u00f6ldm\u00e1lt\u00ed\u00f0ar nautninni, 1 Kor. 11,23\u201326.  V. 22. a. \u00de. e. kn\u00fa\u00f0ur af Gu\u00f0s Anda. V. 26. b. \u00d3f\u00f6rum.  V. 28. T\u00edt. 2,14.<\/div>\n","protected":false},"excerpt":{"rendered":"<p>P\u00e1ll fer til Measedon\u00edu og Grikklands og \u00fea\u00f0an aftur til Tr\u00f3as, hvar hann kennir og endurl\u00edfgar Evtykus; heldur \u00e1fram til Assus og Miletus; h\u00e9r kve\u00f0ur hann \u00f6ldungana \u00ed Efesus me\u00f0 hr\u00e6r\u00f0u hjarta. 1Eftir a\u00f0 \u00feessi \u00f3r\u00f3i var st\u00f6\u00f0va\u00f0ur, kalla\u00f0i P\u00e1ll l\u00e6risveinana saman, kvaddi \u00fe\u00e1 og f\u00f3r af sta\u00f0 til Masedon\u00edu.2Og er hann haf\u00f0i fari\u00f0 um \u00feau landspl\u00e1ss og me\u00f0 m\u00f6rgum or\u00f0um \u00e1minnt br\u00e6\u00f0urna, kom hann til Grikklands.3\u00dear dvaldi hann \u00ferj\u00e1 m\u00e1nu\u00f0i; en er honum v\u00f3ru veitt ums\u00e1tur af Gy\u00f0ingum, \u00fe\u00e1 hann \u00e6tla\u00f0i til S\u00fdrlands, var\u00f0 hann \u00feess sinnis a\u00f0 sn\u00faa aftur um Masedon\u00edu.4Fylgdu honum \u00fe\u00e1 \u00e1 veg allt til As\u00edu, <a href=\"https:\/\/biblian.is\/videy\/postulasagan-20-kafli\/\"> [&#8230;]<\/a><\/p>\n","protected":false},"author":1,"featured_media":0,"parent":0,"menu_order":0,"comment_status":"open","ping_status":"open","template":"bibliukaflar.php","meta":{"footnotes":""},"class_list":["post-21887","page","type-page","status-publish","hentry"],"_links":{"self":[{"href":"https:\/\/biblian.is\/videy\/wp-json\/wp\/v2\/pages\/21887","targetHints":{"allow":["GET"]}}],"collection":[{"href":"https:\/\/biblian.is\/videy\/wp-json\/wp\/v2\/pages"}],"about":[{"href":"https:\/\/biblian.is\/videy\/wp-json\/wp\/v2\/types\/page"}],"author":[{"embeddable":true,"href":"https:\/\/biblian.is\/videy\/wp-json\/wp\/v2\/users\/1"}],"replies":[{"embeddable":true,"href":"https:\/\/biblian.is\/videy\/wp-json\/wp\/v2\/comments?post=21887"}],"version-history":[{"count":0,"href":"https:\/\/biblian.is\/videy\/wp-json\/wp\/v2\/pages\/21887\/revisions"}],"wp:attachment":[{"href":"https:\/\/biblian.is\/videy\/wp-json\/wp\/v2\/media?parent=21887"}],"curies":[{"name":"wp","href":"https:\/\/api.w.org\/{rel}","templated":true}]}}