{"id":21882,"date":"2018-01-02T01:04:35","date_gmt":"2018-01-02T01:04:35","guid":{"rendered":"http:\/\/biblian.is\/videy\/postulasagan-15-kafli\/"},"modified":"2018-01-02T01:04:35","modified_gmt":"2018-01-02T01:04:35","slug":"postulasagan-15-kafli","status":"publish","type":"page","link":"https:\/\/biblian.is\/videy\/postulasagan-15-kafli\/","title":{"rendered":"Postulasagan 15. kafli"},"content":{"rendered":"<div class=\"fyrirsognVidey\">P\u00e1ll og Barnabas sendast til Jer\u00fasalem til a\u00f0 spyrja, hvert kristnir \u00feyrftu a\u00f0 halda M\u00f3sis l\u00f6gm\u00e1l: og f\u00e1 svar; \u00feeir koma til Ant\u00edokk\u00edu aftur \u00e1samt J\u00fadasi og S\u00edlasi; Barnabas og P\u00e1ll skilja.<\/div>\n<p><a name=\"1\"><span class=\"versanumer\">1<\/span><\/a>N\u00fa komu nokkrir ofan fr\u00e1 J\u00fadeu, sem kenndu br\u00e6\u00f0runum svo: ef \u00fe\u00e9r ekki umskerist a\u00f0 si\u00f0 M\u00f3sis, \u00fe\u00e1 geti\u00f0 \u00fe\u00e9r ekki or\u00f0i\u00f0 h\u00f3lpnir.<a name=\"2\"><span class=\"versanumer\">2<\/span><\/a>\u00deegar \u00far \u00feessu var\u00f0 ekki l\u00edtil miskl\u00ed\u00f0 og \u00fer\u00e6tni milli P\u00e1ls og Barnabasar og \u00feeirra, var \u00fea\u00f0 afr\u00e1\u00f0i\u00f0 a\u00f0 P\u00e1ll og Barnabas, og nokkrir a\u00f0rir af hinum, f\u00e6ru til postulanna og \u00f6ldunganna upp til Jer\u00fasalem, \u00e1hr\u00e6randi \u00feennan \u00e1greining.<a name=\"3\"><span class=\"versanumer\">3<\/span><\/a>S\u00f6fnu\u00f0urinn fylgdi \u00feeim \u00e1 veg. S\u00ed\u00f0an fer\u00f0u\u00f0ust \u00feeir um F\u00f6nis\u00edu og Samar\u00edul\u00f6nd og s\u00f6g\u00f0u fr\u00e1 si\u00f0askiptum <span class='VideyAth'>c)<\/span> hei\u00f0ingjanna, hva\u00f0 e\u00f0 olli mikils fagna\u00f0ar \u00f6llum br\u00e6\u00f0runum.<a name=\"4\"><span class=\"versanumer\">4<\/span><\/a>En \u00feegar \u00feeir komu til Jer\u00fasalem, var \u00feeim vel teki\u00f0 af s\u00f6fnu\u00f0inum og postulunum og \u00f6ldungunum, hverjum \u00feeir og inntu, hversu miklu Gu\u00f0 hef\u00f0i til lei\u00f0ar komi\u00f0 fyrir \u00feeirra ums\u00fdslun.<a name=\"5\"><span class=\"versanumer\">5<\/span><\/a>En nokkrir tr\u00faa\u00f0ir af far\u00edseanna flokki risu \u00fe\u00e1 upp, og s\u00f6g\u00f0u: ekki m\u00e1 anna\u00f0, enn a\u00f0 \u00feeir umskerist, og \u00feeim s\u00e9 tilhaldi\u00f0 a\u00f0 halda M\u00f3sisl\u00f6g. <br \/><a name=\"6\"><span class=\"versanumer\">6<\/span><\/a>\u00de\u00e1 s\u00f6fnu\u00f0ust postularnir og \u00f6ldungarnir saman til a\u00f0 l\u00edta \u00e1 \u00feetta m\u00e1l.<a name=\"7\"><span class=\"versanumer\">7<\/span><\/a>Eftir langa umr\u00e6\u00f0u, st\u00f3\u00f0 P\u00e9tur upp og m\u00e6lti: g\u00f3\u00f0ir menn og br\u00e6\u00f0ur! \u00fe\u00e9r viti\u00f0, a\u00f0 Gu\u00f0 fyrir l\u00f6ngu hefir haga\u00f0 \u00fev\u00ed svo, a\u00f0 eg \u00e1 me\u00f0al vor yr\u00f0i valinn til \u00feess, a\u00f0 hei\u00f0ingjar skyldu fyrir minn munn heyra n\u00e1\u00f0arbo\u00f0skapinn og tr\u00faa;<a name=\"8\"><span class=\"versanumer\">8<\/span><\/a>og a\u00f0 Gu\u00f0, s\u00e1 e\u00f0 allra hj\u00f6rtu \u00feekkir, vitna\u00f0i \u00fe\u00e1 \u00feeim \u00ed vil, gefandi \u00feeim heilagan Anda, eins og oss,<a name=\"9\"><span class=\"versanumer\">9<\/span><\/a>og gj\u00f6r\u00f0i engan greinarmun vor og \u00feeirra, \u00fear hann hreinsa\u00f0i me\u00f0 tr\u00fanni \u00feeirra hj\u00f6rtu.<a name=\"10\"><span class=\"versanumer\">10<\/span><\/a>Hv\u00ed freisti\u00f0 \u00fe\u00e9r \u00fe\u00e1 Gu\u00f0s, me\u00f0 \u00fev\u00ed a\u00f0 leggja \u00fea\u00f0 ok \u00e1 l\u00e6risveinanna h\u00e1ls, er hv\u00f6rki fe\u00f0ur vorir n\u00e9 v\u00e9r megnu\u00f0um a\u00f0 bera?<a name=\"11\"><span class=\"versanumer\">11<\/span><\/a>V\u00e9r tr\u00faum \u00fe\u00f3 \u00fev\u00ed, a\u00f0 v\u00e9r ver\u00f0um h\u00f3lpnir fyrir n\u00e1\u00f0 Drottins Jes\u00fa, eins og \u00feeir.<a name=\"12\"><span class=\"versanumer\">12<\/span><\/a>N\u00fa \u00feagna\u00f0i m\u00fagurinn, og hlusta\u00f0i \u00e1 fr\u00e1s\u00f6gu Barnabasar og P\u00e1ls um \u00fea\u00f0, hv\u00f6rsu mikil t\u00e1kn og st\u00f3rmerki Gu\u00f0 hef\u00f0i l\u00e1ti\u00f0 \u00fe\u00e1 framkv\u00e6ma me\u00f0al hei\u00f0inna \u00fej\u00f3\u00f0a.<a name=\"13\"><span class=\"versanumer\">13<\/span><\/a>Eftir a\u00f0 \u00feeir voru \u00feagna\u00f0ir, t\u00f3k Jakob til m\u00e1ls og sag\u00f0i:<a name=\"14\"><span class=\"versanumer\">14<\/span><\/a>g\u00f3\u00f0ir menn og br\u00e6\u00f0ur! heyri\u00f0 mig! S\u00edmon hefir fr\u00e1sk\u00fdrt, hv\u00f6rninn Gu\u00f0i \u00fe\u00f3kna\u00f0ist \u00ed fyrstu a\u00f0 \u00fatvelja af hei\u00f0ingjum f\u00f3lk til sinnar vi\u00f0urkenningar,<a name=\"15\"><span class=\"versanumer\">15<\/span><\/a>og \u00feessu samhlj\u00f3\u00f0a umm\u00e6li sp\u00e1mannanna, \u00fev\u00ed svo stendur skrifa\u00f0:<a name=\"16\"><span class=\"versanumer\">16<\/span><\/a>\u201eeftir \u00feetta mun eg koma aftur og endurbyggja \u00fe\u00e1 f\u00f6llnu tjaldb\u00fa\u00f0 Dav\u00ed\u00f0s; \u00fea\u00f0, sem hruni\u00f0 er af henni, vil eg uppbyggja og reisa hana vi\u00f0 aftur,<a name=\"17\"><span class=\"versanumer\">17<\/span><\/a>svo a\u00f0 hinir a\u00f0rir menn leiti Drottins, og allar \u00fe\u00e6r \u00fej\u00f3\u00f0ir yfir hv\u00f6rjum mitt nafn nefnist <span class='VideyAth'>a)<\/span>\u201c.<a name=\"18\"><span class=\"versanumer\">18<\/span><\/a>\u00deetta segir Gu\u00f0, s\u00e1 e\u00f0 hefir framkv\u00e6mt \u00feetta <span class='VideyAth'>b)<\/span>.<a name=\"19\"><span class=\"versanumer\">19<\/span><\/a>\u00dev\u00ed \u00e1lykta eg, a\u00f0 ekki skuli \u00ed\u00feyngja \u00feeim, er fr\u00e1 hei\u00f0ni sn\u00faast til Gu\u00f0s;<a name=\"20\"><span class=\"versanumer\">20<\/span><\/a>heldur skrifa \u00feeim til, a\u00f0 \u00feeir haldi s\u00e9r fr\u00e1 allri flekkan af skur\u00f0go\u00f0um, og fr\u00e1 frillul\u00edfi og fr\u00e1 k\u00f6fnu\u00f0u og fr\u00e1 bl\u00f3\u00f0i.<a name=\"21\"><span class=\"versanumer\">21<\/span><\/a>\u00dev\u00ed fr\u00e1 fornri t\u00ed\u00f0 hefir M\u00f3ses haft s\u00edna pr\u00e9dikara \u00ed hv\u00f6rri borg, og er lesinn \u00ed samkundunum alla helgidaga.<br \/><a name=\"22\"><span class=\"versanumer\">22<\/span><\/a>\u00de\u00e1 leist \u00fea\u00f0 postulunum og \u00f6ldungunum og \u00f6llum s\u00f6fnu\u00f0inum, a\u00f0 \u00fatvelja menn af sinni \u00e1lfu og senda \u00fe\u00e1 me\u00f0 P\u00e1li og Barnabasi til Ant\u00edokk\u00edu, J\u00fadas, kalla\u00f0an Barsabas og S\u00edlas, hv\u00f6rjir er st\u00f3\u00f0u \u00ed miklu \u00e1liti hj\u00e1 br\u00e6\u00f0runum,<a name=\"23\"><span class=\"versanumer\">23<\/span><\/a>og skrifu\u00f0u me\u00f0 \u00feeim svol\u00e1tandi br\u00e9f: v\u00e9r postular, \u00f6ldungar og br\u00e6\u00f0ur, heilsum br\u00e6\u00f0runum, er fr\u00e1 hei\u00f0ni hafa sn\u00faist \u00ed Ant\u00edokk\u00edu, Syrsu og S\u00edlis\u00edu.<a name=\"24\"><span class=\"versanumer\">24<\/span><\/a>\u00dear e\u00f0 v\u00e9r h\u00f6fum heyrt, a\u00f0 nokkrir, er fr\u00e1 oss hafa fari\u00f0, hafi \u00f3r\u00f3a\u00f0 y\u00f0ur me\u00f0 or\u00f0um s\u00ednum og trufla\u00f0 y\u00f0ar samviskur, me\u00f0 \u00fev\u00ed a\u00f0 segja, a\u00f0 \u00fe\u00e9r eigi\u00f0 a\u00f0 umskerast og halda l\u00f6gm\u00e1li\u00f0, hv\u00f6rjum v\u00e9r h\u00f6fum ekkert sl\u00edkt bo\u00f0i\u00f0;<a name=\"25\"><span class=\"versanumer\">25<\/span><\/a>svo hefir oss litist, samm\u00e1la or\u00f0unum um \u00feetta efni, a\u00f0 \u00fatvelja og senda til y\u00f0ar nokkra menn, me\u00f0 vorum elskulega Barnabasi og P\u00e1li,<a name=\"26\"><span class=\"versanumer\">26<\/span><\/a>m\u00f6nnum, er hafa lagt sitt l\u00edf \u00ed h\u00e6ttu fyrir nafn Drottins vors Jes\u00fa Krists.<a name=\"27\"><span class=\"versanumer\">27<\/span><\/a>V\u00e9r h\u00f6fum \u00fev\u00ed \u00fatsent J\u00fadas og S\u00edlas, a\u00f0 \u00feeir munnlega birti y\u00f0ur sama.<a name=\"28\"><span class=\"versanumer\">28<\/span><\/a>En \u00fea\u00f0 er atkv\u00e6\u00f0i heilags Anda og vort: a\u00f0 engin \u00feyngsli skuli y\u00f0ur upp\u00e1leggjast umfram \u00feessi, sem nau\u00f0s\u00fdnleg eru,<a name=\"29\"><span class=\"versanumer\">29<\/span><\/a>a\u00f0 \u00fe\u00e9r haldi\u00f0 y\u00f0ur fr\u00e1 afgu\u00f0af\u00f3rnum og fr\u00e1 bl\u00f3\u00f0i og fr\u00e1 k\u00f6fnu\u00f0u og fr\u00e1 frillul\u00edfi. Ef \u00fe\u00e9r taki\u00f0 vara \u00e1 \u00feessu, gj\u00f6ri\u00f0 \u00fe\u00e9r vel. Veri\u00f0 s\u00e6lir!<br \/><a name=\"30\"><span class=\"versanumer\">30<\/span><\/a>Eftir \u00fea\u00f0 t\u00e9\u00f0ir sendimenn voru farnir, komu \u00feeir til Ant\u00edokk\u00edu, samank\u00f6llu\u00f0u s\u00f6fnu\u00f0inn og afhentu br\u00e9fi\u00f0.<a name=\"31\"><span class=\"versanumer\">31<\/span><\/a>En er menn l\u00e1su \u00fea\u00f0, ur\u00f0u \u00feeir gla\u00f0ir af sl\u00edkri huggun.<a name=\"32\"><span class=\"versanumer\">32<\/span><\/a>J\u00fadas og S\u00edlas, er sj\u00e1lfir voru einnig sp\u00e1menn, \u00e1minntu \u00fear hj\u00e1 br\u00e6\u00f0urnar munnlega me\u00f0 m\u00f6rgum or\u00f0um og styrktu \u00fe\u00e1 <span class='VideyAth'>c)<\/span>.<a name=\"33\"><span class=\"versanumer\">33<\/span><\/a>Og er \u00feeir h\u00f6f\u00f0u dvali\u00f0 \u00fear um t\u00edma, g\u00e1fu br\u00e6\u00f0urnir \u00feeim heimfararleyfi me\u00f0 heilla \u00f3skum.<a name=\"34\"><span class=\"versanumer\">34<\/span><\/a>En S\u00edlasi leist a\u00f0 vera \u00fear eftir.<a name=\"35\"><span class=\"versanumer\">35<\/span><\/a>P\u00e1ll og Barnabas h\u00e9ldu n\u00fa kyrru fyrir \u00ed Ant\u00edokk\u00edu, kenndu og bo\u00f0u\u00f0u or\u00f0 Drottins \u00e1samt m\u00f6rgum or\u00f0um.<br \/><a name=\"36\"><span class=\"versanumer\">36<\/span><\/a>Eftir nokkra daga sag\u00f0i P\u00e1ll vi\u00f0 Barnabas: f\u00f6rum aftur til a\u00f0 vita hv\u00f6rnin br\u00e6\u00f0runum l\u00ed\u00f0ur \u00ed \u00f6llum borgum, hvar v\u00e9r h\u00f6fum bo\u00f0a\u00f0 Drottins or\u00f0.<a name=\"37\"><span class=\"versanumer\">37<\/span><\/a>Barnabas lag\u00f0i \u00fe\u00e1 til, a\u00f0 \u00feeir t\u00e6kju me\u00f0 s\u00e9r J\u00f3hannes, kalla\u00f0an Mark\u00fas,<a name=\"38\"><span class=\"versanumer\">38<\/span><\/a>en P\u00e1li leist a\u00f0 taka ekki \u00feann mann me\u00f0 s\u00e9r, er hlj\u00f3p fr\u00e1 \u00feeim \u00ed Pamfil\u00edu, og haf\u00f0i ekki vilja\u00f0 ganga \u00ed verki\u00f0 me\u00f0 \u00feeim.<a name=\"39\"><span class=\"versanumer\">39<\/span><\/a>\u00dat af \u00feessu sinna\u00f0ist \u00feeim, svo a\u00f0 hv\u00f6r skildi vi\u00f0 annan; t\u00f3k Barnabas me\u00f0 s\u00e9r Mark\u00fas og sigldi til S\u00fdprus.<a name=\"40\"><span class=\"versanumer\">40<\/span><\/a>En P\u00e1ll valdi s\u00e9r S\u00edlas og f\u00f3r af sta\u00f0, falinn Gu\u00f0s n\u00e1\u00f0 af br\u00e6\u00f0runum.<a name=\"41\"><span class=\"versanumer\">41<\/span><\/a>Hann t\u00f3k lei\u00f0 s\u00edna um S\u00fdrland og Silis\u00edu, og styrkti s\u00f6fnu\u00f0ina.<\/p>\n<div class=\"footnoteVidey\">V. 3. c. \u00de. e. kristnum.  V. 7. Sj\u00e1 kap. 10.  V. 16. Amos 9,11.12.  V. 17. a. \u00de. e. sem eru mitt f\u00f3lk.  V. 18. b. \u00de. e. \u00feetta sitt r\u00e1\u00f0, a\u00f0 hei\u00f0ingjar skyldu seinna meir, vi\u00f0 Mess\u00edasar komu, ver\u00f0a og svo Gu\u00f0s f\u00f3lk.  V. 20, sj\u00e1 1 Kor. 8\u201310. 3 M\u00f3s. 17,13.  V. 32. c. \u00dea\u00f0 er: \u00ed kristilegri tr\u00fa.  V. 41, sj\u00e1 v. 32.<\/div>\n","protected":false},"excerpt":{"rendered":"<p>P\u00e1ll og Barnabas sendast til Jer\u00fasalem til a\u00f0 spyrja, hvert kristnir \u00feyrftu a\u00f0 halda M\u00f3sis l\u00f6gm\u00e1l: og f\u00e1 svar; \u00feeir koma til Ant\u00edokk\u00edu aftur \u00e1samt J\u00fadasi og S\u00edlasi; Barnabas og P\u00e1ll skilja. 1N\u00fa komu nokkrir ofan fr\u00e1 J\u00fadeu, sem kenndu br\u00e6\u00f0runum svo: ef \u00fe\u00e9r ekki umskerist a\u00f0 si\u00f0 M\u00f3sis, \u00fe\u00e1 geti\u00f0 \u00fe\u00e9r ekki or\u00f0i\u00f0 h\u00f3lpnir.2\u00deegar \u00far \u00feessu var\u00f0 ekki l\u00edtil miskl\u00ed\u00f0 og \u00fer\u00e6tni milli P\u00e1ls og Barnabasar og \u00feeirra, var \u00fea\u00f0 afr\u00e1\u00f0i\u00f0 a\u00f0 P\u00e1ll og Barnabas, og nokkrir a\u00f0rir af hinum, f\u00e6ru til postulanna og \u00f6ldunganna upp til Jer\u00fasalem, \u00e1hr\u00e6randi \u00feennan \u00e1greining.3S\u00f6fnu\u00f0urinn fylgdi \u00feeim \u00e1 veg. S\u00ed\u00f0an fer\u00f0u\u00f0ust \u00feeir um <a href=\"https:\/\/biblian.is\/videy\/postulasagan-15-kafli\/\"> [&#8230;]<\/a><\/p>\n","protected":false},"author":1,"featured_media":0,"parent":0,"menu_order":0,"comment_status":"open","ping_status":"open","template":"bibliukaflar.php","meta":{"footnotes":""},"class_list":["post-21882","page","type-page","status-publish","hentry"],"_links":{"self":[{"href":"https:\/\/biblian.is\/videy\/wp-json\/wp\/v2\/pages\/21882","targetHints":{"allow":["GET"]}}],"collection":[{"href":"https:\/\/biblian.is\/videy\/wp-json\/wp\/v2\/pages"}],"about":[{"href":"https:\/\/biblian.is\/videy\/wp-json\/wp\/v2\/types\/page"}],"author":[{"embeddable":true,"href":"https:\/\/biblian.is\/videy\/wp-json\/wp\/v2\/users\/1"}],"replies":[{"embeddable":true,"href":"https:\/\/biblian.is\/videy\/wp-json\/wp\/v2\/comments?post=21882"}],"version-history":[{"count":0,"href":"https:\/\/biblian.is\/videy\/wp-json\/wp\/v2\/pages\/21882\/revisions"}],"wp:attachment":[{"href":"https:\/\/biblian.is\/videy\/wp-json\/wp\/v2\/media?parent=21882"}],"curies":[{"name":"wp","href":"https:\/\/api.w.org\/{rel}","templated":true}]}}