{"id":21879,"date":"2018-01-02T01:04:35","date_gmt":"2018-01-02T01:04:35","guid":{"rendered":"http:\/\/biblian.is\/videy\/postulasagan-12-kafli\/"},"modified":"2018-01-02T01:04:35","modified_gmt":"2018-01-02T01:04:35","slug":"postulasagan-12-kafli","status":"publish","type":"page","link":"https:\/\/biblian.is\/videy\/postulasagan-12-kafli\/","title":{"rendered":"Postulasagan 12. kafli"},"content":{"rendered":"<div class=\"fyrirsognVidey\">Her\u00f3des l\u00e6tur drepa Jakob og fangar P\u00e9tur, \u00deessi frelsast af engli; drambsemi Her\u00f3desar og dau\u00f0i; tr\u00fain \u00fatbrei\u00f0ist; Barnabas og S\u00e1l fer\u00f0ast og taka Mark\u00fas me\u00f0 s\u00e9r.<\/div>\n<p><a name=\"1\"><span class=\"versanumer\">1<\/span><\/a>\u00c1 \u00feeim sama t\u00edma lag\u00f0i Her\u00f3des konungur hendur \u00e1 nokkra af s\u00f6fnu\u00f0inum til a\u00f0 mis\u00feyrma \u00feeim.<a name=\"2\"><span class=\"versanumer\">2<\/span><\/a>\u00deannig l\u00e9t hann drepa Jakob, br\u00f3\u00f0ur J\u00f3hannesar, me\u00f0 sver\u00f0i,<a name=\"3\"><span class=\"versanumer\">3<\/span><\/a>og er hann s\u00e1 a\u00f0 \u00feetta ge\u00f0ja\u00f0ist Gy\u00f0ingum vel, h\u00e9lt hann \u00e1fram og l\u00e9t einninn gr\u00edpa P\u00e9tur, en \u00fea\u00f0 var um daga hinna \u00f3s\u00fdr\u00f0u brau\u00f0anna <span class='VideyAth'>a)<\/span>.<a name=\"4\"><span class=\"versanumer\">4<\/span><\/a>N\u00fa sem hann haf\u00f0i fanga\u00f0 hann, l\u00e9t hann setja hann \u00ed myrkvastofu, og afhenti hann sext\u00e1n str\u00ed\u00f0sm\u00f6nnum, er til skiptis, fj\u00f3rir og fj\u00f3rir \u00ed senn, skyldu g\u00e6ta hans, og \u00e6tla\u00f0i s\u00e9r eftir p\u00e1skana, a\u00f0 framselja hann f\u00f3lkinu.<a name=\"5\"><span class=\"versanumer\">5<\/span><\/a>P\u00e9tur var \u00feannig geymdur \u00ed myrkvastofu, en s\u00f6fnu\u00f0urinn ba\u00f0 \u00e1n afl\u00e1ts fyrir honum til Gu\u00f0s.<a name=\"6\"><span class=\"versanumer\">6<\/span><\/a>N\u00f3ttina \u00e1\u00f0ur en Her\u00f3des \u00e6tla\u00f0i a\u00f0 l\u00e1ta lei\u00f0a hann fram, svaf P\u00e9tur milli tveggja str\u00ed\u00f0smanna, bundinn me\u00f0 tveimur vi\u00f0jum og var\u00f0menn \u00fati fyrir dyrunum g\u00e6ttu myrkvastofunnar.<a name=\"7\"><span class=\"versanumer\">7<\/span><\/a>En sj\u00e1! \u00fe\u00e1 st\u00f3\u00f0 engill Drottins hj\u00e1 honum og lj\u00f3s leiftra\u00f0i um h\u00fasi\u00f0; hann laust \u00e1 s\u00ed\u00f0u P\u00e9turs, vakti hann og sag\u00f0i: statt\u00fa flj\u00f3tt upp! \u00fe\u00e1 f\u00e9llu vi\u00f0jurnar af h\u00f6ndum hans.<a name=\"8\"><span class=\"versanumer\">8<\/span><\/a>S\u00ed\u00f0an sag\u00f0i engillinn til hans: belta \u00fe\u00fa \u00feig, og bitt \u00e1 \u00feig sk\u00f3 \u00fe\u00edna. Hann gj\u00f6r\u00f0i svo. Engillinn sag\u00f0i ennfremur: kasta yfir \u00feig skikkju \u00feinni og fylg m\u00e9r.<a name=\"9\"><span class=\"versanumer\">9<\/span><\/a>Hann gekk \u00fat og fylgdi honum, en ekki vissi hann a\u00f0 \u00feetta, sem engillinn gj\u00f6r\u00f0i, v\u00e6ri svo \u00ed raun og veru, heldur meinti hann sig sj\u00e1 s\u00fdn.<a name=\"10\"><span class=\"versanumer\">10<\/span><\/a>\u00de\u00e1 \u00feeir h\u00f6f\u00f0u gengi\u00f0 \u00ed gegnum hi\u00f0 fyrsta og anna\u00f0 var\u00f0hald, komu \u00feeir til j\u00e1rnhli\u00f0sins, er liggur til borgarinnar, og lauk \u00fea\u00f0 s\u00e9r sj\u00e1lft upp fyrir \u00feeim. Og \u00fe\u00e1 \u00feeir voru komnir \u00fat um \u00fea\u00f0, gengu \u00feeir \u00e1fram um eitt str\u00e6ti, og allt \u00ed einu skildi engillinn vi\u00f0 hann.<a name=\"11\"><span class=\"versanumer\">11<\/span><\/a>\u00deegar P\u00e9tur kom til sj\u00e1lfs s\u00edns, sag\u00f0i hann: n\u00fa veit eg sannlega, a\u00f0 Drottinn hefir sent sinn engil og hrifi\u00f0 mig \u00far h\u00f6ndum Her\u00f3desar og fr\u00e1 allri ofs\u00f3kn Gy\u00f0ingal\u00fd\u00f0s.<a name=\"12\"><span class=\"versanumer\">12<\/span><\/a>En sem hann var b\u00fainn a\u00f0 koma \u00feessu fyrir sig, gekk hann a\u00f0 h\u00fasi Mar\u00edu, M\u00f3\u00f0ur J\u00f3hannesar, er kallast Mark\u00fas. \u00dear var fj\u00f6lmenni fyrir, sem haf\u00f0i safnast \u00feanga\u00f0 og voru \u00e1 b\u00e6n.<a name=\"13\"><span class=\"versanumer\">13<\/span><\/a>P\u00e9tur drap \u00e1 dyra hur\u00f0ina, og st\u00falka gekk fram a\u00f0 nafni R\u00f3de, til a\u00f0 hlusta eftir;<a name=\"14\"><span class=\"versanumer\">14<\/span><\/a>en er h\u00fan \u00feekkti m\u00e1lr\u00f3m P\u00e9turs, var\u00f0 f\u00f6gnu\u00f0urinn svo mikill, a\u00f0 h\u00fan lauk ekki upp, heldur hlj\u00f3p inn og sag\u00f0i a\u00f0 P\u00e9tur st\u00e6\u00f0i \u00fati.<a name=\"15\"><span class=\"versanumer\">15<\/span><\/a>\u00deeir s\u00f6g\u00f0u til hennar: \u00fe\u00fa ert fr\u00e1vita. En h\u00fan st\u00f3\u00f0 fast \u00e1 \u00fev\u00ed a\u00f0 svo v\u00e6ri. \u00de\u00e1 s\u00f6g\u00f0u \u00feeir: \u00fea\u00f0 er \u00fe\u00e1 hans engill.<a name=\"16\"><span class=\"versanumer\">16<\/span><\/a>P\u00e9tur l\u00e9t ekki af a\u00f0 berja a\u00f0 dyrum, og er \u00feeir luku upp og s\u00e1u hann, ur\u00f0u \u00feeir fr\u00e1 s\u00e9r.<a name=\"17\"><span class=\"versanumer\">17<\/span><\/a>Hann benti \u00feeim me\u00f0 hendinni a\u00f0 \u00feeir \u00feeg\u00f0u, og sag\u00f0i \u00feeim \u00fdtarlega fr\u00e1, hv\u00f6rninn Drottinn hef\u00f0i \u00fatleitt sig \u00far myrkvastofunni, ba\u00f0 \u00fe\u00e1 l\u00edka a\u00f0 kunngj\u00f6ra \u00feetta Jakobi <span class='VideyAth'>a)<\/span> og hinum br\u00e6\u00f0runum, en f\u00f3r sj\u00e1lfur \u00fea\u00f0an og \u00ed annan sta\u00f0. <br \/><a name=\"18\"><span class=\"versanumer\">18<\/span><\/a>\u00deegar daga\u00f0i kom ekki l\u00edti\u00f0 f\u00e1t \u00e1 str\u00ed\u00f0smennina, hva\u00f0 af P\u00e9tri v\u00e6ri or\u00f0i\u00f0.<a name=\"19\"><span class=\"versanumer\">19<\/span><\/a>En er Her\u00f3des haf\u00f0i leita\u00f0 hans og fann hann ekki, l\u00e9t hann ranns\u00f3kn ganga yfir var\u00f0mennina og bau\u00f0 a\u00f0 afl\u00edfa \u00fe\u00e1, f\u00f3r s\u00ed\u00f0an burt \u00far J\u00fadeu til Sesareu, hvar hann settist um kyrrt;<a name=\"20\"><span class=\"versanumer\">20<\/span><\/a>\u00fev\u00ed honum var gramt \u00ed skapi vi\u00f0 T\u00fdrus og S\u00edd\u00f3nsmenn; en \u00feeim kom saman um a\u00f0 gj\u00f6ra \u00fat sendimenn til hans, fengu svo \u00ed fylgi me\u00f0 s\u00e9r Blas\u00edus, konungsins stallara, og b\u00e1\u00f0ust fri\u00f0ar, af \u00fev\u00ed land \u00feeirra f\u00e9kk vistir fr\u00e1 <span class='VideyAth'>(l\u00f6ndum)<\/span> konungsins.<a name=\"21\"><span class=\"versanumer\">21<\/span><\/a>\u00c1 tilteknum degi kl\u00e6ddist Her\u00f3des konungsskr\u00fa\u00f0a, settist \u00ed h\u00e1s\u00e6ti og h\u00e9lt r\u00e6\u00f0u til \u00feeirra.<a name=\"22\"><span class=\"versanumer\">22<\/span><\/a>Alm\u00faginn hr\u00f3pa\u00f0i \u00fe\u00e1 upp: Gu\u00f0s r\u00f6dd er \u00feetta, en ekki manns.<a name=\"23\"><span class=\"versanumer\">23<\/span><\/a>Jafnsnart sl\u00f3 engill Drottins hann, s\u00f6kum \u00feess hann gaf ekki Gu\u00f0i d\u00fdr\u00f0ina <span class='VideyAth'>b)<\/span>, var uppetinn af ormum og d\u00f3.<br \/><a name=\"24\"><span class=\"versanumer\">24<\/span><\/a>En Gu\u00f0s or\u00f0 \u00fatbreiddist og efldist.<a name=\"25\"><span class=\"versanumer\">25<\/span><\/a>Barnabas og S\u00e1l sneru aftur fr\u00e1 Jer\u00fasalem, a\u00f0 afloknu s\u00ednu erindi, og t\u00f3ku me\u00f0 s\u00e9r J\u00f3hannes, a\u00f0 vi\u00f0urnefni Mark\u00fas.<\/p>\n<div class=\"footnoteVidey\">V. 1. Her\u00f3des Agrippa, sonarsonur Her\u00f3des mikla, (Matt. 2,1).  V. 3. a. \u00de. e. p\u00e1skana.  V. 17. a. Forst\u00f6\u00f0umanni safna\u00f0arins \u00ed Jer\u00fasalem. Kap. 15,13. 21,18. Gal. 1,19. 2,9\u201312.  V. 20. 1 K\u00f3ng. 5,11. Esek. 27,17.  V. 23. b. \u00de. e. s\u00f6kum \u00feess hann \u00feakka\u00f0i ekki Gu\u00f0i upphef\u00f0 s\u00edna.<\/div>\n","protected":false},"excerpt":{"rendered":"<p>Her\u00f3des l\u00e6tur drepa Jakob og fangar P\u00e9tur, \u00deessi frelsast af engli; drambsemi Her\u00f3desar og dau\u00f0i; tr\u00fain \u00fatbrei\u00f0ist; Barnabas og S\u00e1l fer\u00f0ast og taka Mark\u00fas me\u00f0 s\u00e9r. 1\u00c1 \u00feeim sama t\u00edma lag\u00f0i Her\u00f3des konungur hendur \u00e1 nokkra af s\u00f6fnu\u00f0inum til a\u00f0 mis\u00feyrma \u00feeim.2\u00deannig l\u00e9t hann drepa Jakob, br\u00f3\u00f0ur J\u00f3hannesar, me\u00f0 sver\u00f0i,3og er hann s\u00e1 a\u00f0 \u00feetta ge\u00f0ja\u00f0ist Gy\u00f0ingum vel, h\u00e9lt hann \u00e1fram og l\u00e9t einninn gr\u00edpa P\u00e9tur, en \u00fea\u00f0 var um daga hinna \u00f3s\u00fdr\u00f0u brau\u00f0anna a).4N\u00fa sem hann haf\u00f0i fanga\u00f0 hann, l\u00e9t hann setja hann \u00ed myrkvastofu, og afhenti hann sext\u00e1n str\u00ed\u00f0sm\u00f6nnum, er til skiptis, fj\u00f3rir og fj\u00f3rir \u00ed senn, skyldu <a href=\"https:\/\/biblian.is\/videy\/postulasagan-12-kafli\/\"> [&#8230;]<\/a><\/p>\n","protected":false},"author":1,"featured_media":0,"parent":0,"menu_order":0,"comment_status":"open","ping_status":"open","template":"bibliukaflar.php","meta":{"footnotes":""},"class_list":["post-21879","page","type-page","status-publish","hentry"],"_links":{"self":[{"href":"https:\/\/biblian.is\/videy\/wp-json\/wp\/v2\/pages\/21879","targetHints":{"allow":["GET"]}}],"collection":[{"href":"https:\/\/biblian.is\/videy\/wp-json\/wp\/v2\/pages"}],"about":[{"href":"https:\/\/biblian.is\/videy\/wp-json\/wp\/v2\/types\/page"}],"author":[{"embeddable":true,"href":"https:\/\/biblian.is\/videy\/wp-json\/wp\/v2\/users\/1"}],"replies":[{"embeddable":true,"href":"https:\/\/biblian.is\/videy\/wp-json\/wp\/v2\/comments?post=21879"}],"version-history":[{"count":0,"href":"https:\/\/biblian.is\/videy\/wp-json\/wp\/v2\/pages\/21879\/revisions"}],"wp:attachment":[{"href":"https:\/\/biblian.is\/videy\/wp-json\/wp\/v2\/media?parent=21879"}],"curies":[{"name":"wp","href":"https:\/\/api.w.org\/{rel}","templated":true}]}}