{"id":21875,"date":"2018-01-02T01:04:35","date_gmt":"2018-01-02T01:04:35","guid":{"rendered":"http:\/\/biblian.is\/videy\/postulasagan-8-kafli\/"},"modified":"2018-01-02T01:04:35","modified_gmt":"2018-01-02T01:04:35","slug":"postulasagan-8-kafli","status":"publish","type":"page","link":"https:\/\/biblian.is\/videy\/postulasagan-8-kafli\/","title":{"rendered":"Postulasagan 8. kafli"},"content":{"rendered":"<div class=\"fyrirsognVidey\">S\u00e1l ofs\u00e6kir S\u00f6fnu\u00f0inn; Filippus sn\u00fdr samverskum til kristni; postularnir leggja hendur yfir \u00fe\u00e1 og \u00feeir \u00f6\u00f0last heilagan Anda; S\u00edmon galdrama\u00f0ur vill kaupa vald til a\u00f0 me\u00f0deila andans g\u00e1fur, og straffast fyrir \u00fea\u00f0; Filippus sn\u00fdr til kristni hir\u00f0stj\u00f3ra Kandasar.<\/div>\n<p><a name=\"1\"><span class=\"versanumer\">1<\/span><\/a>S\u00e1l l\u00e9t vel yfir l\u00edfl\u00e1ti hans <span class='VideyAth'>b)<\/span>, og sama dag h\u00f3fst st\u00f3r ofs\u00f3kn gegn s\u00f6fnu\u00f0inum \u00ed Jer\u00fasalem, og allir tv\u00edstru\u00f0ust v\u00ed\u00f0s vegar um h\u00e9r\u00f6\u00f0 Gy\u00f0ingalands og Samar\u00edu, nema postularnir.<a name=\"2\"><span class=\"versanumer\">2<\/span><\/a>En gu\u00f0hr\u00e6ddir menn bjuggu um l\u00edk Stef\u00e1ns, og h\u00f6rmu\u00f0u hann miki\u00f0.<a name=\"3\"><span class=\"versanumer\">3<\/span><\/a>En S\u00e1l eyddi s\u00f6fnu\u00f0inn, me\u00f0 \u00fev\u00ed hann gekk inn \u00ed hv\u00f6rt h\u00fas og dr\u00f3 \u00fea\u00f0an menn og konur, er hann afhenti \u00ed var\u00f0hald.<a name=\"4\"><span class=\"versanumer\">4<\/span><\/a>En \u00feeir, e\u00f0 tv\u00edstrast h\u00f6f\u00f0u, f\u00f3ru v\u00ed\u00f0svegar, og bo\u00f0u\u00f0u n\u00e1\u00f0arl\u00e6rd\u00f3minn.<a name=\"5\"><span class=\"versanumer\">5<\/span><\/a>\u00deannig f\u00f3r Filippus til borgarinnar Samar\u00edu og bo\u00f0a\u00f0i \u00fear Krist.<a name=\"6\"><span class=\"versanumer\">6<\/span><\/a>Fj\u00f6ldi borgarmanna veittu samhuga eftirtekt hans kenningum, \u00fe\u00e1 \u00feeir heyr\u00f0u og s\u00e1u kraftaverkin, sem hann gj\u00f6r\u00f0i,<a name=\"7\"><span class=\"versanumer\">7<\/span><\/a>\u00fev\u00ed fr\u00e1 m\u00f6rgum, er h\u00f6f\u00f0u \u00f3hreina anda, viku \u00feeir burtu me\u00f0 \u00f3pi miklu, og margir visnir og haltir l\u00e6knu\u00f0ust,<a name=\"8\"><span class=\"versanumer\">8<\/span><\/a>svo mikil gle\u00f0i var\u00f0 \u00ed borginni.<a name=\"9\"><span class=\"versanumer\">9<\/span><\/a>En ma\u00f0ur nokkur a\u00f0 nafni S\u00edmon, var fyrir \u00ed borginni, s\u00e1 e\u00f0 f\u00f3r me\u00f0 fj\u00f6lkynngi, sem Samversku \u00fej\u00f3\u00f0inni \u00f3x mj\u00f6g \u00ed augum, og l\u00e9t miki\u00f0 yfir s\u00e9r.<a name=\"10\"><span class=\"versanumer\">10<\/span><\/a>Til hans hnigu allir sm\u00e1ir og st\u00f3rir, segjandi: \u00feessi er Gu\u00f0s kraftur s\u00e1 hinn mikli.<a name=\"11\"><span class=\"versanumer\">11<\/span><\/a>En \u00feess vegna hnigu \u00feeir a\u00f0 honum, a\u00f0 hann haf\u00f0i \u00ed langa t\u00ed\u00f0 \u00e6rt \u00fe\u00e1 me\u00f0 t\u00f6frum s\u00ednum.<a name=\"12\"><span class=\"versanumer\">12<\/span><\/a>N\u00fa sem menn tr\u00fa\u00f0u Filippusi, er bo\u00f0a\u00f0i \u00feeim n\u00e1\u00f0arl\u00e6rd\u00f3minn um Gu\u00f0s r\u00edki og tign Jes\u00fa Krists, l\u00e9tu menn og konur sk\u00edrast.<a name=\"13\"><span class=\"versanumer\">13<\/span><\/a>Sj\u00e1lfur S\u00edmon t\u00f3k l\u00edka tr\u00fa, og er hann var sk\u00edr\u00f0ur, h\u00e9lt hann s\u00e9r st\u00f6\u00f0ugt til Filippusar; en er hann s\u00e1 teikn og st\u00f3rmerki ske, var\u00f0 hann fr\u00e1 s\u00e9r.<a name=\"14\"><span class=\"versanumer\">14<\/span><\/a>\u00deegar postularnir \u00ed Jer\u00fasalem heyr\u00f0u, a\u00f0 Samar\u00eda hef\u00f0i me\u00f0teki\u00f0 Gu\u00f0s or\u00f0, sendu \u00feeir P\u00e9tur og J\u00f3hannes \u00feanga\u00f0.<a name=\"15\"><span class=\"versanumer\">15<\/span><\/a>\u00deessir komu og b\u00e1\u00f0u fyrir samverskum, a\u00f0 \u00feeir m\u00e6ttu \u00f6\u00f0last heilagan Anda;<a name=\"16\"><span class=\"versanumer\">16<\/span><\/a>\u00fev\u00ed hann var enn ekki kominn yfir neinn \u00feeirra, einungis voru \u00feeir sk\u00edr\u00f0ir til nafns Herrans Jes\u00fa.<a name=\"17\"><span class=\"versanumer\">17<\/span><\/a>\u00deeir l\u00f6g\u00f0u hendur yfir \u00fe\u00e1 og me\u00f0t\u00f3ku \u00feeir heilagan Anda.<a name=\"18\"><span class=\"versanumer\">18<\/span><\/a>En er S\u00edmon s\u00e1, a\u00f0 heilagur Andi veittist fyrir handa upp\u00e1leggingu postulanna, f\u00e6r\u00f0i hann \u00feeim f\u00e9 og sag\u00f0i:<a name=\"19\"><span class=\"versanumer\">19<\/span><\/a>gefi\u00f0 m\u00e9r einnig \u00feetta vald, a\u00f0 yfir hv\u00f6rn, sem eg legg hendur, hann \u00f6\u00f0list heilagan Anda.<a name=\"20\"><span class=\"versanumer\">20<\/span><\/a>P\u00e9tur andsvara\u00f0i honum: \u00fer\u00edfist aldrei silfur \u00feitt n\u00e9 gull, fyrst \u00fe\u00fa hugsar a\u00f0 Gu\u00f0s gj\u00f6f f\u00e1ist fyrir f\u00e9.<a name=\"21\"><span class=\"versanumer\">21<\/span><\/a>\u00de\u00fa \u00e1tt engan \u00fe\u00e1tt n\u00e9 hlutdeild \u00ed \u00feessum l\u00e6rd\u00f3mi, \u00fev\u00ed \u00feitt hjartalag er ekki r\u00e9tt fyrir augum Gu\u00f0s.<a name=\"22\"><span class=\"versanumer\">22<\/span><\/a>Afleg\u00f0u \u00fev\u00ed \u00feessa \u00fe\u00edna vonsku og bi\u00f0 Drottin, ef \u00fe\u00e9r kynni fyrirgefast \u00feetta \u00feitt vonda hugarfar;<a name=\"23\"><span class=\"versanumer\">23<\/span><\/a>\u00fev\u00ed eg s\u00e9 a\u00f0 \u00fe\u00fa b\u00fdr yfir gallbeiskju og ert fl\u00e6ktur \u00ed fj\u00f6trum rangsleitninnar.<a name=\"24\"><span class=\"versanumer\">24<\/span><\/a>S\u00edmon svara\u00f0i: bi\u00f0ji\u00f0 fyrir m\u00e9r til Drottins, a\u00f0 ekkert komi \u00fea\u00f0 yfir mig, sem \u00fe\u00e9r s\u00f6g\u00f0u\u00f0.<a name=\"25\"><span class=\"versanumer\">25<\/span><\/a>Eftir a\u00f0 \u00feeir h\u00f6f\u00f0u \u00f6rugglega vitna\u00f0 og kennt or\u00f0 Drottins, sneru \u00feeir aftur til Jer\u00fasalem og bo\u00f0u\u00f0u gle\u00f0ibo\u00f0skapinn \u00ed m\u00f6rgum \u00feorpum samverskra. <br \/><a name=\"26\"><span class=\"versanumer\">26<\/span><\/a>En engill Drottins tala\u00f0i vi\u00f0 Filippus og sag\u00f0i: statt upp og gakk su\u00f0ur \u00e1 veg \u00feann, sem liggur fr\u00e1 Jer\u00fasalem til Gasa <span class='VideyAth'>(h\u00fan er \u00ed ey\u00f0i)<\/span>.<a name=\"27\"><span class=\"versanumer\">27<\/span><\/a>Hann st\u00f3\u00f0 upp og f\u00f3r. Og sj\u00e1! einn et\u00ed\u00f3p\u00edskur ma\u00f0ur, geldingur og st\u00f3rh\u00f6f\u00f0ingi hj\u00e1 Kandase drottningu \u00ed Et\u00ed\u00f3p\u00edu, sem settur var yfir alla hennar fj\u00e1rsj\u00f3\u00f0u; hann haf\u00f0i fari\u00f0 til Jer\u00fasalem til a\u00f0 bi\u00f0jast fyrir,<a name=\"28\"><span class=\"versanumer\">28<\/span><\/a>og var \u00e1 heimlei\u00f0, sat \u00ed vagni og las Esajas sp\u00e1mann.<a name=\"29\"><span class=\"versanumer\">29<\/span><\/a>Andinn sag\u00f0i \u00fe\u00e1 vi\u00f0 Filippus: gakk a\u00f0 \u00feessum vagni og halt \u00feig hj\u00e1 honum.<a name=\"30\"><span class=\"versanumer\">30<\/span><\/a>Filippus skunda\u00f0i til, heyr\u00f0i manninn vera a\u00f0 lesa sp\u00e1manninn Esajas og spur\u00f0i: skilur\u00f0\u00fa \u00fea\u00f0 \u00fe\u00fa les?<a name=\"31\"><span class=\"versanumer\">31<\/span><\/a>hinn svara\u00f0i: hv\u00f6rnig skyldi eg geta \u00fea\u00f0, fyrst enginn lei\u00f0beinir m\u00e9r? ba\u00f0 hann svo a\u00f0 st\u00edga upp \u00ed vagninn og setjast hj\u00e1 s\u00e9r.<a name=\"32\"><span class=\"versanumer\">32<\/span><\/a>En innihald greinar \u00feeirrar, er hann las, var \u00feetta: \u201eeins og sau\u00f0ur var hann til sl\u00e1trunar leiddur, og sem lambi\u00f0 \u00feegir hj\u00e1 \u00feeim, er klippir \u00fea\u00f0, svo lauk hann ekki s\u00ednum munni upp.<a name=\"33\"><span class=\"versanumer\">33<\/span><\/a>Me\u00f0 l\u00e6gingu enda\u00f0i hans d\u00f3mur <span class='VideyAth'>a)<\/span>; hv\u00f6r getur \u00fatm\u00e1la\u00f0 \u00f6ld hans, \u00fev\u00ed af j\u00f6r\u00f0inni ver\u00f0ur l\u00edf hans uppr\u00e6tt\u201c <span class='VideyAth'>b)<\/span>.<a name=\"34\"><span class=\"versanumer\">34<\/span><\/a>Geldingurinn innti til vi\u00f0 Filippus: eg bi\u00f0, seg m\u00e9r, um hv\u00f6rn talar sp\u00e1ma\u00f0urinn \u00feetta? hv\u00f6rt um sj\u00e1lfan sig e\u00f0ur annan?<a name=\"35\"><span class=\"versanumer\">35<\/span><\/a>\u00de\u00e1 lauk Filippus upp s\u00ednum munni, t\u00f3k til \u00e1 \u00e1minnstri ritningargrein og bo\u00f0a\u00f0i honum fagna\u00f0arl\u00e6rd\u00f3minn um Jes\u00fas.<a name=\"36\"><span class=\"versanumer\">36<\/span><\/a>En sem \u00feeir f\u00f3ru \u00e1fram veginn, komu \u00feeir a\u00f0 vatni nokkru, \u00fe\u00e1 m\u00e6lti geldingurinn: sj\u00e1 vatni\u00f0! hva\u00f0 hamlar m\u00e9r a\u00f0 sk\u00edrast?<a name=\"37\"><span class=\"versanumer\">37<\/span><\/a>og hann bau\u00f0 a\u00f0 st\u00f6\u00f0va vagninn,<a name=\"38\"><span class=\"versanumer\">38<\/span><\/a>og stigu \u00feeir b\u00e1\u00f0ir ni\u00f0ur \u00ed vatni\u00f0, Filippus og geldingurinn, og Filippus sk\u00edr\u00f0i hann.<a name=\"39\"><span class=\"versanumer\">39<\/span><\/a>En \u00fe\u00e1 \u00feeir voru stignir upp \u00far vatninu, greip Andi Drottins Filippus burt, og geldingurinn s\u00e1 hann ekki framar.<a name=\"40\"><span class=\"versanumer\">40<\/span><\/a>En hann <span class='VideyAth'>(Geldingurinn)<\/span> f\u00f3r gla\u00f0ur lei\u00f0 s\u00edna; en vi\u00f0 Filippus var\u00f0 vart \u00ed Asdod; \u00fear gekk hann um kring og bo\u00f0a\u00f0i n\u00e1\u00f0arbo\u00f0skapinn \u00ed hv\u00f6rri borg, uns hann kom til Sesareu.<\/p>\n<div class=\"footnoteVidey\">V. 1. b. \u00de. e. Stef\u00e1ns.  V. 5. Filippus, me\u00f0hj\u00e1lpari safna\u00f0arins, (sj\u00e1 kap. 6,5), ekki Filippus postuli.  V. 33. Es. 53,11. a. \u00de. e. \u00feungu kj\u00f6r. b. R\u00e1\u00f0inn af d\u00f6gum, sem \u00f3b\u00f3tama\u00f0ur.  V. 4\u20137. Sbr. kap. 22,6\u201310. 26,13\u201315.<\/div>\n","protected":false},"excerpt":{"rendered":"<p>S\u00e1l ofs\u00e6kir S\u00f6fnu\u00f0inn; Filippus sn\u00fdr samverskum til kristni; postularnir leggja hendur yfir \u00fe\u00e1 og \u00feeir \u00f6\u00f0last heilagan Anda; S\u00edmon galdrama\u00f0ur vill kaupa vald til a\u00f0 me\u00f0deila andans g\u00e1fur, og straffast fyrir \u00fea\u00f0; Filippus sn\u00fdr til kristni hir\u00f0stj\u00f3ra Kandasar. 1S\u00e1l l\u00e9t vel yfir l\u00edfl\u00e1ti hans b), og sama dag h\u00f3fst st\u00f3r ofs\u00f3kn gegn s\u00f6fnu\u00f0inum \u00ed Jer\u00fasalem, og allir tv\u00edstru\u00f0ust v\u00ed\u00f0s vegar um h\u00e9r\u00f6\u00f0 Gy\u00f0ingalands og Samar\u00edu, nema postularnir.2En gu\u00f0hr\u00e6ddir menn bjuggu um l\u00edk Stef\u00e1ns, og h\u00f6rmu\u00f0u hann miki\u00f0.3En S\u00e1l eyddi s\u00f6fnu\u00f0inn, me\u00f0 \u00fev\u00ed hann gekk inn \u00ed hv\u00f6rt h\u00fas og dr\u00f3 \u00fea\u00f0an menn og konur, er hann afhenti \u00ed var\u00f0hald.4En \u00feeir, <a href=\"https:\/\/biblian.is\/videy\/postulasagan-8-kafli\/\"> [&#8230;]<\/a><\/p>\n","protected":false},"author":1,"featured_media":0,"parent":0,"menu_order":0,"comment_status":"open","ping_status":"open","template":"bibliukaflar.php","meta":{"footnotes":""},"class_list":["post-21875","page","type-page","status-publish","hentry"],"_links":{"self":[{"href":"https:\/\/biblian.is\/videy\/wp-json\/wp\/v2\/pages\/21875","targetHints":{"allow":["GET"]}}],"collection":[{"href":"https:\/\/biblian.is\/videy\/wp-json\/wp\/v2\/pages"}],"about":[{"href":"https:\/\/biblian.is\/videy\/wp-json\/wp\/v2\/types\/page"}],"author":[{"embeddable":true,"href":"https:\/\/biblian.is\/videy\/wp-json\/wp\/v2\/users\/1"}],"replies":[{"embeddable":true,"href":"https:\/\/biblian.is\/videy\/wp-json\/wp\/v2\/comments?post=21875"}],"version-history":[{"count":0,"href":"https:\/\/biblian.is\/videy\/wp-json\/wp\/v2\/pages\/21875\/revisions"}],"wp:attachment":[{"href":"https:\/\/biblian.is\/videy\/wp-json\/wp\/v2\/media?parent=21875"}],"curies":[{"name":"wp","href":"https:\/\/api.w.org\/{rel}","templated":true}]}}