{"id":21871,"date":"2018-01-02T01:04:35","date_gmt":"2018-01-02T01:04:35","guid":{"rendered":"http:\/\/biblian.is\/videy\/postulasagan-4-kafli\/"},"modified":"2018-01-02T01:04:35","modified_gmt":"2018-01-02T01:04:35","slug":"postulasagan-4-kafli","status":"publish","type":"page","link":"https:\/\/biblian.is\/videy\/postulasagan-4-kafli\/","title":{"rendered":"Postulasagan 4. kafli"},"content":{"rendered":"<div class=\"fyrirsognVidey\">P\u00e9tur og J\u00f3hannes eru settir \u00ed fangelsi; P\u00e9tur forsvarar sig fyrir r\u00e1\u00f0inu; \u00feeim er h\u00f3ta\u00f0 og sleppt; \u00feeir bi\u00f0ja Gu\u00f0 sameiginlega og ver\u00f0a b\u00e6nheyr\u00f0ir; \u00e1stand safna\u00f0arins.<\/div>\n<p><a name=\"1\"><span class=\"versanumer\">1<\/span><\/a>Me\u00f0an \u00feeir v\u00f3ru enn a\u00f0 tala til f\u00f3lksins, komu a\u00f0 \u00feeim prestar, var\u00f0mannaforingi musterisins og sad\u00fas\u00e6ar,<a name=\"2\"><span class=\"versanumer\">2<\/span><\/a>hv\u00f6rjum \u00fea\u00f0 gramdist, a\u00f0 postular kenndu f\u00f3lkinu og bo\u00f0u\u00f0u upprisu framli\u00f0inna af d\u00e6mi Jes\u00fa;<a name=\"3\"><span class=\"versanumer\">3<\/span><\/a>l\u00f6g\u00f0u \u00feeir \u00fe\u00e1 hendur \u00e1 \u00fe\u00e1 og settu \u00ed var\u00f0hald til n\u00e6sta morguns, \u00fev\u00ed kv\u00f6ld var komi\u00f0;<a name=\"4\"><span class=\"versanumer\">4<\/span><\/a>en margir af \u00feeim, er heyrt h\u00f6f\u00f0u r\u00e6\u00f0una, tr\u00fa\u00f0u, svo a\u00f0 tala \u00feeirra manna var n\u00e6r fimm \u00fe\u00fasundir. <br \/><a name=\"5\"><span class=\"versanumer\">5<\/span><\/a>Morguninn eftir ske\u00f0i \u00fea\u00f0, a\u00f0 h\u00f6f\u00f0ingjarnir, \u00f6ldungarnir og \u00feeir skriftl\u00e6r\u00f0u komu saman \u00ed Jer\u00fasalem, sem og Hannas h\u00f6fu\u00f0prestur,<a name=\"6\"><span class=\"versanumer\">6<\/span><\/a>Ka\u00edfas, J\u00f3hannes Alexander, og allir, sem v\u00f3ru af h\u00f6fu\u00f0presta\u00e6tt.<a name=\"7\"><span class=\"versanumer\">7<\/span><\/a>V\u00f3ru postularnir \u00fe\u00e1 framleiddir og a\u00f0spur\u00f0ir: af hva\u00f0a myndugleika e\u00f0ur \u00ed hvers umbo\u00f0i \u00feeir hef\u00f0u gj\u00f6rt \u00feetta?<a name=\"8\"><span class=\"versanumer\">8<\/span><\/a>P\u00e9tur, fullur heil\u00f6gum anda, sag\u00f0i \u00fe\u00e1 til \u00feeirra: \u00fe\u00e9r h\u00f6f\u00f0ingjar \u00fej\u00f3\u00f0arinnar og \u00f6ldungar \u00cdsraels!<a name=\"9\"><span class=\"versanumer\">9<\/span><\/a>me\u00f0 \u00fev\u00ed v\u00e9r \u00ed dag skulum standa rannsak, vi\u00f0v\u00edkjandi g\u00f3\u00f0verkinu vi\u00f0 hruma manninn, og \u00fev\u00ed, af hvers v\u00f6ldum hann s\u00e9 heill or\u00f0inn,<a name=\"10\"><span class=\"versanumer\">10<\/span><\/a>\u00fe\u00e1 s\u00e9 y\u00f0ur \u00f6llum vitanlegt og \u00f6llum \u00cdsraelsl\u00fd\u00f0: a\u00f0 \u00ed nafni Jes\u00fa Krists fr\u00e1 Nasaret, \u00feess \u00fe\u00e9r krossfestu\u00f0, en Gu\u00f0 uppreisti fr\u00e1 dau\u00f0um, a\u00f0 af hans v\u00f6ldum s\u00e9 \u00fea\u00f0 ske\u00f0, a\u00f0 \u00feessi stendur heilbrig\u00f0ur fyrir y\u00f0ar augum.<a name=\"11\"><span class=\"versanumer\">11<\/span><\/a>Hann er s\u00e1 steinn, hv\u00f6rn \u00fe\u00e9r byggingarsmi\u00f0ir einskis m\u00f6ttu\u00f0, en er n\u00fa or\u00f0inn a\u00f0 hyrningarsteini;<a name=\"12\"><span class=\"versanumer\">12<\/span><\/a>af engum \u00f6\u00f0rum er hj\u00e1lpr\u00e6\u00f0is a\u00f0 v\u00e6nta, \u00fev\u00ed me\u00f0al manna gefst ekki nokkur annar undir himninum, fyrir hvers fulltingi oss s\u00e9 \u00e6tla\u00f0 h\u00f3lpnum a\u00f0 ver\u00f0a. <br \/><a name=\"13\"><span class=\"versanumer\">13<\/span><\/a>En er \u00feeir s\u00e1u einar\u00f0leik P\u00e9turs og J\u00f3hannesar, og vissu a\u00f0 \u00feeir voru \u00f3l\u00e6r\u00f0ir alm\u00fagamenn, undru\u00f0ust \u00feeir; l\u00edka \u00feekktu \u00feeir \u00fe\u00e1, a\u00f0 \u00feeir h\u00f6f\u00f0u veri\u00f0 me\u00f0 Jes\u00fa.<a name=\"14\"><span class=\"versanumer\">14<\/span><\/a>Og n\u00fa, er \u00feeir s\u00e1u manninn, sem l\u00e6kna\u00f0ur haf\u00f0i veri\u00f0, standa hj\u00e1 \u00feeim, g\u00e1tu \u00feeir engu m\u00f3ti m\u00e6lt,<a name=\"15\"><span class=\"versanumer\">15<\/span><\/a>skipu\u00f0u \u00feeim \u00fev\u00ed a\u00f0 ganga \u00fat fr\u00e1 r\u00e1\u00f0inu og t\u00f3ku r\u00e1\u00f0 s\u00edn saman og s\u00f6g\u00f0u:<a name=\"16\"><span class=\"versanumer\">16<\/span><\/a>hva\u00f0 skulum v\u00e9r gj\u00f6ra vi\u00f0 \u00feessa menn? \u00fev\u00ed \u00fea\u00f0 er \u00feekkjanlegt kraftaverk, sem \u00feeir hafa frami\u00f0 og er auglj\u00f3st or\u00f0i\u00f0 \u00f6llum, sem b\u00faa \u00ed Jer\u00fasalem, og v\u00e9r getum ekki neita\u00f0 \u00fev\u00ed.<a name=\"17\"><span class=\"versanumer\">17<\/span><\/a>En svo a\u00f0 fregnin um \u00fea\u00f0 brei\u00f0ist ekki meir \u00fat me\u00f0al l\u00fd\u00f0sins, svo skulum v\u00e9r me\u00f0 h\u00f3tunum hr\u00e6\u00f0a \u00fe\u00e1 fr\u00e1, a\u00f0 tala framar \u00ed \u00feessu nafni til nokkurs manns.<a name=\"18\"><span class=\"versanumer\">18<\/span><\/a>S\u00ed\u00f0an k\u00f6llu\u00f0u \u00feeir \u00fe\u00e1 fyrir sig og b\u00f6nnu\u00f0u \u00feeim har\u00f0lega a\u00f0 tala e\u00f0ur kenna \u00ed Jes\u00fa nafni.<a name=\"19\"><span class=\"versanumer\">19<\/span><\/a>P\u00e9tur og J\u00f3hannes sv\u00f6ru\u00f0u \u00feeim: d\u00e6mi\u00f0 sj\u00e1lfir, hv\u00f6rt \u00fea\u00f0 s\u00e9 r\u00e9tt fyrir augum Gu\u00f0s, a\u00f0 hl\u00fd\u00f0nast y\u00f0ur fremur en Gu\u00f0i.<a name=\"20\"><span class=\"versanumer\">20<\/span><\/a>V\u00e9r getum \u00fev\u00ed ekki l\u00e1ti\u00f0 vera a\u00f0 tala \u00fea\u00f0 sem v\u00e9r h\u00f6fum heyrt og s\u00e9\u00f0.<a name=\"21\"><span class=\"versanumer\">21<\/span><\/a>Hinir juku \u00fe\u00e1 s\u00ednar \u00f3gnanir, og slepptu \u00feeim svo, \u00fev\u00ed \u00feeim hugsa\u00f0ist engin \u00e1tylla til a\u00f0 straffa \u00fe\u00e1 vegna f\u00f3lksins, \u00fear allir lofu\u00f0u Gu\u00f0 fyrir \u00fea\u00f0, sem ske\u00f0 var;<a name=\"22\"><span class=\"versanumer\">22<\/span><\/a>\u00fev\u00ed s\u00e1 ma\u00f0ur var yfir fertugt, er me\u00f0 t\u00e9\u00f0u d\u00e1semdarverki var l\u00e6kna\u00f0ur. <br \/><a name=\"23\"><span class=\"versanumer\">23<\/span><\/a>\u00de\u00e1 b\u00fai\u00f0 var a\u00f0 l\u00e1ta \u00fe\u00e1 lausa, koma \u00feeir til sinna <span class='VideyAth'>a)<\/span> og greindu \u00feeim fr\u00e1 hva\u00f0 h\u00f6fu\u00f0prestarnir og \u00f6ldungarnir h\u00f6f\u00f0u sagt vi\u00f0 \u00fe\u00e1.<a name=\"24\"><span class=\"versanumer\">24<\/span><\/a>\u00deegar \u00feeir heyr\u00f0u \u00fea\u00f0, h\u00f3fu \u00feeir samhuga raust s\u00edna til Gu\u00f0s og s\u00f6g\u00f0u: Drottinn, \u00fe\u00fa ert s\u00e1 Gu\u00f0, sem gj\u00f6rt hefir himininn og j\u00f6r\u00f0ina og sj\u00f3inn og allt hva\u00f0 \u00ed \u00feeim er;<a name=\"25\"><span class=\"versanumer\">25<\/span><\/a>\u00fe\u00fa, sem hefir tala\u00f0 svo fyrir munn Dav\u00ed\u00f0s, \u00fej\u00f3ns \u00fe\u00edns: \u201ehv\u00ed \u00e6\u00f0a hei\u00f0ingjarnir og hv\u00ed taka \u00fej\u00f3\u00f0irnar saman \u00f3n\u00fdt r\u00e1\u00f0?<a name=\"26\"><span class=\"versanumer\">26<\/span><\/a>Jar\u00f0arinnar konungar halda m\u00f3t og h\u00f6f\u00f0ingjarnir taka sig saman m\u00f3ti Drottni og hans Smur\u00f0a.\u201c<a name=\"27\"><span class=\"versanumer\">27<\/span><\/a>\u00dev\u00ed sannarlega risu upp \u00ed borg \u00feessari Her\u00f3des og Pont\u00edus P\u00edlatus, \u00e1samt hei\u00f0num \u00fej\u00f3\u00f0um og \u00cdsraelsl\u00fd\u00f0, m\u00f3ti \u00fe\u00ednu heilaga barni Jes\u00fa, hv\u00f6rn \u00fe\u00fa haf\u00f0ir smurt,<a name=\"28\"><span class=\"versanumer\">28<\/span><\/a>til a\u00f0 gj\u00f6ra allt hva\u00f0 \u00fe\u00edn h\u00f6nd og \u00feitt r\u00e1\u00f0 haf\u00f0i til\u00e6tla\u00f0 a\u00f0 ske skyldi.<a name=\"29\"><span class=\"versanumer\">29<\/span><\/a>Og n\u00fa, Drottinn! l\u00edt \u00e1 \u00feeirra h\u00f3tanir og gef \u00fe\u00ednum \u00fej\u00f3num me\u00f0 fullri dj\u00f6rfung a\u00f0 tala \u00feitt erindi!<a name=\"30\"><span class=\"versanumer\">30<\/span><\/a>\u00fatr\u00e9tt \u00fear til \u00fe\u00edna h\u00f6nd, a\u00f0 ske megi l\u00e6kningar, t\u00e1kn og st\u00f3rmerki \u00ed nafni \u00fe\u00edns heilaga barns Jes\u00fa!<a name=\"31\"><span class=\"versanumer\">31<\/span><\/a>Og er \u00feeir h\u00f6f\u00f0u be\u00f0ist fyrir, hr\u00e6r\u00f0ist sta\u00f0urinn hvar \u00feeir voru samankomnir, og \u00feeir ur\u00f0u allir fullir heil\u00f6gum anda, og kenndu Gu\u00f0s or\u00f0 me\u00f0 dj\u00f6rfung.<br \/><a name=\"32\"><span class=\"versanumer\">32<\/span><\/a>\u00cd safna\u00f0i enna tr\u00fau\u00f0u var eitt hjarta og ein s\u00e1l; enginn sag\u00f0i \u00fea\u00f0 vera sitt, er hann \u00e1tti, heldur var \u00feeim allt sameiginlegt.<a name=\"33\"><span class=\"versanumer\">33<\/span><\/a>Postularnir vitnu\u00f0u um Herrans Jes\u00fa upprisu me\u00f0 miklum krafti, og allir unntu \u00feeim.<a name=\"34\"><span class=\"versanumer\">34<\/span><\/a>Me\u00f0al \u00feeirra var enginn \u00feurfama\u00f0ur, \u00fev\u00ed hv\u00f6r, sem \u00e1tti fasteign e\u00f0ur h\u00fas, seldi \u00fea\u00f0, kom me\u00f0 andvir\u00f0i\u00f0,<a name=\"35\"><span class=\"versanumer\">35<\/span><\/a>og f\u00e9kk \u00fea\u00f0 postulunum; og var s\u00e9rhv\u00f6rjum \u00fathluta\u00f0, eftir \u00fev\u00ed sem hann haf\u00f0i \u00fe\u00f6rf til.<a name=\"36\"><span class=\"versanumer\">36<\/span><\/a>\u00deannig seldi Lev\u00edtinn, J\u00f3ses, \u00e6tta\u00f0ur fr\u00e1 K\u00fdprus, hv\u00f6rn postularnir k\u00f6llu\u00f0u a\u00f0 vi\u00f0urnefni Barnabas, <span class='VideyAth'>(\u00fea\u00f0 er: hinn \u00e1minnandi)<\/span>, akur, er hann \u00e1tti, kom me\u00f0 ver\u00f0i\u00f0 og f\u00e9kk \u00fea\u00f0 postulunum.<\/p>\n<div class=\"footnoteVidey\">V. 11. S\u00e1lm. 118,22. Es. 28,16.  V. 23. a. Nl. tr\u00faarbr\u00e6\u00f0ra.  V. 25. S\u00e1lm. 2,1.2.<\/div>\n","protected":false},"excerpt":{"rendered":"<p>P\u00e9tur og J\u00f3hannes eru settir \u00ed fangelsi; P\u00e9tur forsvarar sig fyrir r\u00e1\u00f0inu; \u00feeim er h\u00f3ta\u00f0 og sleppt; \u00feeir bi\u00f0ja Gu\u00f0 sameiginlega og ver\u00f0a b\u00e6nheyr\u00f0ir; \u00e1stand safna\u00f0arins. 1Me\u00f0an \u00feeir v\u00f3ru enn a\u00f0 tala til f\u00f3lksins, komu a\u00f0 \u00feeim prestar, var\u00f0mannaforingi musterisins og sad\u00fas\u00e6ar,2hv\u00f6rjum \u00fea\u00f0 gramdist, a\u00f0 postular kenndu f\u00f3lkinu og bo\u00f0u\u00f0u upprisu framli\u00f0inna af d\u00e6mi Jes\u00fa;3l\u00f6g\u00f0u \u00feeir \u00fe\u00e1 hendur \u00e1 \u00fe\u00e1 og settu \u00ed var\u00f0hald til n\u00e6sta morguns, \u00fev\u00ed kv\u00f6ld var komi\u00f0;4en margir af \u00feeim, er heyrt h\u00f6f\u00f0u r\u00e6\u00f0una, tr\u00fa\u00f0u, svo a\u00f0 tala \u00feeirra manna var n\u00e6r fimm \u00fe\u00fasundir. 5Morguninn eftir ske\u00f0i \u00fea\u00f0, a\u00f0 h\u00f6f\u00f0ingjarnir, \u00f6ldungarnir og \u00feeir skriftl\u00e6r\u00f0u komu saman <a href=\"https:\/\/biblian.is\/videy\/postulasagan-4-kafli\/\"> [&#8230;]<\/a><\/p>\n","protected":false},"author":1,"featured_media":0,"parent":0,"menu_order":0,"comment_status":"open","ping_status":"open","template":"bibliukaflar.php","meta":{"footnotes":""},"class_list":["post-21871","page","type-page","status-publish","hentry"],"_links":{"self":[{"href":"https:\/\/biblian.is\/videy\/wp-json\/wp\/v2\/pages\/21871","targetHints":{"allow":["GET"]}}],"collection":[{"href":"https:\/\/biblian.is\/videy\/wp-json\/wp\/v2\/pages"}],"about":[{"href":"https:\/\/biblian.is\/videy\/wp-json\/wp\/v2\/types\/page"}],"author":[{"embeddable":true,"href":"https:\/\/biblian.is\/videy\/wp-json\/wp\/v2\/users\/1"}],"replies":[{"embeddable":true,"href":"https:\/\/biblian.is\/videy\/wp-json\/wp\/v2\/comments?post=21871"}],"version-history":[{"count":0,"href":"https:\/\/biblian.is\/videy\/wp-json\/wp\/v2\/pages\/21871\/revisions"}],"wp:attachment":[{"href":"https:\/\/biblian.is\/videy\/wp-json\/wp\/v2\/media?parent=21871"}],"curies":[{"name":"wp","href":"https:\/\/api.w.org\/{rel}","templated":true}]}}