{"id":21870,"date":"2018-01-02T01:04:35","date_gmt":"2018-01-02T01:04:35","guid":{"rendered":"http:\/\/biblian.is\/videy\/postulasagan-3-kafli\/"},"modified":"2018-01-02T01:04:35","modified_gmt":"2018-01-02T01:04:35","slug":"postulasagan-3-kafli","status":"publish","type":"page","link":"https:\/\/biblian.is\/videy\/postulasagan-3-kafli\/","title":{"rendered":"Postulasagan 3. kafli"},"content":{"rendered":"<div class=\"fyrirsognVidey\">P\u00e9tur l\u00e6knar haltan mann; f\u00f3lki\u00f0 undrast r\u00e6\u00f0u P\u00e9turs um dau\u00f0a og upprisu Jes\u00fa; hann r\u00e6\u00f0ur til afturhvarfs.<\/div>\n<p><a name=\"1\"><span class=\"versanumer\">1<\/span><\/a>Eitt sinn gengu \u00feeir P\u00e9tur og J\u00f3hannes \u00e1samt upp \u00ed musteri\u00f0 \u00e1 venjulegri b\u00e6nat\u00ed\u00f0 um n\u00edundu stund <span class='VideyAth'>a)<\/span>;<a name=\"2\"><span class=\"versanumer\">2<\/span><\/a>\u00fe\u00e1 var veri\u00f0 a\u00f0 bera \u00feanga\u00f0 mann, er haltur var fr\u00e1 m\u00f3\u00f0url\u00edfi og daglega var settur vi\u00f0 \u00fe\u00e6r dyr musterisins, er nefndust F\u00f6grudyr, svo hann b\u00e6\u00f0i s\u00e9r \u00f6lmusu af \u00feeim, er inngengu \u00ed musteri\u00f0.<a name=\"3\"><span class=\"versanumer\">3<\/span><\/a>\u00deegar hann n\u00fa s\u00e1 P\u00e9tur og J\u00f3hannes \u00e6tla a\u00f0 ganga \u00fear inn, ba\u00f0 hann \u00fe\u00e1 a\u00f0 gefa s\u00e9r.<a name=\"4\"><span class=\"versanumer\">4<\/span><\/a>P\u00e9tur star\u00f0i \u00e1 hann \u00e1samt J\u00f3hannesi, og sag\u00f0i: l\u00edttu upp \u00e1 okkur.<a name=\"5\"><span class=\"versanumer\">5<\/span><\/a>Hann leit til \u00feeirra \u00ed von um a\u00f0 hann mundi f\u00e1 eitthva\u00f0 hj\u00e1 \u00feeim;<a name=\"6\"><span class=\"versanumer\">6<\/span><\/a>en P\u00e9tur sag\u00f0i: silfur og gull \u00e1 eg ekki, en hva\u00f0 eg hefi, \u00fea\u00f0 gef eg \u00fe\u00e9r. Statt upp og gakk \u00ed nafni Jes\u00fa Krists fr\u00e1 Nasaret!<a name=\"7\"><span class=\"versanumer\">7<\/span><\/a>t\u00f3k \u00ed hans h\u00e6gri h\u00f6nd og reisti hann \u00e1 f\u00e6tur.<a name=\"8\"><span class=\"versanumer\">8<\/span><\/a>En jafnskj\u00f3tt ur\u00f0u iljar hans og \u00f6kklar styrkvir, svo hann spratt upp og gekk um kring, fylgdist me\u00f0 \u00feeim inn \u00ed musteri\u00f0, gekk, st\u00f6kk upp og lofa\u00f0i Gu\u00f0.<a name=\"9\"><span class=\"versanumer\">9<\/span><\/a>Og allt f\u00f3lk s\u00e1 hann ganga og lofa Gu\u00f0,<a name=\"10\"><span class=\"versanumer\">10<\/span><\/a>l\u00edka \u00feekktu \u00feeir hann, og vissu a\u00f0 hann var s\u00e1 sami, sem haf\u00f0i bei\u00f0st \u00f6lmusu vi\u00f0 F\u00f6grudyr musterisins; fylltust \u00fev\u00ed felmtri og undrun yfir \u00feessum atbur\u00f0i.<a name=\"11\"><span class=\"versanumer\">11<\/span><\/a>N\u00fa sem hinn halti h\u00e9lt s\u00e9r til P\u00e9turs og J\u00f3hannesar, flykktist til \u00feeirra allur l\u00fd\u00f0urinn \u00ed gangr\u00fam \u00fea\u00f0, sem kennt er vi\u00f0 Sal\u00f3mon, og var felmtsfullur.<a name=\"12\"><span class=\"versanumer\">12<\/span><\/a>\u00deegar P\u00e9tur s\u00e1 \u00feetta, m\u00e6lti hann til f\u00f3lksins: \u00fe\u00e9r, \u00cdsraelsmenn! hv\u00ed fur\u00f0ar y\u00f0ur \u00e1 \u00feessu, og hv\u00ed stari\u00f0 \u00fe\u00e9r \u00e1 okkur, eins og vi\u00f0 hef\u00f0um af sj\u00e1lfs krafti e\u00f0ur fyrir eigin gu\u00f0hr\u00e6\u00f0slu \u00e1orka\u00f0 a\u00f0 \u00feessi gengur?<a name=\"13\"><span class=\"versanumer\">13<\/span><\/a>Gu\u00f0 Abrahams, \u00cdsaks og Jakobs, Gu\u00f0 fe\u00f0ra vorra, hefir vegsama\u00f0 sinn Son Jes\u00fam, hv\u00f6rn \u00fe\u00e9r ofurseldu\u00f0 og afs\u00f6g\u00f0u\u00f0 fyrir P\u00edlatusi, er \u00e1lykta\u00f0i a\u00f0 l\u00e1ta hann lausan.<a name=\"14\"><span class=\"versanumer\">14<\/span><\/a>Hinn heilaga og r\u00e9ttl\u00e1ta afs\u00f6g\u00f0u\u00f0 \u00fe\u00e9r, b\u00e1\u00f0u\u00f0 um mor\u00f0ingjann,<a name=\"15\"><span class=\"versanumer\">15<\/span><\/a>en l\u00e9tu\u00f0 afl\u00edfa \u00feann l\u00edfsins foringja, sem Gu\u00f0 uppvakti fr\u00e1 dau\u00f0um, hvar a\u00f0 v\u00e9r erum vottar.<a name=\"16\"><span class=\"versanumer\">16<\/span><\/a>En hann er \u00fea\u00f0, sem hefir heilan gj\u00f6rt \u00feenna, er \u00fe\u00e9r horfi\u00f0 \u00e1 og \u00feekki\u00f0, fyrir tr\u00fana \u00e1 hans nafn; tr\u00fain \u00e1 hann er \u00fea\u00f0, sem gaf hinum halta sl\u00edkan albata fyrir allra y\u00f0ar augum.<a name=\"17\"><span class=\"versanumer\">17<\/span><\/a>N\u00fa veit eg, br\u00e6\u00f0ur! a\u00f0 \u00fe\u00e9r, eins og y\u00f0rir h\u00f6f\u00f0ingjar, gj\u00f6r\u00f0u\u00f0 \u00fea\u00f0 af van\u00feekkingu;<a name=\"18\"><span class=\"versanumer\">18<\/span><\/a>en Gu\u00f0 l\u00e9t \u00feannig r\u00e6tast \u00fea\u00f0, sem hann haf\u00f0i fyrirsagt fyrir munn allra sinna sp\u00e1manna, a\u00f0 Kristur skyldi p\u00ednast.<a name=\"19\"><span class=\"versanumer\">19<\/span><\/a>Taki\u00f0 \u00fev\u00ed sinnaskipti og b\u00e6ti\u00f0 dagfar y\u00f0ar, svo a\u00f0 y\u00f0ar syndir ver\u00f0i fyrirgefnar,<a name=\"20\"><span class=\"versanumer\">20<\/span><\/a>upp \u00e1 \u00fea\u00f0 a\u00f0 endurl\u00edfgunart\u00ed\u00f0irnar komi fr\u00e1 augliti Drottins, og hann sendi \u00feann y\u00f0ur \u00e6tla\u00f0a Jes\u00fam Krist,<a name=\"21\"><span class=\"versanumer\">21<\/span><\/a>hv\u00f6r e\u00f0 \u00e1 himninum a\u00f0 halda allt til \u00feess t\u00edma, a\u00f0 allt endurskapast, hvar um Gu\u00f0 hefir tala\u00f0 fyrir munn allra sinna heil\u00f6gu sp\u00e1manna fr\u00e1 \u00f6ndver\u00f0u.<a name=\"22\"><span class=\"versanumer\">22<\/span><\/a>\u00deannin hefir M\u00f3ses sagt til fe\u00f0ranna: \u201eSp\u00e1mann mun Drottinn Gu\u00f0 y\u00f0ar uppvekja y\u00f0ur af br\u00e6\u00f0rum y\u00f0ar, eins og mig; gegni\u00f0 honum \u00ed \u00f6llu, er hann segir y\u00f0ur;<a name=\"23\"><span class=\"versanumer\">23<\/span><\/a>\u00fev\u00ed \u00fea\u00f0 skal ske, a\u00f0 hv\u00f6r s\u00fa s\u00e1l, sem ekki gegnir \u00feeim sp\u00e1manni, skal afm\u00e1st \u00far t\u00f6lu \u00fej\u00f3\u00f0arinnar.\u201c<a name=\"24\"><span class=\"versanumer\">24<\/span><\/a>Eins hafa allir sp\u00e1mennirnir, fr\u00e1 Sam\u00fael, hv\u00f6r eftir annan, svo margir, sem tala\u00f0 hafa, einnig kunngj\u00f6rt \u00feessa daga.<a name=\"25\"><span class=\"versanumer\">25<\/span><\/a>\u00de\u00e9r eru\u00f0 b\u00f6rn sp\u00e1mannanna og s\u00e1ttm\u00e1lans, hv\u00f6rn Gu\u00f0 gj\u00f6r\u00f0i vi\u00f0 fe\u00f0ur vora, \u00fe\u00e1 hann sag\u00f0i til Abrahams: \u201eaf afkv\u00e6mi \u00fe\u00ednu skulu allar jar\u00f0arinnar \u00e6ttkv\u00edslir blessun hlj\u00f3ta.\u201c<a name=\"26\"><span class=\"versanumer\">26<\/span><\/a>Y\u00f0ur sendi Gu\u00f0 fyrstum Son sinn, \u00fe\u00e1 hann uppvakti hann, til \u00feess hann skyldi y\u00f0ur blessa me\u00f0 \u00fev\u00ed a\u00f0 sn\u00faa s\u00e9rhv\u00f6rjum y\u00f0ar fr\u00e1 sinni illsku.<\/p>\n<div class=\"footnoteVidey\">V. 1. a. Menn b\u00e1\u00f0ust fyrir \u00ferisvar \u00e1 dag, a\u00f0 d\u00e6mi Dav\u00ed\u00f0s, morgun, um mi\u00f0jan dag og kv\u00f6ld, Mark. 15,33. Post. 10,3.  V. 21. Matt. 19,28. Hebr. 1,6.  V. 22. 5 M\u00f3s. 18,15\u201318.  V. 25. 1 M\u00f3s. 12,3. 18,18. 22,18. Gal. 3,16.  V. 26. Fyrstum, sj\u00e1 13,46.<\/div>\n","protected":false},"excerpt":{"rendered":"<p>P\u00e9tur l\u00e6knar haltan mann; f\u00f3lki\u00f0 undrast r\u00e6\u00f0u P\u00e9turs um dau\u00f0a og upprisu Jes\u00fa; hann r\u00e6\u00f0ur til afturhvarfs. 1Eitt sinn gengu \u00feeir P\u00e9tur og J\u00f3hannes \u00e1samt upp \u00ed musteri\u00f0 \u00e1 venjulegri b\u00e6nat\u00ed\u00f0 um n\u00edundu stund a);2\u00fe\u00e1 var veri\u00f0 a\u00f0 bera \u00feanga\u00f0 mann, er haltur var fr\u00e1 m\u00f3\u00f0url\u00edfi og daglega var settur vi\u00f0 \u00fe\u00e6r dyr musterisins, er nefndust F\u00f6grudyr, svo hann b\u00e6\u00f0i s\u00e9r \u00f6lmusu af \u00feeim, er inngengu \u00ed musteri\u00f0.3\u00deegar hann n\u00fa s\u00e1 P\u00e9tur og J\u00f3hannes \u00e6tla a\u00f0 ganga \u00fear inn, ba\u00f0 hann \u00fe\u00e1 a\u00f0 gefa s\u00e9r.4P\u00e9tur star\u00f0i \u00e1 hann \u00e1samt J\u00f3hannesi, og sag\u00f0i: l\u00edttu upp \u00e1 okkur.5Hann leit til \u00feeirra \u00ed <a href=\"https:\/\/biblian.is\/videy\/postulasagan-3-kafli\/\"> [&#8230;]<\/a><\/p>\n","protected":false},"author":1,"featured_media":0,"parent":0,"menu_order":0,"comment_status":"open","ping_status":"open","template":"bibliukaflar.php","meta":{"footnotes":""},"class_list":["post-21870","page","type-page","status-publish","hentry"],"_links":{"self":[{"href":"https:\/\/biblian.is\/videy\/wp-json\/wp\/v2\/pages\/21870","targetHints":{"allow":["GET"]}}],"collection":[{"href":"https:\/\/biblian.is\/videy\/wp-json\/wp\/v2\/pages"}],"about":[{"href":"https:\/\/biblian.is\/videy\/wp-json\/wp\/v2\/types\/page"}],"author":[{"embeddable":true,"href":"https:\/\/biblian.is\/videy\/wp-json\/wp\/v2\/users\/1"}],"replies":[{"embeddable":true,"href":"https:\/\/biblian.is\/videy\/wp-json\/wp\/v2\/comments?post=21870"}],"version-history":[{"count":0,"href":"https:\/\/biblian.is\/videy\/wp-json\/wp\/v2\/pages\/21870\/revisions"}],"wp:attachment":[{"href":"https:\/\/biblian.is\/videy\/wp-json\/wp\/v2\/media?parent=21870"}],"curies":[{"name":"wp","href":"https:\/\/api.w.org\/{rel}","templated":true}]}}