{"id":21861,"date":"2018-01-02T01:04:30","date_gmt":"2018-01-02T01:04:30","guid":{"rendered":"http:\/\/biblian.is\/videy\/johannesargudspjall-15-kafli\/"},"modified":"2018-01-02T01:04:30","modified_gmt":"2018-01-02T01:04:30","slug":"johannesargudspjall-15-kafli","status":"publish","type":"page","link":"https:\/\/biblian.is\/videy\/johannesargudspjall-15-kafli\/","title":{"rendered":"J\u00f3hannesargu\u00f0spjall 15. kafli"},"content":{"rendered":"<div class=\"fyrirsognVidey\">Jes\u00fa skilna\u00f0arr\u00e6\u00f0a er \u00ed eftirfylgjandi \u00feremur Kap\u00edtulum.<\/div>\n<p><a name=\"1\"><span class=\"versanumer\">1<\/span><\/a>Eg em hinn sanni v\u00ednvi\u00f0ur og Fa\u00f0ir minn er v\u00ednyrkjuma\u00f0urinn;<a name=\"2\"><span class=\"versanumer\">2<\/span><\/a>hv\u00f6rja \u00fe\u00e1 grein \u00e1 m\u00e9r, sem ekki ber \u00e1v\u00f6xt, afsn\u00ed\u00f0ur hann en hreinsar s\u00e9rhv\u00f6rja frj\u00f3vsama, svo a\u00f0 h\u00fan beri meiri \u00e1v\u00f6xt.<a name=\"3\"><span class=\"versanumer\">3<\/span><\/a>N\u00fa \u00feegar eru\u00f0 \u00fe\u00e9r hreinir fyrir \u00fea\u00f0 or\u00f0, sem eg hefi tala\u00f0 til y\u00f0ar.<a name=\"4\"><span class=\"versanumer\">4<\/span><\/a>Veri\u00f0 m\u00e9r \u00e1fastir svo a\u00f0 eg s\u00e9 me\u00f0 y\u00f0ur. Eins og vi\u00f0argreinin getur ekki bori\u00f0 \u00e1v\u00f6xt af sj\u00e1lfri s\u00e9r, nema h\u00fan s\u00e9 f\u00f6st \u00e1 v\u00ednvi\u00f0num, \u00feannig ekki heldur \u00fe\u00e9r, nema \u00fe\u00e9r s\u00e9u\u00f0 m\u00e9r \u00e1fastir.<a name=\"5\"><span class=\"versanumer\">5<\/span><\/a>Eg em v\u00ednvi\u00f0urinn, \u00fe\u00e9r eru\u00f0 greinirnar; s\u00e1 sem er m\u00e9r \u00e1fastur og eg er me\u00f0, hann ber mikinn \u00e1v\u00f6xt, \u00fev\u00ed \u00e1n m\u00edn megni\u00f0 \u00fe\u00e9r ekkert.<a name=\"6\"><span class=\"versanumer\">6<\/span><\/a>S\u00e1, sem ekki er gr\u00f3\u00f0ursettur \u00e1 m\u00e9r, honum ver\u00f0ur snara\u00f0 \u00fat eins og afkvisti og visnar upp; menn safna \u00fev\u00ed saman og kasta \u00fev\u00ed \u00e1 eld og \u00fea\u00f0 brennur.<a name=\"7\"><span class=\"versanumer\">7<\/span><\/a>Ef a\u00f0 \u00fe\u00e9r haldi\u00f0 y\u00f0ur a\u00f0 m\u00e9r og m\u00edn or\u00f0 hafa sta\u00f0 hj\u00e1 y\u00f0ur, \u00fe\u00e1 megi\u00f0 \u00fe\u00e9r bi\u00f0ja hv\u00f6rs \u00fe\u00e9r vilji\u00f0 og \u00fea\u00f0 mun y\u00f0ur veitast.<a name=\"8\"><span class=\"versanumer\">8<\/span><\/a>Me\u00f0 \u00fev\u00ed vegsamast Fa\u00f0ir minn, a\u00f0 \u00fe\u00e9r beri\u00f0 mikinn \u00e1v\u00f6xt og \u00fe\u00e9r ver\u00f0i\u00f0 m\u00ednir l\u00e6risveinar.<a name=\"9\"><span class=\"versanumer\">9<\/span><\/a>Eins og Fa\u00f0irinn hefir elska\u00f0 mig og eg hefi elska\u00f0 y\u00f0ur, svo ver\u00f0i\u00f0 sta\u00f0fastir \u00ed elskunni til m\u00edn.<a name=\"10\"><span class=\"versanumer\">10<\/span><\/a>Ef a\u00f0 \u00fe\u00e9r haldi\u00f0 m\u00edn bo\u00f0or\u00f0, \u00fe\u00e1 munu\u00f0 \u00fe\u00e9r halda minni elsku, eins og eg h\u00e9lt bo\u00f0or\u00f0 m\u00edns F\u00f6\u00f0urs og held hans elsku.<a name=\"11\"><span class=\"versanumer\">11<\/span><\/a>\u00deetta hefi eg tala\u00f0 til y\u00f0ar, svo a\u00f0 minn f\u00f6gnu\u00f0ur ver\u00f0i hj\u00e1 y\u00f0ur varanlegur og f\u00f6gnu\u00f0ur y\u00f0ar fullkominn.<a name=\"12\"><span class=\"versanumer\">12<\/span><\/a>\u00dea\u00f0 er mitt bo\u00f0or\u00f0 a\u00f0 \u00fe\u00e9r elski\u00f0 hv\u00f6r annan eins og eg hefi elska\u00f0 y\u00f0ur.<a name=\"13\"><span class=\"versanumer\">13<\/span><\/a>Meiri elsku hefir enginn en \u00fe\u00e1, a\u00f0 ma\u00f0ur l\u00e1ti l\u00edf sitt fyrir s\u00edna vini.<a name=\"14\"><span class=\"versanumer\">14<\/span><\/a>\u00de\u00e9r eru\u00f0 m\u00ednir vinir, ef \u00fe\u00e9r gj\u00f6ri\u00f0 \u00fea\u00f0, sem eg hefi bo\u00f0i\u00f0 y\u00f0ur.<a name=\"15\"><span class=\"versanumer\">15<\/span><\/a>Eg kalla y\u00f0ur ekki h\u00e9\u00f0an af m\u00edna \u00fej\u00f3na, \u00fev\u00ed \u00fej\u00f3ninn veit ekki hva\u00f0 hans Herra gj\u00f6rir; en eg hefi kalla\u00f0 y\u00f0ur vini, \u00fev\u00ed allt \u00fea\u00f0, sem eg hefi heyrt af m\u00ednum F\u00f6\u00f0ur, \u00fea\u00f0 hefi eg kunngj\u00f6rt y\u00f0ur.<a name=\"16\"><span class=\"versanumer\">16<\/span><\/a>\u00de\u00e9r hafi\u00f0 ekki \u00fatvali\u00f0 mig, heldur hefi eg \u00fatvali\u00f0 y\u00f0ur og sett y\u00f0ur til \u00feess, a\u00f0 \u00fe\u00e9r fari\u00f0 og beri\u00f0 \u00e1v\u00f6xt og y\u00f0ar \u00e1v\u00f6xtur ver\u00f0i varanlegur; svo a\u00f0 hv\u00f6rs \u00fe\u00e9r bi\u00f0ji\u00f0 F\u00f6\u00f0urinn \u00ed m\u00ednu nafni, \u00fea\u00f0 veiti hann y\u00f0ur.<a name=\"17\"><span class=\"versanumer\">17<\/span><\/a>\u00dea\u00f0 b\u00fd\u00f0 eg y\u00f0ur, a\u00f0 \u00fe\u00e9r elski\u00f0 hv\u00f6r annan.<a name=\"18\"><span class=\"versanumer\">18<\/span><\/a>Ef heimurinn hatar y\u00f0ur, \u00fe\u00e1 viti\u00f0 a\u00f0 hann hefir hata\u00f0 mig fyrri enn y\u00f0ur.<a name=\"19\"><span class=\"versanumer\">19<\/span><\/a>Ef \u00fe\u00e9r v\u00e6ru\u00f0 af heiminum, \u00fe\u00e1 mundi heimurinn l\u00edklega elska sitt eigi\u00f0; en af \u00fev\u00ed \u00fe\u00e9r eru\u00f0 ekki af heiminum, \u00fe\u00f3tt eg hafi y\u00f0ur \u00fatvali\u00f0 af heiminum, \u00fe\u00e1 hatar heimurinn y\u00f0ur.<a name=\"20\"><span class=\"versanumer\">20<\/span><\/a>Muni\u00f0 til \u00feess, er eg sag\u00f0i y\u00f0ur: \u00fej\u00f3ninn er ekki meiri enn h\u00fassb\u00f3ndinn. Hafi \u00feeir ofs\u00f3tt mig, \u00fe\u00e1 munu \u00feeir ofs\u00e6kja y\u00f0ur; hafi \u00feeir sett \u00fat \u00e1 m\u00edna kenningu, \u00fe\u00e1 munu \u00feeir eins setja \u00fat \u00e1 y\u00f0ar.<a name=\"21\"><span class=\"versanumer\">21<\/span><\/a>En allt \u00feetta munu \u00feeir gj\u00f6ra y\u00f0ur vegna m\u00edns nafns, af \u00fev\u00ed \u00feeir \u00feekkja ekki \u00feann, sem sendi mig.<a name=\"22\"><span class=\"versanumer\">22<\/span><\/a>Hef\u00f0i eg ekki komi\u00f0 og tala\u00f0 til \u00feeirra, \u00fe\u00e1 hef\u00f0u \u00feeir ekki synd, en n\u00fa hafa \u00feeir enga afb\u00f6tun synd sinni.<a name=\"23\"><span class=\"versanumer\">23<\/span><\/a>S\u00e1, sem hatar mig, s\u00e1 hatar og minn F\u00f6\u00f0ur.<a name=\"24\"><span class=\"versanumer\">24<\/span><\/a>Ef eg hef\u00f0i ekki gj\u00f6rt \u00feau verk \u00e1 me\u00f0al \u00feeirra, sem enginn annar hef\u00f0i gj\u00f6rt, \u00fe\u00e1 hef\u00f0u \u00feeir ekki synd; en n\u00fa hafa \u00feeir s\u00e9\u00f0 \u00feau og hafa b\u00e6\u00f0i hata\u00f0 mig og F\u00f6\u00f0ur minn.<a name=\"25\"><span class=\"versanumer\">25<\/span><\/a>En grein \u00feessi \u00ed \u00feeirra helgu b\u00f3kum hl\u00fdtur a\u00f0 r\u00e6tast: \u201e\u00feeir h\u00f6tu\u00f0u mig \u00e1n saka.\u201c<a name=\"26\"><span class=\"versanumer\">26<\/span><\/a>En \u00feegar Fr\u00e6\u00f0arinn kemur, sem eg mun senda y\u00f0ur fr\u00e1 F\u00f6\u00f0urnum, s\u00e1 sannleiksins andi, sem kemur fr\u00e1 F\u00f6\u00f0urnum, hann mun vitna um mig;<a name=\"27\"><span class=\"versanumer\">27<\/span><\/a>en \u00fe\u00e9r munu\u00f0 og vitna um mig, \u00fev\u00ed \u00fe\u00e9r hafi\u00f0 fr\u00e1 upphafi me\u00f0 m\u00e9r veri\u00f0.<\/p>\n<div class=\"footnoteVidey\">V. 25. S\u00e1lm. 35,20. Sbr. 69,5.<\/div>\n","protected":false},"excerpt":{"rendered":"<p>Jes\u00fa skilna\u00f0arr\u00e6\u00f0a er \u00ed eftirfylgjandi \u00feremur Kap\u00edtulum. 1Eg em hinn sanni v\u00ednvi\u00f0ur og Fa\u00f0ir minn er v\u00ednyrkjuma\u00f0urinn;2hv\u00f6rja \u00fe\u00e1 grein \u00e1 m\u00e9r, sem ekki ber \u00e1v\u00f6xt, afsn\u00ed\u00f0ur hann en hreinsar s\u00e9rhv\u00f6rja frj\u00f3vsama, svo a\u00f0 h\u00fan beri meiri \u00e1v\u00f6xt.3N\u00fa \u00feegar eru\u00f0 \u00fe\u00e9r hreinir fyrir \u00fea\u00f0 or\u00f0, sem eg hefi tala\u00f0 til y\u00f0ar.4Veri\u00f0 m\u00e9r \u00e1fastir svo a\u00f0 eg s\u00e9 me\u00f0 y\u00f0ur. Eins og vi\u00f0argreinin getur ekki bori\u00f0 \u00e1v\u00f6xt af sj\u00e1lfri s\u00e9r, nema h\u00fan s\u00e9 f\u00f6st \u00e1 v\u00ednvi\u00f0num, \u00feannig ekki heldur \u00fe\u00e9r, nema \u00fe\u00e9r s\u00e9u\u00f0 m\u00e9r \u00e1fastir.5Eg em v\u00ednvi\u00f0urinn, \u00fe\u00e9r eru\u00f0 greinirnar; s\u00e1 sem er m\u00e9r \u00e1fastur og eg er me\u00f0, hann ber mikinn <a href=\"https:\/\/biblian.is\/videy\/johannesargudspjall-15-kafli\/\"> [&#8230;]<\/a><\/p>\n","protected":false},"author":1,"featured_media":0,"parent":0,"menu_order":0,"comment_status":"open","ping_status":"open","template":"bibliukaflar.php","meta":{"footnotes":""},"class_list":["post-21861","page","type-page","status-publish","hentry"],"_links":{"self":[{"href":"https:\/\/biblian.is\/videy\/wp-json\/wp\/v2\/pages\/21861","targetHints":{"allow":["GET"]}}],"collection":[{"href":"https:\/\/biblian.is\/videy\/wp-json\/wp\/v2\/pages"}],"about":[{"href":"https:\/\/biblian.is\/videy\/wp-json\/wp\/v2\/types\/page"}],"author":[{"embeddable":true,"href":"https:\/\/biblian.is\/videy\/wp-json\/wp\/v2\/users\/1"}],"replies":[{"embeddable":true,"href":"https:\/\/biblian.is\/videy\/wp-json\/wp\/v2\/comments?post=21861"}],"version-history":[{"count":0,"href":"https:\/\/biblian.is\/videy\/wp-json\/wp\/v2\/pages\/21861\/revisions"}],"wp:attachment":[{"href":"https:\/\/biblian.is\/videy\/wp-json\/wp\/v2\/media?parent=21861"}],"curies":[{"name":"wp","href":"https:\/\/api.w.org\/{rel}","templated":true}]}}