{"id":21860,"date":"2018-01-02T01:04:30","date_gmt":"2018-01-02T01:04:30","guid":{"rendered":"http:\/\/biblian.is\/videy\/johannesargudspjall-14-kafli\/"},"modified":"2018-01-02T01:04:30","modified_gmt":"2018-01-02T01:04:30","slug":"johannesargudspjall-14-kafli","status":"publish","type":"page","link":"https:\/\/biblian.is\/videy\/johannesargudspjall-14-kafli\/","title":{"rendered":"J\u00f3hannesargu\u00f0spjall 14. kafli"},"content":{"rendered":"<div class=\"fyrirsognVidey\">Jes\u00fas talar um s\u00edna burtf\u00f6r, b\u00e6nina, heilagan Anda.<\/div>\n<p><a name=\"1\"><span class=\"versanumer\">1<\/span><\/a>L\u00e1ti\u00f0 ekki y\u00f0ar hjarta skelfast; tr\u00fai\u00f0 \u00e1 Gu\u00f0 og tr\u00fai\u00f0 \u00e1 mig.<a name=\"2\"><span class=\"versanumer\">2<\/span><\/a>\u00cd m\u00edns F\u00f6\u00f0urs h\u00fasi eru m\u00f6rg h\u00fdb\u00fdli: v\u00e6ri ekki svo, hef\u00f0i eg sagt y\u00f0ur:<a name=\"3\"><span class=\"versanumer\">3<\/span><\/a>eg fer burt a\u00f0 tilrei\u00f0a y\u00f0ur sta\u00f0, og \u00feegar eg er burtfarinn og hefi tilb\u00fai\u00f0 y\u00f0ur b\u00fasta\u00f0, \u00fe\u00e1 mun eg koma aftur og taka y\u00f0ur til m\u00edn, svo a\u00f0 \u00fe\u00e9r s\u00e9u\u00f0 \u00fear, sem eg er.<a name=\"4\"><span class=\"versanumer\">4<\/span><\/a>\u00de\u00e9r viti\u00f0 hv\u00f6rt eg fer og \u00feekki\u00f0 veginn.<a name=\"5\"><span class=\"versanumer\">5<\/span><\/a>T\u00f3m\u00e1s segir til hans: Herra! ekki vitum v\u00e9r hv\u00f6rt \u00fe\u00fa fer, og hv\u00f6rnig getum v\u00e9r \u00fe\u00e1 \u00feekkt veginn?<a name=\"6\"><span class=\"versanumer\">6<\/span><\/a>Jes\u00fas ansa\u00f0i honum: eg em vegurinn og sannleikurinn og l\u00edfi\u00f0, enginn kemur til F\u00f6\u00f0ursins, nema fyrir mig.<a name=\"7\"><span class=\"versanumer\">7<\/span><\/a>Ef \u00fe\u00e9r hef\u00f0u\u00f0 \u00feekkt mig, \u00fe\u00e1 hef\u00f0u\u00f0 \u00fe\u00e9r og \u00feekkt F\u00f6\u00f0urinn og h\u00e9\u00f0an \u00ed fr\u00e1 \u00feekki\u00f0 \u00fe\u00e9r hann og hafi\u00f0 s\u00e9\u00f0 hann.<a name=\"8\"><span class=\"versanumer\">8<\/span><\/a>Filippus sag\u00f0i til hans: Herra! s\u00fdnd\u00fa oss F\u00f6\u00f0urinn og \u00fe\u00e1 n\u00e6gir oss.<a name=\"9\"><span class=\"versanumer\">9<\/span><\/a>Jes\u00fas svara\u00f0i honum: svo lengi hefi eg veri\u00f0 hj\u00e1 y\u00f0ur og \u00fe\u00fa, Filippus! ert ekki enn b\u00fainn a\u00f0 \u00feekkja mig? s\u00e1, sem hefir s\u00e9\u00f0 mig, hefir s\u00e9\u00f0 F\u00f6\u00f0urinn og hv\u00f6rnig segir \u00fe\u00fa: s\u00fdndu oss F\u00f6\u00f0urinn?<a name=\"10\"><span class=\"versanumer\">10<\/span><\/a>Tr\u00fair \u00fe\u00fa ekki, a\u00f0 eg em \u00ed F\u00f6\u00f0urnum og Fa\u00f0irinn \u00ed m\u00e9r? \u00feau or\u00f0, sem eg tala til y\u00f0ar, \u00feau tala eg ekki af sj\u00e1lfum m\u00e9r; en Fa\u00f0irinn, sem \u00ed m\u00e9r er, hann gj\u00f6rir verkin.<a name=\"11\"><span class=\"versanumer\">11<\/span><\/a>Tr\u00fai\u00f0 m\u00e9r, a\u00f0 eg er \u00ed F\u00f6\u00f0urnum og Fa\u00f0irinn \u00ed m\u00e9r; en ef ekki, \u00fe\u00e1 tr\u00fai\u00f0 m\u00e9r vegna verkanna.<a name=\"12\"><span class=\"versanumer\">12<\/span><\/a>Sannlega, sannlega segi eg y\u00f0ur: s\u00e1, sem tr\u00fair \u00e1 mig og svo hann mun gj\u00f6ra \u00feau verk, sem eg gj\u00f6ri, og hann mun gj\u00f6ra meiri verk enn \u00feessi;<a name=\"13\"><span class=\"versanumer\">13<\/span><\/a>\u00fev\u00ed eg fer til m\u00edns F\u00f6\u00f0urs; og hv\u00f6rs, sem \u00fe\u00e9r bi\u00f0ji\u00f0 \u00ed m\u00ednu nafni, \u00fea\u00f0 mun eg veita, svo a\u00f0 Fa\u00f0irinn vegsamist fyrir Soninn.<a name=\"14\"><span class=\"versanumer\">14<\/span><\/a>Ef a\u00f0 \u00fe\u00e9r bi\u00f0ji\u00f0 einhv\u00f6rs \u00ed m\u00ednu nafni, mun eg veita \u00fea\u00f0.<a name=\"15\"><span class=\"versanumer\">15<\/span><\/a>Ef a\u00f0 \u00fe\u00e9r elski\u00f0 mig, \u00fe\u00e1 haldi\u00f0 \u00fe\u00e9r m\u00edn bo\u00f0or\u00f0.<a name=\"16\"><span class=\"versanumer\">16<\/span><\/a>Og eg skal bi\u00f0ja F\u00f6\u00f0urinn og hann mun gefa y\u00f0ur annan Meistara, svo a\u00f0 hann s\u00e9 hj\u00e1 y\u00f0ur eil\u00edflega,<a name=\"17\"><span class=\"versanumer\">17<\/span><\/a>sannleiksins anda, sem heimurinn getur ekki me\u00f0teki\u00f0, \u00fev\u00ed hann s\u00e9r hann ekki og \u00feekkir hann ekki, en \u00fe\u00e9r \u00feekki\u00f0 hann, \u00fev\u00ed hann sta\u00f0n\u00e6mist hj\u00e1 y\u00f0ur og mun vera \u00ed y\u00f0ur.<a name=\"18\"><span class=\"versanumer\">18<\/span><\/a>Eg skil y\u00f0ur ekki eftir muna\u00f0arlausa;<a name=\"19\"><span class=\"versanumer\">19<\/span><\/a>eg mun koma til y\u00f0ar; innan skamms mun heimurinn ekki sj\u00e1 mig framar, en \u00fe\u00e9r munu\u00f0 sj\u00e1 mig, \u00fev\u00ed eg lifi og \u00fe\u00e9r munu\u00f0 lifa.<a name=\"20\"><span class=\"versanumer\">20<\/span><\/a>\u00c1 \u00feeim degi munu\u00f0 \u00fe\u00e9r \u00feekkja, a\u00f0 eg er \u00ed m\u00ednum F\u00f6\u00f0ur og \u00fe\u00e9r \u00ed m\u00e9r og eg \u00ed y\u00f0ur.<a name=\"21\"><span class=\"versanumer\">21<\/span><\/a>S\u00e1, sem hefir m\u00edn bo\u00f0or\u00f0 og heldur \u00feau, hann elskar mig. En Fa\u00f0ir minn mun elska \u00feann, sem elskar mig og eg mun elska hann og s\u00fdna mig honum.<a name=\"22\"><span class=\"versanumer\">22<\/span><\/a>J\u00fadas sag\u00f0i \u00fe\u00e1 vi\u00f0 hann <span class='VideyAth'>(en \u00fea\u00f0 var ekki J\u00fadas fr\u00e1 Kar\u00edot)<\/span>: Herra! hva\u00f0 kemur til \u00feess, a\u00f0 \u00fe\u00fa \u00e6tlar a\u00f0 s\u00fdna \u00feig okkur, en ekki heiminum <span class='VideyAth'>a)<\/span>?<a name=\"23\"><span class=\"versanumer\">23<\/span><\/a>Jes\u00fas svara\u00f0i honum og sag\u00f0i: s\u00e1, sem elskar mig, hann mun var\u00f0veita mitt or\u00f0 og Fa\u00f0ir minn mun elska hann, og til hans munum vi\u00f0 koma, og taka oss b\u00f3lfestu hj\u00e1 honum.<a name=\"24\"><span class=\"versanumer\">24<\/span><\/a>S\u00e1, sem ekki elskar mig, hann var\u00f0veitir ekki m\u00edn or\u00f0 og \u00fea\u00f0 or\u00f0 sem \u00fe\u00e9r heyri\u00f0, er ekki mitt, heldur F\u00f6\u00f0ursins, \u00feess, sem mig sendi.<a name=\"25\"><span class=\"versanumer\">25<\/span><\/a>\u00deetta hefi eg tala\u00f0 vi\u00f0 y\u00f0ur me\u00f0an eg var hj\u00e1 y\u00f0ur;<a name=\"26\"><span class=\"versanumer\">26<\/span><\/a>en L\u00e6rimeistarinn, s\u00e1 heilagi Andi, sem Fa\u00f0irinn mun senda \u00ed m\u00ednu nafni, hann mun kenna y\u00f0ur allt og minna y\u00f0ur \u00e1 allt sem eg hefi tala\u00f0 vi\u00f0 y\u00f0ur.<a name=\"27\"><span class=\"versanumer\">27<\/span><\/a>Fri\u00f0 sendi eg y\u00f0ur, minn fri\u00f0 gef eg y\u00f0ur, ekki eins og heimurinn gefur, gef eg y\u00f0ur. L\u00e1ti\u00f0 y\u00f0ar hjarta hv\u00f6rki skelfast n\u00e9 hr\u00e6\u00f0ast;<a name=\"28\"><span class=\"versanumer\">28<\/span><\/a>\u00fe\u00e9r heyr\u00f0u\u00f0 a\u00f0 eg sag\u00f0i y\u00f0ur: eg fer burt og kem til y\u00f0ar aftur; ef \u00fe\u00e9r elsku\u00f0u\u00f0 mig, \u00fe\u00e1 gleddust \u00fe\u00e9r af \u00fev\u00ed, a\u00f0 eg fer til F\u00f6\u00f0ursins, \u00fev\u00ed Fa\u00f0irinn er m\u00e9r meiri.<a name=\"29\"><span class=\"versanumer\">29<\/span><\/a>Og n\u00fa hefi eg sagt y\u00f0ur \u00fea\u00f0, \u00e1\u00f0ur en \u00fea\u00f0 ske\u00f0ur, svo a\u00f0 \u00fe\u00e9r tr\u00fai\u00f0 \u00fev\u00ed, \u00feegar \u00fea\u00f0 ske\u00f0ur.<a name=\"30\"><span class=\"versanumer\">30<\/span><\/a>H\u00e9r eftir mun eg ekki tala margt vi\u00f0 y\u00f0ur, \u00fev\u00ed a\u00f0 h\u00f6f\u00f0ingi \u00feessa heims mun koma og \u00ed m\u00e9r hefir hann ekkert.<a name=\"31\"><span class=\"versanumer\">31<\/span><\/a>En svo a\u00f0 heimurinn viti a\u00f0 eg elska F\u00f6\u00f0urinn og a\u00f0 eg gj\u00f6ri eins og Fa\u00f0irinn hefir m\u00e9r bo\u00f0i\u00f0, \u00fe\u00e1 standi\u00f0 upp, l\u00e1tum oss fara h\u00e9\u00f0an.<\/p>\n<div class=\"footnoteVidey\">V. 22. a. \u00de. e. \u00feeim, sem ekki vildu a\u00f0hyllast hans l\u00e6rd\u00f3m.  V. 30. Vi\u00f0 erum sundurlyndir; hann hatar m\u00fag.<\/div>\n","protected":false},"excerpt":{"rendered":"<p>Jes\u00fas talar um s\u00edna burtf\u00f6r, b\u00e6nina, heilagan Anda. 1L\u00e1ti\u00f0 ekki y\u00f0ar hjarta skelfast; tr\u00fai\u00f0 \u00e1 Gu\u00f0 og tr\u00fai\u00f0 \u00e1 mig.2\u00cd m\u00edns F\u00f6\u00f0urs h\u00fasi eru m\u00f6rg h\u00fdb\u00fdli: v\u00e6ri ekki svo, hef\u00f0i eg sagt y\u00f0ur:3eg fer burt a\u00f0 tilrei\u00f0a y\u00f0ur sta\u00f0, og \u00feegar eg er burtfarinn og hefi tilb\u00fai\u00f0 y\u00f0ur b\u00fasta\u00f0, \u00fe\u00e1 mun eg koma aftur og taka y\u00f0ur til m\u00edn, svo a\u00f0 \u00fe\u00e9r s\u00e9u\u00f0 \u00fear, sem eg er.4\u00de\u00e9r viti\u00f0 hv\u00f6rt eg fer og \u00feekki\u00f0 veginn.5T\u00f3m\u00e1s segir til hans: Herra! ekki vitum v\u00e9r hv\u00f6rt \u00fe\u00fa fer, og hv\u00f6rnig getum v\u00e9r \u00fe\u00e1 \u00feekkt veginn?6Jes\u00fas ansa\u00f0i honum: eg em vegurinn og sannleikurinn og l\u00edfi\u00f0, <a href=\"https:\/\/biblian.is\/videy\/johannesargudspjall-14-kafli\/\"> [&#8230;]<\/a><\/p>\n","protected":false},"author":1,"featured_media":0,"parent":0,"menu_order":0,"comment_status":"open","ping_status":"open","template":"bibliukaflar.php","meta":{"footnotes":""},"class_list":["post-21860","page","type-page","status-publish","hentry"],"_links":{"self":[{"href":"https:\/\/biblian.is\/videy\/wp-json\/wp\/v2\/pages\/21860","targetHints":{"allow":["GET"]}}],"collection":[{"href":"https:\/\/biblian.is\/videy\/wp-json\/wp\/v2\/pages"}],"about":[{"href":"https:\/\/biblian.is\/videy\/wp-json\/wp\/v2\/types\/page"}],"author":[{"embeddable":true,"href":"https:\/\/biblian.is\/videy\/wp-json\/wp\/v2\/users\/1"}],"replies":[{"embeddable":true,"href":"https:\/\/biblian.is\/videy\/wp-json\/wp\/v2\/comments?post=21860"}],"version-history":[{"count":0,"href":"https:\/\/biblian.is\/videy\/wp-json\/wp\/v2\/pages\/21860\/revisions"}],"wp:attachment":[{"href":"https:\/\/biblian.is\/videy\/wp-json\/wp\/v2\/media?parent=21860"}],"curies":[{"name":"wp","href":"https:\/\/api.w.org\/{rel}","templated":true}]}}