{"id":21851,"date":"2018-01-02T01:04:30","date_gmt":"2018-01-02T01:04:30","guid":{"rendered":"http:\/\/biblian.is\/videy\/johannesargudspjall-5-kafli\/"},"modified":"2018-01-02T01:04:30","modified_gmt":"2018-01-02T01:04:30","slug":"johannesargudspjall-5-kafli","status":"publish","type":"page","link":"https:\/\/biblian.is\/videy\/johannesargudspjall-5-kafli\/","title":{"rendered":"J\u00f3hannesargu\u00f0spjall 5. kafli"},"content":{"rendered":"<div class=\"fyrirsognVidey\">Jes\u00fas l\u00e6knar \u00feann vi\u00f0 Bethesdalaug \u00e1 sabbatsdegi, sem veikur haf\u00f0i veri\u00f0 \u00ed 38 \u00e1r, forsvarar verki\u00f0.<\/div>\n<p><a name=\"1\"><span class=\"versanumer\">1<\/span><\/a>Eftir \u00feetta var h\u00e1t\u00ed\u00f0 Gy\u00f0inga og Jes\u00fas f\u00f3r upp til Jer\u00fasalem.<a name=\"2\"><span class=\"versanumer\">2<\/span><\/a>En \u00ed Jer\u00fasalem er laug vi\u00f0 sau\u00f0aporti\u00f0, sem kallast \u00e1 hebresku Bethesda og hefir fimm forbyrgi.<a name=\"3\"><span class=\"versanumer\">3<\/span><\/a>\u00cd \u00feessum l\u00e1 allur fj\u00f6ldi veikra manna, blindra, haltra, visinna, sem bi\u00f0u vatnsins hr\u00e6ringar.<a name=\"4\"><span class=\"versanumer\">4<\/span><\/a>\u00dev\u00ed \u00e1 vissum t\u00edmum st\u00e9 engill ni\u00f0ur \u00ed laugina og hr\u00e6r\u00f0i upp vatni\u00f0, en hv\u00f6r, sem f\u00f3r fyrstur \u00ed laugina, eftir a\u00f0 vatni\u00f0 haf\u00f0i veri\u00f0 hr\u00e6rt, hann var\u00f0 alheill, hv\u00f6r veiki, sem hann \u00fej\u00e1\u00f0i.<a name=\"5\"><span class=\"versanumer\">5<\/span><\/a>Ma\u00f0ur nokkur var \u00fear, sem veikur haf\u00f0i veri\u00f0 \u00ed \u00ferj\u00e1t\u00edu og \u00e1tta \u00e1r.<a name=\"6\"><span class=\"versanumer\">6<\/span><\/a>\u00deegar Jes\u00fas s\u00e1 \u00feennan liggja og vissi a\u00f0 hann haf\u00f0i \u00feegar lengi legi\u00f0, segir hann vi\u00f0 hann: vilt\u00fa ver\u00f0a heill?<a name=\"7\"><span class=\"versanumer\">7<\/span><\/a>S\u00e1 veiki svara\u00f0i honum: Herra! eg hefi engan til, sem l\u00e1ti mig \u00ed laugina, \u00feegar vatni\u00f0 hr\u00e6rist upp; svo \u00feegar eg kem, er annar kominn ni\u00f0ur \u00ed \u00fea\u00f0 \u00e1 undan m\u00e9r.<a name=\"8\"><span class=\"versanumer\">8<\/span><\/a>Jes\u00fas segir til hans: stattu upp, takt\u00fa s\u00e6ng \u00fe\u00edna og gakk;<a name=\"9\"><span class=\"versanumer\">9<\/span><\/a>og strax var\u00f0 ma\u00f0urinn heill, t\u00f3k upp s\u00e6ngina og gekk, en s\u00e1 dagur var helgidagur.<a name=\"10\"><span class=\"versanumer\">10<\/span><\/a>\u00dev\u00ed s\u00f6g\u00f0u Gy\u00f0ingar vi\u00f0 \u00feann l\u00e6kna\u00f0a mann: \u00fea\u00f0 er helgidagur, \u00fe\u00e9r leyfist ekki a\u00f0 bera s\u00e6ngina.<a name=\"11\"><span class=\"versanumer\">11<\/span><\/a>Hann svara\u00f0i \u00feeim: s\u00e1 sem mig gj\u00f6r\u00f0i heilan, hann sag\u00f0i m\u00e9r: ber \u00fe\u00fa s\u00e6ng \u00fe\u00edna og gakk.<a name=\"12\"><span class=\"versanumer\">12<\/span><\/a>\u00deeir spur\u00f0u \u00fe\u00e1: hv\u00f6r er s\u00e1 ma\u00f0ur, sem sag\u00f0i \u00fe\u00e9r: ber \u00fe\u00fa s\u00e6ng \u00fe\u00edna og gakk?<a name=\"13\"><span class=\"versanumer\">13<\/span><\/a>En s\u00e1 l\u00e6kna\u00f0i vissi ekki hv\u00f6r s\u00e1 var, \u00fev\u00ed Jes\u00fas haf\u00f0i \u00ed kyrr\u00feey fari\u00f0 burtu, en \u00fer\u00f6ng var mikil \u00e1 sta\u00f0num.<a name=\"14\"><span class=\"versanumer\">14<\/span><\/a>Eftir \u00feetta hitti Jes\u00fas hann \u00ed musterinu og sag\u00f0i til hans: sj\u00e1! n\u00fa ert\u00fa or\u00f0inn heill, syndga \u00fe\u00fa ekki framar, a\u00f0 ekki vilji \u00fe\u00e9r anna\u00f0 verra til.<a name=\"15\"><span class=\"versanumer\">15<\/span><\/a>Ma\u00f0urinn gekk burt og kunngj\u00f6r\u00f0i Gy\u00f0ingum a\u00f0 Jes\u00fas v\u00e6ri s\u00e1, sem hef\u00f0i gj\u00f6rt sig heilbrig\u00f0an,<a name=\"16\"><span class=\"versanumer\">16<\/span><\/a>og vegna \u00feess ofs\u00f3ttu Gy\u00f0ingar Jes\u00fam, a\u00f0 hann gj\u00f6r\u00f0i \u00feetta \u00e1 helgum degi.<a name=\"17\"><span class=\"versanumer\">17<\/span><\/a>En Jes\u00fas svara\u00f0i \u00feeim: Fa\u00f0ir minn vinnur til \u00feess n\u00fa, og eg vinn og.<a name=\"18\"><span class=\"versanumer\">18<\/span><\/a>Vegna \u00feess leitu\u00f0ust Gy\u00f0ingar enn heldur vi\u00f0 a\u00f0 r\u00e1\u00f0a hann af d\u00f6gum, af \u00fev\u00ed hann ekki einungis braut helgina, heldur kalla\u00f0i Gu\u00f0 F\u00f6\u00f0ur sinn, og gj\u00f6r\u00f0i sj\u00e1lfan sig Gu\u00f0i jafnan.<br \/><a name=\"19\"><span class=\"versanumer\">19<\/span><\/a>Jes\u00fas svara\u00f0i \u00fe\u00e1 og sag\u00f0i til \u00feeirra: sannlega, sannlega segi eg y\u00f0ur: Sonurinn getur ekkert gj\u00f6rt af sj\u00e1lfum s\u00e9r, nema \u00fea\u00f0, sem hann s\u00e9r F\u00f6\u00f0urinn gj\u00f6ra, \u00fev\u00ed \u00fea\u00f0, sem hann gj\u00f6rir, \u00fea\u00f0 gj\u00f6rir og Sonurinn s\u00f6mulei\u00f0is.<a name=\"20\"><span class=\"versanumer\">20<\/span><\/a>\u00dev\u00ed Fa\u00f0irinn elskar Soninn og s\u00fdnir honum allt \u00fea\u00f0, er hann sj\u00e1lfur gj\u00f6rir; og hann mun s\u00fdna honum meiri verk en \u00feessi, svo y\u00f0ur mun fur\u00f0a.<a name=\"21\"><span class=\"versanumer\">21<\/span><\/a>\u00dev\u00ed a\u00f0 eins og Fa\u00f0irinn uppvekur dau\u00f0a og l\u00edfgar, \u00feannig l\u00edfgar og Sonurinn \u00fe\u00e1, sem hann vill.<a name=\"22\"><span class=\"versanumer\">22<\/span><\/a>Ekki d\u00e6mir Fa\u00f0irinn nokkurn, heldur hefir hann fali\u00f0 Syninum \u00e1 hendur allan d\u00f3m,<a name=\"23\"><span class=\"versanumer\">23<\/span><\/a>svo a\u00f0 allir hei\u00f0ri Soninn eins og \u00feeir hei\u00f0ra F\u00f6\u00f0urinn. Hv\u00f6r, sem ekki hei\u00f0rar Soninn, s\u00e1 hei\u00f0rar ekki F\u00f6\u00f0urinn, sem sendi hann.<a name=\"24\"><span class=\"versanumer\">24<\/span><\/a>Sannlega, sannlega segi eg y\u00f0ur: hv\u00f6r, sem heyrir mitt or\u00f0 og tr\u00fair \u00feeim, sem mig sendi, s\u00e1 hefir eil\u00edft l\u00edf og kemur ekki til d\u00f3ms, heldur hefir st\u00edgi\u00f0 yfir fr\u00e1 dau\u00f0anum til l\u00edfsins.<a name=\"25\"><span class=\"versanumer\">25<\/span><\/a>Sannlega, sannlega segi eg y\u00f0ur: s\u00e1 t\u00edmi mun koma og er \u00feegar kominn, a\u00f0 hinir dau\u00f0u munu heyra raust Gu\u00f0s Sonar og \u00feeir, sem heyra, munu lifa.<a name=\"26\"><span class=\"versanumer\">26<\/span><\/a>\u00dev\u00ed eins og Fa\u00f0irinn hefir l\u00edfi\u00f0 \u00ed sj\u00e1lfum s\u00e9r, svo gaf hann og Syninum a\u00f0 hafa l\u00edfi\u00f0 \u00ed sj\u00e1lfum s\u00e9r,<a name=\"27\"><span class=\"versanumer\">27<\/span><\/a>og hann hefir og gefi\u00f0 honum vald til a\u00f0 halda d\u00f3m, \u00fev\u00ed hann er Mannsins Son.<a name=\"28\"><span class=\"versanumer\">28<\/span><\/a>Undrist ekki yfir \u00fev\u00ed, a\u00f0 t\u00edmi mun koma, \u00e1 hv\u00f6rjum allir \u00feeir, sem \u00ed gr\u00f6funum eru, munu heyra hans raust, og \u00feeir munu ganga \u00fat;<a name=\"29\"><span class=\"versanumer\">29<\/span><\/a>\u00feeir, sem gott hafa gj\u00f6rt til upprisu l\u00edfsins, en \u00feeir, sem illt hafa a\u00f0hafst, til upprisu ford\u00e6mingarinnar.<a name=\"30\"><span class=\"versanumer\">30<\/span><\/a>Eg megna ekkert a\u00f0 gj\u00f6ra af sj\u00e1lfum m\u00e9r; eg d\u00e6mi sem eg heyri og minn d\u00f3mur er r\u00e9ttv\u00eds, \u00fev\u00ed eg leita ekki m\u00edns vilja, heldur vilja F\u00f6\u00f0ursins \u00feess, sem sendi mig.<a name=\"31\"><span class=\"versanumer\">31<\/span><\/a>Ef eg vitna um sj\u00e1lfan mig, \u00fe\u00e1 er minn vitnisbur\u00f0ur ekki sannur.<a name=\"32\"><span class=\"versanumer\">32<\/span><\/a>Annar er, sem vitnar um mig og eg veit a\u00f0 s\u00e1 vitnisbur\u00f0ur er sannur, sem hann vitnar um mig.<a name=\"33\"><span class=\"versanumer\">33<\/span><\/a>\u00de\u00e9r hafi\u00f0 sent til J\u00f3hannesar og hann bar sannleikanum vitni.<a name=\"34\"><span class=\"versanumer\">34<\/span><\/a>En eg tek ekki vitnisbur\u00f0 hj\u00e1 m\u00f6nnum, heldur tala eg \u00feetta svo a\u00f0 \u00fe\u00e9r frelsist.<a name=\"35\"><span class=\"versanumer\">35<\/span><\/a>J\u00f3hannes var logandi og sk\u00ednandi lj\u00f3s, en \u00fe\u00e9r hafi\u00f0 a\u00f0eins um stund vilja\u00f0 gle\u00f0jast vi\u00f0 hans birtu.<a name=\"36\"><span class=\"versanumer\">36<\/span><\/a>En eg hefi vitnisbur\u00f0 meiri en J\u00f3hannesar, \u00feau verk, sem minn Fa\u00f0ir f\u00e9kk m\u00e9r a\u00f0 leysa af hendi, einmitt \u00feau verk, sem eg gj\u00f6ri, vitna um mig a\u00f0 Fa\u00f0irinn hafi sent mig.<a name=\"37\"><span class=\"versanumer\">37<\/span><\/a>Og sj\u00e1lfur Fa\u00f0irinn, sem sendi mig, hann vitnar um mig. Hv\u00f6rki hafi\u00f0 \u00fe\u00e9r nokkurn t\u00edma heyrt hans r\u00f6dd, n\u00e9 s\u00e9\u00f0 hans \u00e1s\u00fdnd;<a name=\"38\"><span class=\"versanumer\">38<\/span><\/a>og \u00fe\u00e9r hafi\u00f0 ekki \u00ed y\u00f0ur hans or\u00f0 varanlegt, \u00fear e\u00f0 \u00fe\u00e9r tr\u00fai\u00f0 ekki \u00feeim, sem hann sendi.<a name=\"39\"><span class=\"versanumer\">39<\/span><\/a>Rannsaki\u00f0 Ritningarnar, \u00fev\u00ed \u00fear \u00ed hugsi\u00f0 \u00fe\u00e9r a\u00f0 \u00fe\u00e9r hafi\u00f0 eil\u00edft l\u00edf, og \u00feessar eru \u00fea\u00f0, sem vitna um mig,<a name=\"40\"><span class=\"versanumer\">40<\/span><\/a>og samt vilji\u00f0 \u00fe\u00e9r ekki koma til m\u00edn, svo \u00fe\u00e9r hafi\u00f0 l\u00edfi\u00f0.<a name=\"41\"><span class=\"versanumer\">41<\/span><\/a>Eg tek ekki hei\u00f0ur af m\u00f6nnunum;<a name=\"42\"><span class=\"versanumer\">42<\/span><\/a>en eg \u00feekki y\u00f0ur, a\u00f0 \u00fe\u00e9r hafi\u00f0 ekki Gu\u00f0s k\u00e6rleika \u00ed y\u00f0ur.<a name=\"43\"><span class=\"versanumer\">43<\/span><\/a>Eg kom \u00ed nafni m\u00edns F\u00f6\u00f0urs og \u00fe\u00e9r taki\u00f0 \u00fe\u00f3 ekki vi\u00f0 m\u00e9r. Ef einhv\u00f6r k\u00e6mi \u00ed s\u00ednu eigin nafni <span class='VideyAth'>a)<\/span>, vi\u00f0 honum mundu\u00f0 \u00fe\u00e9r taka.<a name=\"44\"><span class=\"versanumer\">44<\/span><\/a>Hv\u00f6rnig geti\u00f0 \u00fe\u00e9r tr\u00faa\u00f0, \u00fe\u00e9r, sem s\u00e6kist eftir hei\u00f0ri hv\u00f6r hj\u00e1 \u00f6\u00f0rum, en leiti\u00f0 ekki hei\u00f0urs hj\u00e1 Gu\u00f0i einum.<a name=\"45\"><span class=\"versanumer\">45<\/span><\/a>\u00c6tli\u00f0 ekki a\u00f0 eg muni \u00e1k\u00e6ra y\u00f0ur hj\u00e1 F\u00f6\u00f0urnum, s\u00e1 er, sem \u00e1k\u00e6rir y\u00f0ur, M\u00f3ses, hv\u00f6rjum \u00fe\u00e9r treysti\u00f0.<a name=\"46\"><span class=\"versanumer\">46<\/span><\/a>Ef a\u00f0 \u00fe\u00e9r try\u00f0u\u00f0 M\u00f3ses, \u00fe\u00e1 try\u00f0u\u00f0 \u00fe\u00e9r og m\u00e9r, \u00fev\u00ed hann hefir skrifa\u00f0 um mig. En ef \u00fe\u00e9r tr\u00fai\u00f0 ekki hans b\u00f3kum, hv\u00f6r von er \u00fe\u00e1 a\u00f0 \u00fe\u00e9r tr\u00fai\u00f0 m\u00ednum or\u00f0um? <span class='VideyAth'>(5 Msb. 18,15. fl)<\/span>.<\/p>\n<div class=\"footnoteVidey\">V. 10. Heb. 13,19. Jer. 17.21.  V. 14. Matt 12,41.  V. 23. Matt. 28,18.  V. 27. Dan. 7,13.14.  V. 43. a. \u00c1n \u00feess a\u00f0 hafa \u00fear til gu\u00f0lega k\u00f6llun.<\/div>\n","protected":false},"excerpt":{"rendered":"<p>Jes\u00fas l\u00e6knar \u00feann vi\u00f0 Bethesdalaug \u00e1 sabbatsdegi, sem veikur haf\u00f0i veri\u00f0 \u00ed 38 \u00e1r, forsvarar verki\u00f0. 1Eftir \u00feetta var h\u00e1t\u00ed\u00f0 Gy\u00f0inga og Jes\u00fas f\u00f3r upp til Jer\u00fasalem.2En \u00ed Jer\u00fasalem er laug vi\u00f0 sau\u00f0aporti\u00f0, sem kallast \u00e1 hebresku Bethesda og hefir fimm forbyrgi.3\u00cd \u00feessum l\u00e1 allur fj\u00f6ldi veikra manna, blindra, haltra, visinna, sem bi\u00f0u vatnsins hr\u00e6ringar.4\u00dev\u00ed \u00e1 vissum t\u00edmum st\u00e9 engill ni\u00f0ur \u00ed laugina og hr\u00e6r\u00f0i upp vatni\u00f0, en hv\u00f6r, sem f\u00f3r fyrstur \u00ed laugina, eftir a\u00f0 vatni\u00f0 haf\u00f0i veri\u00f0 hr\u00e6rt, hann var\u00f0 alheill, hv\u00f6r veiki, sem hann \u00fej\u00e1\u00f0i.5Ma\u00f0ur nokkur var \u00fear, sem veikur haf\u00f0i veri\u00f0 \u00ed \u00ferj\u00e1t\u00edu og \u00e1tta \u00e1r.6\u00deegar <a href=\"https:\/\/biblian.is\/videy\/johannesargudspjall-5-kafli\/\"> [&#8230;]<\/a><\/p>\n","protected":false},"author":1,"featured_media":0,"parent":0,"menu_order":0,"comment_status":"open","ping_status":"open","template":"bibliukaflar.php","meta":{"footnotes":""},"class_list":["post-21851","page","type-page","status-publish","hentry"],"_links":{"self":[{"href":"https:\/\/biblian.is\/videy\/wp-json\/wp\/v2\/pages\/21851","targetHints":{"allow":["GET"]}}],"collection":[{"href":"https:\/\/biblian.is\/videy\/wp-json\/wp\/v2\/pages"}],"about":[{"href":"https:\/\/biblian.is\/videy\/wp-json\/wp\/v2\/types\/page"}],"author":[{"embeddable":true,"href":"https:\/\/biblian.is\/videy\/wp-json\/wp\/v2\/users\/1"}],"replies":[{"embeddable":true,"href":"https:\/\/biblian.is\/videy\/wp-json\/wp\/v2\/comments?post=21851"}],"version-history":[{"count":0,"href":"https:\/\/biblian.is\/videy\/wp-json\/wp\/v2\/pages\/21851\/revisions"}],"wp:attachment":[{"href":"https:\/\/biblian.is\/videy\/wp-json\/wp\/v2\/media?parent=21851"}],"curies":[{"name":"wp","href":"https:\/\/api.w.org\/{rel}","templated":true}]}}