{"id":21850,"date":"2018-01-02T01:04:30","date_gmt":"2018-01-02T01:04:30","guid":{"rendered":"http:\/\/biblian.is\/videy\/johannesargudspjall-4-kafli\/"},"modified":"2018-01-02T01:04:30","modified_gmt":"2018-01-02T01:04:30","slug":"johannesargudspjall-4-kafli","status":"publish","type":"page","link":"https:\/\/biblian.is\/videy\/johannesargudspjall-4-kafli\/","title":{"rendered":"J\u00f3hannesargu\u00f0spjall 4. kafli"},"content":{"rendered":"<div class=\"fyrirsognVidey\">Jes\u00fas talar vi\u00f0 \u00fe\u00e1 samversku; umvendir m\u00f6rgum samverskum; fer til Gal\u00edleu og Nasareth; l\u00e6knar \u00fej\u00f3n konungsmannsins \u00ed Kapernaum.<\/div>\n<p><a name=\"1\"><span class=\"versanumer\">1<\/span><\/a>\u00deegar Drottinn f\u00e9kk \u00fea\u00f0 a\u00f0 vita, a\u00f0 far\u00edsearnir h\u00f6f\u00f0u fr\u00e9tt a\u00f0 hann dr\u00e6gi til s\u00edn fleiri l\u00e6risveina og sk\u00edr\u00f0i fleiri enn J\u00f3hannes\u2014<a name=\"2\"><span class=\"versanumer\">2<\/span><\/a>Jes\u00fas sk\u00edr\u00f0i samt ekki sj\u00e1lfur, heldur hans l\u00e6risveinar\u2014<a name=\"3\"><span class=\"versanumer\">3<\/span><\/a>f\u00f3r hann burtu \u00far J\u00fadeu og kom aftur til Gal\u00edleu.<a name=\"4\"><span class=\"versanumer\">4<\/span><\/a>En hann var\u00f0 a\u00f0 fer\u00f0ast um Samar\u00edu.<a name=\"5\"><span class=\"versanumer\">5<\/span><\/a>\u00de\u00e1 kom hann a\u00f0 borg \u00ed Samar\u00edu, sem heitir Sikkar; h\u00fan er n\u00e1l\u00e6g \u00fev\u00ed landi, sem Jakob gaf syni s\u00ednum J\u00f3sep.<a name=\"6\"><span class=\"versanumer\">6<\/span><\/a>Jes\u00fas, sem var vegm\u00f3\u00f0ur, settist ni\u00f0ur vi\u00f0 brunninn, \u00fea\u00f0 var um h\u00e1degi.<a name=\"7\"><span class=\"versanumer\">7<\/span><\/a>\u00dear kom \u00fe\u00e1 kona nokkur samversk til a\u00f0 ausa vatn. Jes\u00fas sag\u00f0i vi\u00f0 hana: gef \u00fe\u00fa m\u00e9r a\u00f0 drekka!<a name=\"8\"><span class=\"versanumer\">8<\/span><\/a>\u00fev\u00ed l\u00e6risveinar hans voru farnir inn \u00ed borgina a\u00f0 kaupa mat.<a name=\"9\"><span class=\"versanumer\">9<\/span><\/a>S\u00fa samverska kona ansa\u00f0i og sag\u00f0i til hans: hv\u00f6rnig stendur \u00e1 \u00fev\u00ed, a\u00f0 \u00fe\u00fa sem ert Gy\u00f0ingur, bi\u00f0ur mig, konu samverska, a\u00f0 gefa \u00fe\u00e9r a\u00f0 drekka?\u2014\u00fev\u00ed ekki hafa Gy\u00f0ingar umgengni vi\u00f0 samverska menn.\u2014<a name=\"10\"><span class=\"versanumer\">10<\/span><\/a>Jes\u00fas svara\u00f0i og sag\u00f0i henni: ef \u00fe\u00fa \u00feekktir Gu\u00f0s gj\u00f6f og hv\u00f6r s\u00e1 er, sem segir vi\u00f0 \u00feig: gef m\u00e9r a\u00f0 drekka, \u00fe\u00e1 mundir \u00fe\u00fa bi\u00f0ja hann a\u00f0 gefa \u00fe\u00e9r lifandi vatn.<a name=\"11\"><span class=\"versanumer\">11<\/span><\/a>Konan sag\u00f0i til hans: \u00fe\u00fa hefir ekkert a\u00f0 ausa me\u00f0, og dj\u00fapt er ni\u00f0ur \u00ed brunninn; hva\u00f0an hefir \u00fe\u00fa \u00fe\u00e1 hi\u00f0 lifanda vatn?<a name=\"12\"><span class=\"versanumer\">12<\/span><\/a>e\u00f0ur ert\u00fa meiri f\u00f6\u00f0ur vorum Jakob, sem gaf oss brunninn og drakk sj\u00e1lfur af honum, og hans synir og hans f\u00e9na\u00f0ur?<a name=\"13\"><span class=\"versanumer\">13<\/span><\/a>Jes\u00fas svara\u00f0i henni og sag\u00f0i: \u00feann \u00feyrstir aftur, sem drekkur af \u00feessu vatni,<a name=\"14\"><span class=\"versanumer\">14<\/span><\/a>en hinn, sem drekkur af \u00fev\u00ed vatni, er eg mun gefa, skal a\u00f0 eil\u00edfu ekki \u00feyrsta, heldur mun \u00fea\u00f0 vatn, sem eg mun gefa honum ver\u00f0a \u00ed honum a\u00f0 lind uppsprettandi til eil\u00edfs l\u00edfs <span class='VideyAth'>a)<\/span>.<a name=\"15\"><span class=\"versanumer\">15<\/span><\/a>Konan segir \u00fe\u00e1 vi\u00f0 hann: Herra! gef m\u00e9r \u00feetta vatn, a\u00f0 mig \u00feyrsti ekki framar og eg \u00feurfi ekki a\u00f0 koma hinga\u00f0 til a\u00f0 ausa vatn.<a name=\"16\"><span class=\"versanumer\">16<\/span><\/a>Jes\u00fas segir: far \u00fe\u00fa, kalla\u00f0\u00fa mann \u00feinn og kom \u00fe\u00fa svo hinga\u00f0.<a name=\"17\"><span class=\"versanumer\">17<\/span><\/a>Konan svara\u00f0i og sag\u00f0i: eg \u00e1 engan mann; Jes\u00fas sag\u00f0i til hennar: r\u00e9tt segir \u00fe\u00fa, a\u00f0 \u00fe\u00fa eigir engan mann;<a name=\"18\"><span class=\"versanumer\">18<\/span><\/a>\u00fev\u00ed \u00fe\u00fa hefir \u00e1tt fimm menn og s\u00e1, sem \u00fe\u00fa n\u00fa hefir, er ekki \u00feinn ma\u00f0ur; \u00fea\u00f0 sag\u00f0ir \u00fe\u00fa satt.<a name=\"19\"><span class=\"versanumer\">19<\/span><\/a>Konan segir \u00fe\u00e1 til hans: Herra! eg s\u00e9 a\u00f0 \u00fe\u00fa ert sp\u00e1ma\u00f0ur.<a name=\"20\"><span class=\"versanumer\">20<\/span><\/a>Fe\u00f0ur vorir hafa tilbe\u00f0i\u00f0 \u00e1 \u00feessu fjalli, en \u00fe\u00e9r segi\u00f0: a\u00f0 \u00ed Jer\u00fasalem s\u00e9 sta\u00f0urinn hvar eigi a\u00f0 tilbi\u00f0ja.<a name=\"21\"><span class=\"versanumer\">21<\/span><\/a>Jes\u00fas segir henni: kona! tr\u00fa \u00fe\u00fa m\u00e9r, s\u00e1 t\u00edmi kemur, a\u00f0 \u00fe\u00e9r hv\u00f6rki munu\u00f0 tilbi\u00f0ja F\u00f6\u00f0urinn \u00e1 \u00feessu fjalli, n\u00e9 \u00ed Jer\u00fasalem.<a name=\"22\"><span class=\"versanumer\">22<\/span><\/a>\u00de\u00e9r tilbi\u00f0ji\u00f0 \u00fea\u00f0, sem \u00fe\u00e9r ekki \u00feekki\u00f0 <span class='VideyAth'>b)<\/span>, v\u00e9r \u00feekkjum \u00fea\u00f0, sem v\u00e9r tilbi\u00f0jum, \u00fev\u00ed af Gy\u00f0ingum er hj\u00e1lpr\u00e6\u00f0i\u00f0.<a name=\"23\"><span class=\"versanumer\">23<\/span><\/a>En s\u00e1 t\u00edmi kemur og er n\u00fa \u00feegar kominn, a\u00f0 sannir tilbi\u00f0jendur munu tilbi\u00f0ja Gu\u00f0 \u00ed anda og sannleika, \u00fev\u00ed Fa\u00f0irinn leitar \u00feeirra, sem \u00feannig tilbi\u00f0ja hann.<a name=\"24\"><span class=\"versanumer\">24<\/span><\/a>Gu\u00f0 er andi og \u00feeir, sem hann tilbi\u00f0ja, eiga a\u00f0 tilbi\u00f0ja hann \u00ed anda og sannleika.<a name=\"25\"><span class=\"versanumer\">25<\/span><\/a>Konan segir \u00fe\u00e1 til hans: eg veit a\u00f0 Mess\u00edas kemur\u2014Mess\u00edas er sama og Kristur\u2014\u00feegar hann kemur, mun hann kunngj\u00f6ra oss alla hluti.<a name=\"26\"><span class=\"versanumer\">26<\/span><\/a>Jes\u00fas segir til hennar: eg, sem vi\u00f0 \u00feig tala, eg er \u00fea\u00f0.<a name=\"27\"><span class=\"versanumer\">27<\/span><\/a>R\u00e9tt \u00ed \u00fev\u00ed komu hans l\u00e6risveinar a\u00f0 og hnykkti \u00feeim vi\u00f0 a\u00f0 hann tala\u00f0i vi\u00f0 konuna; \u00fe\u00f3 sag\u00f0i enginn: hva\u00f0 ert\u00fa a\u00f0 bi\u00f0ja hana um? e\u00f0ur hva\u00f0 ert\u00fa a\u00f0 tala vi\u00f0 hana?<a name=\"28\"><span class=\"versanumer\">28<\/span><\/a>Konan skildi \u00fear eftir vatnsf\u00f6tu s\u00edna og gekk inn \u00ed borgina og sag\u00f0i f\u00f3lkinu:<a name=\"29\"><span class=\"versanumer\">29<\/span><\/a>komi\u00f0 a\u00f0 sj\u00e1 mann, sem sag\u00f0i m\u00e9r allt hva\u00f0 eg hefi a\u00f0hafst; mundi ekki \u00feessi vera Kristur?<a name=\"30\"><span class=\"versanumer\">30<\/span><\/a>Menn gengu \u00fe\u00e1 \u00fat \u00far borginni og komu til hans.<a name=\"31\"><span class=\"versanumer\">31<\/span><\/a>Me\u00f0an \u00e1 \u00feessu st\u00f3\u00f0, v\u00f6ktu l\u00e6risveinarnir m\u00e1ls vi\u00f0 hann og s\u00f6g\u00f0u:<a name=\"32\"><span class=\"versanumer\">32<\/span><\/a>Meistari! et \u00fe\u00fa! hann ansa\u00f0i \u00feeim: eg hefi \u00fe\u00e1 f\u00e6\u00f0u a\u00f0 eta, sem \u00fe\u00e9r ekki viti\u00f0 af.<a name=\"33\"><span class=\"versanumer\">33<\/span><\/a>l\u00e6risveinarnir s\u00f6g\u00f0u \u00fe\u00e1 hv\u00f6r vi\u00f0 annan: \u00e6tla nokkur hafi f\u00e6rt honum mat?<a name=\"34\"><span class=\"versanumer\">34<\/span><\/a>Jes\u00fas segir \u00feeim: minn matur er a\u00f0 gj\u00f6ra vilja \u00feess, sem mig sendi og leysa af hendi hans verk.<a name=\"35\"><span class=\"versanumer\">35<\/span><\/a>Segi\u00f0 \u00fe\u00e9r ekki, enn \u00fe\u00e1 eru fj\u00f3rir m\u00e1nu\u00f0ir, svo kemur uppskeran? sj\u00e1! eg segi y\u00f0ur, l\u00edti\u00f0 upp og sj\u00e1i\u00f0 akrana, \u00feeir eru \u00feegar hv\u00edtir til uppskeru.<a name=\"36\"><span class=\"versanumer\">36<\/span><\/a>Hv\u00f6r, sem uppsker f\u00e6r laun og safnar \u00e1vexti til eil\u00edfs l\u00edfs, svo \u00e1samt fagni b\u00e6\u00f0i s\u00e1, sem s\u00e1ir og s\u00e1, sem uppsker;<a name=\"37\"><span class=\"versanumer\">37<\/span><\/a>\u00fev\u00ed h\u00e9r sannast or\u00f0t\u00e6ki\u00f0: annar s\u00e1ir og annar uppsker.<a name=\"38\"><span class=\"versanumer\">38<\/span><\/a>Eg hefi sent y\u00f0ur til a\u00f0 uppskera \u00fea\u00f0, sem \u00fe\u00e9r ekki unnu\u00f0 a\u00f0, a\u00f0rir unnu og \u00fe\u00e9r hafi\u00f0 gengi\u00f0 a\u00f0 \u00feeirra vinnu.<a name=\"39\"><span class=\"versanumer\">39<\/span><\/a>En margir samverskir menn \u00far \u00feeirri borg tr\u00fa\u00f0u \u00e1 hann fyrir konunnar or\u00f0, sem vitna\u00f0i: hann hefir sagt m\u00e9r allt, sem eg hefi a\u00f0hafst.<a name=\"40\"><span class=\"versanumer\">40<\/span><\/a>\u00deegar n\u00fa samverskir komu til hans, beiddi \u00feeir hann a\u00f0 vera hj\u00e1 s\u00e9r, og hann var hj\u00e1 \u00feeim tvo daga;<a name=\"41\"><span class=\"versanumer\">41<\/span><\/a>og miklu fleiri tr\u00fa\u00f0u fyrir hans or\u00f0, og s\u00f6g\u00f0u vi\u00f0 konuna:<a name=\"42\"><span class=\"versanumer\">42<\/span><\/a>v\u00e9r tr\u00faum n\u00fa ekki framar fyrir \u00fe\u00edn or\u00f0, \u00fev\u00ed v\u00e9r sj\u00e1lfir h\u00f6fum heyrt og vitum a\u00f0 \u00feessi er sannarlega heimsins Frelsari Kristur.<br \/><a name=\"43\"><span class=\"versanumer\">43<\/span><\/a>En eftir tvo daga h\u00e9lt hann \u00fea\u00f0an og f\u00f3r til Gal\u00edleu\u2014<a name=\"44\"><span class=\"versanumer\">44<\/span><\/a>en sj\u00e1lfur Jes\u00fas vitna\u00f0i a\u00f0 sp\u00e1ma\u00f0ur fengi ekki hei\u00f0ur \u00ed eigin f\u00f6\u00f0urlandi.<a name=\"45\"><span class=\"versanumer\">45<\/span><\/a>\u2014En \u00feegar Jes\u00fas kom \u00ed Gal\u00edleu, t\u00f3ku Gal\u00edleu menn vi\u00f0 honum, sem h\u00f6f\u00f0u s\u00e9\u00f0 allt \u00fea\u00f0, er hann \u00e1 h\u00e1t\u00ed\u00f0inni haf\u00f0i gj\u00f6rt \u00ed Jer\u00fasalem; \u00fev\u00ed l\u00edka h\u00f6f\u00f0u \u00feeir s\u00f3tt \u00feanga\u00f0 h\u00e1t\u00ed\u00f0ina. <br \/><a name=\"46\"><span class=\"versanumer\">46<\/span><\/a>\u00de\u00e1 kom Jes\u00fas aftur til Kana \u00ed Gal\u00edleu, hvar hann haf\u00f0i gj\u00f6rt vatni\u00f0 a\u00f0 v\u00edni. Og konungsma\u00f0ur nokkur var s\u00e1, hv\u00f6rs sonur l\u00e1 sj\u00fakur \u00ed Kapernaum.<a name=\"47\"><span class=\"versanumer\">47<\/span><\/a>\u00deegar \u00feessi fr\u00e9tti a\u00f0 Jes\u00fas v\u00e6ri kominn fr\u00e1 J\u00fadeu til Gal\u00edleu, f\u00f3r hann til hans og ba\u00f0 hann koma a\u00f0 l\u00e6kna son sinn; \u00fev\u00ed hann l\u00e6gi dau\u00f0vona.<a name=\"48\"><span class=\"versanumer\">48<\/span><\/a>Jes\u00fas sag\u00f0i til hans: \u00fe\u00e9r tr\u00fai\u00f0 ekki, nema \u00fe\u00e9r sj\u00e1i\u00f0 t\u00e1kn og st\u00f3rmerki.<a name=\"49\"><span class=\"versanumer\">49<\/span><\/a>Konungsma\u00f0urinn sag\u00f0i: Herra! kom \u00fe\u00fa, \u00e1\u00f0ur en sonur minn andast! Jes\u00fas segir til hans: far \u00fe\u00fa! sonur \u00feinn lifir.<a name=\"50\"><span class=\"versanumer\">50<\/span><\/a>Og ma\u00f0urinn tr\u00fa\u00f0i \u00fev\u00ed or\u00f0i, sem Jes\u00fas tala\u00f0i til hans og f\u00f3r.<a name=\"51\"><span class=\"versanumer\">51<\/span><\/a>En \u00e1\u00f0ur en ma\u00f0urinn komst heim, m\u00e6ttu honum \u00fej\u00f3nar hans og s\u00f6g\u00f0u: sonur \u00feinn lifir.<a name=\"52\"><span class=\"versanumer\">52<\/span><\/a>\u00de\u00e1 spur\u00f0i hann \u00fe\u00e1 a\u00f0, n\u00e6r honum hef\u00f0i fari\u00f0 a\u00f0 l\u00e9tta? og \u00feeir s\u00f6g\u00f0u honum: \u00ed g\u00e6r afl\u00ed\u00f0anda h\u00e1degi yfirgaf s\u00f3ttin hann.<a name=\"53\"><span class=\"versanumer\">53<\/span><\/a>\u00de\u00e1 s\u00e1 fa\u00f0irinn a\u00f0 \u00fea\u00f0 var \u00e1 \u00feeim t\u00edma, er Jes\u00fas haf\u00f0i sagt: sonur \u00feinn lifir.<a name=\"54\"><span class=\"versanumer\">54<\/span><\/a>Og hann tr\u00fa\u00f0i og allt hans heimaf\u00f3lk. \u00deetta var hi\u00f0 anna\u00f0 jarteikn, sem Jes\u00fas gj\u00f6r\u00f0i, \u00feegar hann kom til Gal\u00edleu fr\u00e1 J\u00fadeu.<\/p>\n<div class=\"footnoteVidey\">V. 5. 1 M\u00f3s. 33,19. 48,22.  V. 6. Sumar \u00fatg. b\u00e6ta vi\u00f0: \u00fear var Jakobsbrunnur.  V. 14. Kap. 6,35. Esa. 58,11. a. St\u00e6rri s\u00e6lu \u00feekkja menn ekki \u00ed \u00feeirri \u00feurrlendu Austur\u00e1lfu, en n\u00e6gt af rennanda vatni.  V. 22. 1 M\u00f3s. 12,3. Esaj. 2,3. b. \u00de\u00e9r samverskir hafi\u00f0 ekkert fyrir y\u00f0ar meiningu, a\u00f0 Gu\u00f0 s\u00e9 r\u00e9tt a\u00f0 d\u00fdrka \u00e1 fjallinu. V\u00e9r Gy\u00f0ingar h\u00f6fum fyrir oss Ritninguna, 5 M\u00f3s. 12,5.11. 1 K\u00f3ng. b. 8,29. 9,3.  V. 35. Matt. 9,37.  V. 43. Matt. 4,12.  V. 44. Matt. 13,57.<\/div>\n","protected":false},"excerpt":{"rendered":"<p>Jes\u00fas talar vi\u00f0 \u00fe\u00e1 samversku; umvendir m\u00f6rgum samverskum; fer til Gal\u00edleu og Nasareth; l\u00e6knar \u00fej\u00f3n konungsmannsins \u00ed Kapernaum. 1\u00deegar Drottinn f\u00e9kk \u00fea\u00f0 a\u00f0 vita, a\u00f0 far\u00edsearnir h\u00f6f\u00f0u fr\u00e9tt a\u00f0 hann dr\u00e6gi til s\u00edn fleiri l\u00e6risveina og sk\u00edr\u00f0i fleiri enn J\u00f3hannes\u20142Jes\u00fas sk\u00edr\u00f0i samt ekki sj\u00e1lfur, heldur hans l\u00e6risveinar\u20143f\u00f3r hann burtu \u00far J\u00fadeu og kom aftur til Gal\u00edleu.4En hann var\u00f0 a\u00f0 fer\u00f0ast um Samar\u00edu.5\u00de\u00e1 kom hann a\u00f0 borg \u00ed Samar\u00edu, sem heitir Sikkar; h\u00fan er n\u00e1l\u00e6g \u00fev\u00ed landi, sem Jakob gaf syni s\u00ednum J\u00f3sep.6Jes\u00fas, sem var vegm\u00f3\u00f0ur, settist ni\u00f0ur vi\u00f0 brunninn, \u00fea\u00f0 var um h\u00e1degi.7\u00dear kom \u00fe\u00e1 kona nokkur samversk til a\u00f0 <a href=\"https:\/\/biblian.is\/videy\/johannesargudspjall-4-kafli\/\"> [&#8230;]<\/a><\/p>\n","protected":false},"author":1,"featured_media":0,"parent":0,"menu_order":0,"comment_status":"open","ping_status":"open","template":"bibliukaflar.php","meta":{"footnotes":""},"class_list":["post-21850","page","type-page","status-publish","hentry"],"_links":{"self":[{"href":"https:\/\/biblian.is\/videy\/wp-json\/wp\/v2\/pages\/21850","targetHints":{"allow":["GET"]}}],"collection":[{"href":"https:\/\/biblian.is\/videy\/wp-json\/wp\/v2\/pages"}],"about":[{"href":"https:\/\/biblian.is\/videy\/wp-json\/wp\/v2\/types\/page"}],"author":[{"embeddable":true,"href":"https:\/\/biblian.is\/videy\/wp-json\/wp\/v2\/users\/1"}],"replies":[{"embeddable":true,"href":"https:\/\/biblian.is\/videy\/wp-json\/wp\/v2\/comments?post=21850"}],"version-history":[{"count":0,"href":"https:\/\/biblian.is\/videy\/wp-json\/wp\/v2\/pages\/21850\/revisions"}],"wp:attachment":[{"href":"https:\/\/biblian.is\/videy\/wp-json\/wp\/v2\/media?parent=21850"}],"curies":[{"name":"wp","href":"https:\/\/api.w.org\/{rel}","templated":true}]}}