{"id":21845,"date":"2018-01-02T01:04:22","date_gmt":"2018-01-02T01:04:22","guid":{"rendered":"http:\/\/biblian.is\/videy\/lukasargudspjall-23-kafli\/"},"modified":"2018-01-02T01:04:22","modified_gmt":"2018-01-02T01:04:22","slug":"lukasargudspjall-23-kafli","status":"publish","type":"page","link":"https:\/\/biblian.is\/videy\/lukasargudspjall-23-kafli\/","title":{"rendered":"L\u00fakasargu\u00f0spjall 23. kafli"},"content":{"rendered":"<div class=\"fyrirsognVidey\">P\u00edlatus \u00farskur\u00f0ar a\u00f0 Jes\u00fas s\u00e9 saklaus; sendir hann til Her\u00f3desar; l\u00e6tur Barabbas lausan, en ford\u00e6mir Jes\u00fam. S\u00edmon ber hans kross. Jes\u00fas bannar Jer\u00fasalemsd\u00e6trum a\u00f0 gr\u00e1ta yfir s\u00e9r; er krossfestur; og bi\u00f0ur fyrir s\u00ednum \u00f3vinum; hann er spotta\u00f0ur; yfirskriftin; annar r\u00e6ninginn umvendist. Jes\u00fas deyr; undur vi\u00f0 Jes\u00fa dau\u00f0a; hans greftrun.<\/div>\n<p><a name=\"1\"><span class=\"versanumer\">1<\/span><\/a>\u00de\u00e1 st\u00f3\u00f0 upp allur mannfj\u00f6ldinn og f\u00e6r\u00f0i hann til P\u00edlatusar,<a name=\"2\"><span class=\"versanumer\">2<\/span><\/a>og t\u00f3k til a\u00f0 \u00e1klaga hann me\u00f0 svofelldum or\u00f0um: \u00feenna mann h\u00f6fum v\u00e9r fundi\u00f0 a\u00f0 afvegalei\u00f0a al\u00fe\u00fd\u00f0una, og banna a\u00f0 gjalda keisaranum skatt, og segja sig a\u00f0 vera konunginn Krist.<a name=\"3\"><span class=\"versanumer\">3<\/span><\/a>\u00de\u00e1 spur\u00f0i P\u00edlatus hann: ert\u00fa konungur Gy\u00f0inga? Jes\u00fas m\u00e6lti: r\u00e9tt segir \u00fe\u00fa!<a name=\"4\"><span class=\"versanumer\">4<\/span><\/a>\u00fe\u00e1 sag\u00f0i P\u00edlatus til enna \u00e6\u00f0stu presta og l\u00fd\u00f0sins: ekkert finn eg sakn\u00e6mt hj\u00e1 \u00feessum manni.<a name=\"5\"><span class=\"versanumer\">5<\/span><\/a>En \u00feeir voru \u00fev\u00ed \u00e1kafari og s\u00f6g\u00f0u: hann hefir upp\u00e6st f\u00f3lki\u00f0 me\u00f0 kenningum s\u00ednum \u00ed \u00f6llu Gy\u00f0ingalandi allt fr\u00e1 Gal\u00edleu og hinga\u00f0.<a name=\"6\"><span class=\"versanumer\">6<\/span><\/a>N\u00fa er P\u00edlatus heyr\u00f0i Gal\u00edleu nefnda, spur\u00f0i hann, hv\u00f6rt \u00feessi ma\u00f0ur v\u00e6ri galverskur,<a name=\"7\"><span class=\"versanumer\">7<\/span><\/a>og er hann var\u00f0 \u00feess v\u00eds, a\u00f0 hann var \u00far veldi Her\u00f3desar, sendi hann hann til Her\u00f3dess, sem um \u00feessar mundir var \u00ed Jer\u00fasalem.<a name=\"8\"><span class=\"versanumer\">8<\/span><\/a>\u00deegar Her\u00f3des s\u00e1 Jes\u00fam, var\u00f0 hann n\u00e6sta gla\u00f0ur, \u00fev\u00ed lengi haf\u00f0i hann langa\u00f0 til a\u00f0 sj\u00e1 hann, \u00fev\u00ed hann haf\u00f0i heyrt margt af honum sagt, v\u00e6nti hann n\u00fa a\u00f0 sj\u00e1 eitthv\u00f6rt teikn af honum.<a name=\"9\"><span class=\"versanumer\">9<\/span><\/a>Spur\u00f0i Her\u00f3des hann n\u00e6sta \u00e1 marga vegu, en hann svara\u00f0i engu.<a name=\"10\"><span class=\"versanumer\">10<\/span><\/a>Gengu \u00fe\u00e1 fram enir \u00e6\u00f0stu prestar og skriftl\u00e6r\u00f0ir, og \u00e1kl\u00f6gu\u00f0u hann har\u00f0lega,<a name=\"11\"><span class=\"versanumer\">11<\/span><\/a>en Her\u00f3des og str\u00ed\u00f0smenn hans h\u00e6ddu hann, og gj\u00f6r\u00f0u gys a\u00f0 honum, l\u00f6g\u00f0u yfir hann sk\u00ednandi kl\u00e6\u00f0i og sendu hann aftur til P\u00edlatusar.<a name=\"12\"><span class=\"versanumer\">12<\/span><\/a>\u00c1 \u00feessum sama degi ur\u00f0u \u00feeir P\u00edlatus og Her\u00f3des vinir, \u00fev\u00ed \u00e1\u00f0ur haf\u00f0i veri\u00f0 fjandskapur \u00feeirra \u00e1 milli.<a name=\"13\"><span class=\"versanumer\">13<\/span><\/a>N\u00fa l\u00e9t P\u00edlatus samankalla ena \u00e6\u00f0stu presta, h\u00f6f\u00f0ingjana og f\u00f3lki\u00f0, og t\u00f3k svo til or\u00f0a:<a name=\"14\"><span class=\"versanumer\">14<\/span><\/a>\u00fe\u00e9r hafi\u00f0 f\u00e6rt m\u00e9r \u00feennan mann, svo sem \u00feann, er fr\u00e1sneri l\u00fd\u00f0num; en sj\u00e1i\u00f0! n\u00fa \u00ed y\u00f0ar vi\u00f0urvist hefi eg rannsaka\u00f0 m\u00e1lefni hans og ekki fundi\u00f0 hann sekan um nokku\u00f0 \u00fea\u00f0, er \u00fe\u00e9r \u00e1k\u00e6ri\u00f0 hann fyrir.<a name=\"15\"><span class=\"versanumer\">15<\/span><\/a>Ekki heldur Her\u00f3des, \u00fev\u00ed til hans sendi eg y\u00f0ur sj\u00e1lfa. Sj\u00e1i\u00f0 n\u00fa! ekkert er \u00fea\u00f0 af honum dr\u00fdgt, sem dau\u00f0a s\u00e9 vert,<a name=\"16\"><span class=\"versanumer\">16<\/span><\/a>\u00e6tla eg \u00fev\u00ed a\u00f0 refsa honum og l\u00e1ta hann lausan.<a name=\"17\"><span class=\"versanumer\">17<\/span><\/a><span class='VideyAth'>(En hann var\u00f0 a\u00f0 gefa \u00feeim lausan einn bandingja \u00e1 hv\u00f6rri h\u00e1t\u00ed\u00f0)<\/span>;<a name=\"18\"><span class=\"versanumer\">18<\/span><\/a>\u00fe\u00e1 kalla\u00f0i allur l\u00fd\u00f0urinn og sag\u00f0i: l\u00e1t \u00fe\u00fa afl\u00edfa \u00feennan, en gef oss Barabbas lausan.<a name=\"19\"><span class=\"versanumer\">19<\/span><\/a>En \u00feessi Barabbas var fyrir upphlaup \u00ed borginni og manndr\u00e1p, settur \u00ed myrkvastofu.<a name=\"20\"><span class=\"versanumer\">20<\/span><\/a>P\u00edlatus tala\u00f0i enn \u00fe\u00e1 til \u00feeirra, og vildi l\u00e1ta Jes\u00fam lausan;<a name=\"21\"><span class=\"versanumer\">21<\/span><\/a>en \u00feeir hrinu upp og s\u00f6g\u00f0u: krossfest\u00fa hann! krossfest \u00fe\u00fa hann!<a name=\"22\"><span class=\"versanumer\">22<\/span><\/a>\u00cd \u00feri\u00f0ja sinni sag\u00f0i P\u00edlatus: hva\u00f0 hefir \u00fe\u00e1 \u00feessi ma\u00f0ur illt a\u00f0hafst? ekkert hefi eg fundi\u00f0 \u00fea\u00f0, hvar fyrir hann s\u00e9 dau\u00f0a sekur; eg vil \u00fev\u00ed refsa honum og l\u00e1ta hann lausan.<a name=\"23\"><span class=\"versanumer\">23<\/span><\/a>En \u00feeir st\u00f3\u00f0u \u00fev\u00ed fastar \u00e1 me\u00f0 miklum \u00f3hlj\u00f3\u00f0um, og kr\u00f6f\u00f0u, a\u00f0 hann skyldi krossfestast og \u00f3hlj\u00f3\u00f0 \u00feeirra og enna \u00e6\u00f0stu presta t\u00f3ku yfir.<a name=\"24\"><span class=\"versanumer\">24<\/span><\/a>\u00de\u00e1 lag\u00f0i P\u00edlatus \u00feann \u00farskur\u00f0 \u00e1, a\u00f0 \u00feeirra vilji skyldi ske,<a name=\"25\"><span class=\"versanumer\">25<\/span><\/a>og gaf \u00feeim a\u00f0 b\u00f3n \u00feeirra \u00feann lausan, sem fyrir upphlaup og manndr\u00e1p haf\u00f0i veri\u00f0 settur \u00ed myrkvastofu, en Jes\u00fam framseldi hann eftir vild \u00feeirra.<br \/><a name=\"26\"><span class=\"versanumer\">26<\/span><\/a>\u00deegar \u00feeir leiddu hann \u00fat, t\u00f3ku \u00feeir mann nokkurn, S\u00edmon fr\u00e1 Kyrene, sem kom af akri, og l\u00f6g\u00f0u krossinn upp \u00e1 hann, a\u00f0 hann b\u00e6ri hann eftir Jes\u00fa.<a name=\"27\"><span class=\"versanumer\">27<\/span><\/a>Mikill fj\u00f6ldi f\u00f3lks og kvenna fylgdi honum eftir, sem h\u00f6rmu\u00f0u og gr\u00e9tu yfir honum.<a name=\"28\"><span class=\"versanumer\">28<\/span><\/a>\u00de\u00e1 sneri Jes\u00fas s\u00e9r til \u00feeirra og m\u00e6lti: \u00fe\u00e9r, Jer\u00fasalemsd\u00e6tur! gr\u00e1ti\u00f0 ekki yfir m\u00e9r, heldur yfir sj\u00e1lfum y\u00f0ur, og b\u00f6rnum y\u00f0rum;<a name=\"29\"><span class=\"versanumer\">29<\/span><\/a>\u00fev\u00ed tr\u00fai\u00f0 m\u00e9r, a\u00f0 \u00feeir t\u00edmar munu koma a\u00f0 menn munu segja: s\u00e6lar eru \u00f3byrjur og \u00feau m\u00f3\u00f0url\u00edf er ekkert f\u00f3stur b\u00e1ru, og \u00feau brj\u00f3st, er ekki voru mylkt.<a name=\"30\"><span class=\"versanumer\">30<\/span><\/a>\u00de\u00e1 munu menn segja til fjallanna: hrynji\u00f0 yfir oss, og til h\u00e1lsanna: hylji\u00f0 oss;<a name=\"31\"><span class=\"versanumer\">31<\/span><\/a>ef menn fara svo me\u00f0 hi\u00f0 gr\u00e6na tr\u00e9\u00f0, hv\u00f6rsu mun \u00fe\u00e1 fara fyrir hinu visna\u00f0a.<a name=\"32\"><span class=\"versanumer\">32<\/span><\/a>Me\u00f0 honum voru f\u00e6r\u00f0ir til l\u00edfl\u00e1ts tveir illr\u00e6\u00f0ismenn.<br \/><a name=\"33\"><span class=\"versanumer\">33<\/span><\/a>\u00deegar \u00feeir voru komnir til \u00feess sta\u00f0ar, sem kalla\u00f0ur er Hausaskeljasta\u00f0ur, \u00fear krossfestu \u00feeir hann og \u00feessa illr\u00e6\u00f0ismenn, annan til h\u00e6gri handar honum, en hinn til vinstri.<a name=\"34\"><span class=\"versanumer\">34<\/span><\/a>En Jes\u00fas sag\u00f0i: Fa\u00f0ir! fyrirgef \u00feeim, \u00feeir vita ekki hva\u00f0 \u00feeir gj\u00f6ra. S\u00ed\u00f0an skiptu \u00feeir kl\u00e6\u00f0um hans, og v\u00f6rpu\u00f0u \u00fear um hlutkesti.<a name=\"35\"><span class=\"versanumer\">35<\/span><\/a>Og f\u00f3lki\u00f0 st\u00f3\u00f0 og horf\u00f0i \u00e1; en h\u00f6f\u00f0ingjarnir gj\u00f6r\u00f0u og gys a\u00f0 honum og s\u00f6g\u00f0u: \u00f6\u00f0rum hefir hann hj\u00e1lpa\u00f0, hj\u00e1lpi hann n\u00fa sj\u00e1lfum s\u00e9r, ef hann er Kristur, hinn \u00fatvaldi Gu\u00f0s.<a name=\"36\"><span class=\"versanumer\">36<\/span><\/a>S\u00f6mulei\u00f0is h\u00e6ddu hann str\u00ed\u00f0smennirnir, komu og b\u00e1ru honum s\u00fart v\u00edn og s\u00f6g\u00f0u:<a name=\"37\"><span class=\"versanumer\">37<\/span><\/a>ef a\u00f0 \u00fe\u00fa ert konungur Gy\u00f0inga, \u00fe\u00e1 frelsa\u00f0u sj\u00e1lfan \u00feig.<a name=\"38\"><span class=\"versanumer\">38<\/span><\/a>Yfirskrift var og yfir honum ritu\u00f0 \u00e1 gr\u00edsku, r\u00f3mversku og hebresku, \u00feannig hlj\u00f3\u00f0andi: \u201e\u00feessi er konungur Gy\u00f0inga\u201c.<a name=\"39\"><span class=\"versanumer\">39<\/span><\/a>En annar af \u00feeim illvirkjum, sem hengdir voru, spotta\u00f0i hann og sag\u00f0i: s\u00e9rt\u00fa Kristur, \u00fe\u00e1 frelsa\u00f0u sj\u00e1lfan \u00feig og okkur.<a name=\"40\"><span class=\"versanumer\">40<\/span><\/a>\u00de\u00e1 t\u00f3k hinn til or\u00f0a, \u00e1v\u00edta\u00f0i hann og sag\u00f0i: hr\u00e6\u00f0ist \u00fe\u00fa ekki Gu\u00f0, \u00fear sem \u00fe\u00fa \u00fe\u00f3 l\u00ed\u00f0ur sama straff?<a name=\"41\"><span class=\"versanumer\">41<\/span><\/a>Vi\u00f0 l\u00ed\u00f0um a\u00f0 s\u00f6nnu maklega fyrir okkar ath\u00e6fi, en \u00feessi hefir ekkert illt a\u00f0hafst.<a name=\"42\"><span class=\"versanumer\">42<\/span><\/a>\u00de\u00e1 sag\u00f0i hann vi\u00f0 Jes\u00fam: minnst \u00fe\u00fa m\u00edn, Herra! \u00feegar \u00fe\u00fa kemur \u00ed r\u00edki \u00feitt!<a name=\"43\"><span class=\"versanumer\">43<\/span><\/a>Jes\u00fas m\u00e6lti: sannlega segi eg \u00fe\u00e9r: \u00ed dag skalt\u00fa vera me\u00f0 m\u00e9r \u00ed Parad\u00eds.<a name=\"44\"><span class=\"versanumer\">44<\/span><\/a>\u00dea\u00f0 var um sj\u00f6ttu stund, a\u00f0 myrkur kom yfir allt landi\u00f0, sem vara\u00f0i allt til ennar n\u00edundu, og s\u00f3lin missti sinnar birtu;<a name=\"45\"><span class=\"versanumer\">45<\/span><\/a>\u00fe\u00e1 rifna\u00f0i og fortjald musterisins a\u00f0 endil\u00f6ngu.<a name=\"46\"><span class=\"versanumer\">46<\/span><\/a>Og kalla\u00f0i Jes\u00fas h\u00e1rri raustu og sag\u00f0i: Fa\u00f0ir! \u00ed \u00fe\u00ednar hendur fel eg minn anda, og er hann haf\u00f0i \u00feetta m\u00e6lt, uppgaf hann sinn anda.<a name=\"47\"><span class=\"versanumer\">47<\/span><\/a>N\u00fa er hundra\u00f0sh\u00f6f\u00f0inginn s\u00e1 \u00feessa atbur\u00f0i, vegsama\u00f0i hann Gu\u00f0 og sag\u00f0i: sannlega hefir \u00feessi ma\u00f0ur veri\u00f0 r\u00e9ttl\u00e1tur;<a name=\"48\"><span class=\"versanumer\">48<\/span><\/a>og allt f\u00f3lki\u00f0, sem komi\u00f0 haf\u00f0i a\u00f0 horfa \u00e1 \u00feetta, \u00feegar \u00fea\u00f0 s\u00e1 hva\u00f0 ske\u00f0i, bar\u00f0i \u00fea\u00f0 s\u00e9r \u00e1 brj\u00f3st, og sneri heimlei\u00f0is;<a name=\"49\"><span class=\"versanumer\">49<\/span><\/a>en allir \u00feeir, sem honum voru kunnugir, og konur \u00fe\u00e6r, er honum h\u00f6f\u00f0u fylgt \u00far Gal\u00edleu, st\u00f3\u00f0u langt fr\u00e1, og s\u00e1u \u00feetta.<br \/><a name=\"50\"><span class=\"versanumer\">50<\/span><\/a>En sj\u00e1! \u00fe\u00e1 kom ma\u00f0ur, J\u00f3sep a\u00f0 nafni, hann var r\u00e1\u00f0herra, g\u00f3\u00f0ur ma\u00f0ur og r\u00e9ttv\u00eds.<a name=\"51\"><span class=\"versanumer\">51<\/span><\/a>\u00deessi ma\u00f0ur haf\u00f0i ekki sam\u00feykkt r\u00e1\u00f0um \u00feeirra og ath\u00f6fnum; hann var fr\u00e1 borginni Arimatea \u00ed J\u00fadeu, og v\u00e6nti Gu\u00f0s r\u00edkis.<a name=\"52\"><span class=\"versanumer\">52<\/span><\/a>\u00deessi ma\u00f0ur gekk til P\u00edlatusar, og ba\u00f0 hann um l\u00edkama Jes\u00fa,<a name=\"53\"><span class=\"versanumer\">53<\/span><\/a>t\u00f3k hann s\u00ed\u00f0an ni\u00f0ur; sveipa\u00f0i hann \u00ed l\u00edni, og lag\u00f0i hann \u00ed h\u00f6ggna steingr\u00f6f, \u00ed hv\u00f6rja ekkert l\u00edk haf\u00f0i \u00e1\u00f0ur lagt veri\u00f0.<a name=\"54\"><span class=\"versanumer\">54<\/span><\/a>\u00deetta var a\u00f0fangadaginn, og hv\u00edldardagurinn f\u00f3r \u00ed h\u00f6nd.<br \/><a name=\"55\"><span class=\"versanumer\">55<\/span><\/a>En konur \u00fe\u00e6r, er me\u00f0 Jes\u00fa h\u00f6f\u00f0u komi\u00f0 \u00far Gal\u00edleulandi, fylgdu og eftir, sko\u00f0u\u00f0u legsta\u00f0inn, og s\u00e1u, hv\u00f6rninn l\u00edk hans var lagt;<a name=\"56\"><span class=\"versanumer\">56<\/span><\/a>sneru s\u00ed\u00f0an heim og tilbjuggu ilmandi smyrsl; en um helgina h\u00e9ldu \u00fe\u00e6r kyrru fyrir, eftir \u00fev\u00ed, sem l\u00f6gm\u00e1li\u00f0 bau\u00f0.<\/p>\n<div class=\"footnoteVidey\">V. 1\u201325. Matt. 27,1\u201326. Mark. 15,1\u201315. J\u00f3h. 18,28\u201329.16.  V. 17. H\u00e1t\u00ed\u00f0, \u00fe. e. p\u00e1skah\u00e1t\u00ed\u00f0.  V. 26\u201332. Matt. 27,32. Mark. 15,21.  V. 29. Sbr. Matt. 24,19.30. H\u00f3s. 10,18.  V. 33\u201356. Matt. 27,33\u201360. Mark. 15,22\u201347. J\u00f3h. 19,17\u201342.  V. 43. Sbr. 1 P\u00e9t. 3,18.<\/div>\n","protected":false},"excerpt":{"rendered":"<p>P\u00edlatus \u00farskur\u00f0ar a\u00f0 Jes\u00fas s\u00e9 saklaus; sendir hann til Her\u00f3desar; l\u00e6tur Barabbas lausan, en ford\u00e6mir Jes\u00fam. S\u00edmon ber hans kross. Jes\u00fas bannar Jer\u00fasalemsd\u00e6trum a\u00f0 gr\u00e1ta yfir s\u00e9r; er krossfestur; og bi\u00f0ur fyrir s\u00ednum \u00f3vinum; hann er spotta\u00f0ur; yfirskriftin; annar r\u00e6ninginn umvendist. Jes\u00fas deyr; undur vi\u00f0 Jes\u00fa dau\u00f0a; hans greftrun. 1\u00de\u00e1 st\u00f3\u00f0 upp allur mannfj\u00f6ldinn og f\u00e6r\u00f0i hann til P\u00edlatusar,2og t\u00f3k til a\u00f0 \u00e1klaga hann me\u00f0 svofelldum or\u00f0um: \u00feenna mann h\u00f6fum v\u00e9r fundi\u00f0 a\u00f0 afvegalei\u00f0a al\u00fe\u00fd\u00f0una, og banna a\u00f0 gjalda keisaranum skatt, og segja sig a\u00f0 vera konunginn Krist.3\u00de\u00e1 spur\u00f0i P\u00edlatus hann: ert\u00fa konungur Gy\u00f0inga? Jes\u00fas m\u00e6lti: r\u00e9tt segir \u00fe\u00fa!4\u00fe\u00e1 sag\u00f0i <a href=\"https:\/\/biblian.is\/videy\/lukasargudspjall-23-kafli\/\"> [&#8230;]<\/a><\/p>\n","protected":false},"author":1,"featured_media":0,"parent":0,"menu_order":0,"comment_status":"open","ping_status":"open","template":"bibliukaflar.php","meta":{"footnotes":""},"class_list":["post-21845","page","type-page","status-publish","hentry"],"_links":{"self":[{"href":"https:\/\/biblian.is\/videy\/wp-json\/wp\/v2\/pages\/21845","targetHints":{"allow":["GET"]}}],"collection":[{"href":"https:\/\/biblian.is\/videy\/wp-json\/wp\/v2\/pages"}],"about":[{"href":"https:\/\/biblian.is\/videy\/wp-json\/wp\/v2\/types\/page"}],"author":[{"embeddable":true,"href":"https:\/\/biblian.is\/videy\/wp-json\/wp\/v2\/users\/1"}],"replies":[{"embeddable":true,"href":"https:\/\/biblian.is\/videy\/wp-json\/wp\/v2\/comments?post=21845"}],"version-history":[{"count":0,"href":"https:\/\/biblian.is\/videy\/wp-json\/wp\/v2\/pages\/21845\/revisions"}],"wp:attachment":[{"href":"https:\/\/biblian.is\/videy\/wp-json\/wp\/v2\/media?parent=21845"}],"curies":[{"name":"wp","href":"https:\/\/api.w.org\/{rel}","templated":true}]}}